{"text_format":"1","workbook":"xlsx","n_sheets":4,"sheets":["FORMULIR","WILAYAH","DATA KELUARGA","MASTER"],"not_rendered":{"charts":0,"images":1,"macros":1,"external_links":1,"defined_names":13,"comments":0,"pivot_tables":0},"unopened":[],"bounds":{"document_bytes":16777216,"sheet_cells":100000,"rows_first":2000,"rows_last":500,"rows_between":2000,"halvings":0,"cell_chars":16384,"cell_head_chars":4096},"cells_cut":0,"cells_raw":0,"read":"whole","date_system":"1900"}

{"sheet":"FORMULIR","index":0,"n_rows":203,"n_cols":58,"rows_kept":203,"cut":false,"hidden":true,"merged":[[202,51,202,55],[43,49,43,57],[16,2,16,17],[194,2,194,5],[199,2,199,3],[27,29,27,38],[27,40,27,42],[27,44,27,47],[52,11,52,14],[52,16,52,19],[52,32,52,35],[52,37,52,40],[23,29,23,38],[24,29,24,37],[24,38,25,38],[23,40,24,42],[16,50,16,51],[18,2,18,17],[20,2,20,17],[23,2,24,5],[23,7,24,8],[23,10,24,16],[27,2,27,5],[27,7,27,8],[1,45,1,47],[1,49,1,57],[5,2,6,17],[5,19,6,45],[5,56,6,57],[5,47,6,54],[1,19,1,20],[1,25,1,26],[1,28,1,31],[1,33,1,35],[1,37,1,38],[1,21,1,24],[1,40,1,43],[3,19,3,20],[3,22,3,23],[3,25,3,26],[3,49,3,57],[3,28,3,31],[3,33,3,35],[3,37,3,38],[3,40,3,43],[3,45,3,47],[7,19,7,45],[7,47,7,54],[14,50,14,51],[12,50,12,51],[10,50,10,51],[8,50,8,51],[8,53,8,54],[10,53,10,54],[12,53,12,54],[8,19,8,45],[10,19,10,45],[12,19,12,45],[14,19,14,45],[8,47,8,48],[10,47,10,48],[35,55,35,57],[37,55,37,57],[8,56,8,57],[16,53,16,54],[18,53,18,54],[14,56,14,57],[29,55,29,57],[31,55,31,57],[20,47,20,48],[24,47,25,47],[23,44,23,47],[20,50,20,51],[20,19,20,45],[18,19,18,45],[18,50,18,51],[24,27,25,27],[23,18,23,27],[24,18,24,26],[27,10,27,16],[27,18,27,27],[10,2,10,17],[12,2,12,17],[16,19,16,45],[39,55,39,57],[14,2,14,17],[7,2,7,17],[18,56,18,57],[27,55,27,57],[12,47,12,48],[14,47,14,48],[16,56,16,57],[8,2,8,17],[16,47,16,48],[18,47,18,48],[25,49,25,57],[20,53,20,54],[20,56,20,57],[24,44,24,46],[7,56,7,57],[12,56,12,57],[10,56,10,57],[14,53,14,54],[95,42,96,44],[95,2,96,14],[45,1,46,1],[45,2,46,21],[95,1,96,1],[49,6,49,7],[54,12,54,13],[54,17,54,18],[54,33,54,34],[54,38,54,39],[70,2,70,3],[70,7,70,8],[49,17,49,18],[95,39,96,41]]}
[null,null,null,null,null,null,null,null,null,null,null,null,null,null,null,null,null,null,null,null,null,null,null,null,null,null,null,null,null,null,null,null,null,null,null,null,null,null,null,null,null,null,null,null,null,null,null,null,null,null,null,null,null,null,null,null,null,"F/I/PK/15"]
[null,"DATA KELUARGA",null,null,null,null,null,null,null,null,null,null,null,null,null,null,null,null,null,"Provinsi",null,"Kab/Kota",null,null,null,"Kec.",null,null,"Desa/Kelurahan",null,null,null,null,"Dusun/RW",null,null,null,"RT",null,null,"No. Rumah / Rumah Tangga",null,null,null,null,"No. Urut Keluarga",null,null,null,"Nomor Kendali Referensi"]
[]
[null,"I. KEPENDUDUKAN",null,null,null,null,null,null,null,null,null,null,null,null,null,null,null,null,null,"31","31",null,"72","72",null,"01","01",null,"1001","1001","1001","1001",null,"006","","",null,"015","",null,"",null,null,null,null,"",null,null,null,""]
[]
[null,null,"NIK",null,null,null,null,null,null,null,null,null,null,null,null,null,null,null,null,"NAMA",null,null,null,null,null,null,null,null,null,null,null,null,null,null,null,null,null,null,null,null,null,null,null,null,null,null,null,"TANGGAL LAHIR",null,null,null,null,null,null,null,null,"UMUR"]
[]
[null,null,"(1)",null,null,null,null,null,null,null,null,null,null,null,null,null,null,null,null,"(2)",null,null,null,null,null,null,null,null,null,null,null,null,null,null,null,null,null,null,null,null,null,null,null,null,null,null,null,"(3)",null,null,null,null,null,null,null,null,"(4)"]
[null,1,"",null,null,null,null,null,null,null,null,null,null,null,null,null,null,null,null,"",null,null,null,null,null,null,null,null,null,null,null,null,null,null,null,null,null,null,null,null,null,null,null,null,null,null,null,"",null,"/","",null,"/","",null,null,{"$f":"IF(BB9<>\"\",MASTER!$E$2-BB9,\"\")","v":""}]
[]
[null,2,"",null,null,null,null,null,null,null,null,null,null,null,null,null,null,null,null,"",null,null,null,null,null,null,null,null,null,null,null,null,null,null,null,null,null,null,null,null,null,null,null,null,null,null,null,"",null,"/","",null,"/","",null,null,{"$f":"IF(BB11<>\"\",MASTER!$E$2-BB11,\"\")","v":""}]
[]
[null,3,"",null,null,null,null,null,null,null,null,null,null,null,null,null,null,null,null,null,null,null,null,null,null,null,null,null,null,null,null,null,null,null,null,null,null,null,null,null,null,null,null,null,null,null,null,"",null,"/","",null,"/","",null,null,{"$f":"IF(BB13<>\"\",MASTER!$E$2-BB13,\"\")","v":""}]
[]
[null,4,"",null,null,null,null,null,null,null,null,null,null,null,null,null,null,null,null,"",null,null,null,null,null,null,null,null,null,null,null,null,null,null,null,null,null,null,null,null,null,null,null,null,null,null,null,"",null,"/","",null,"/","",null,null,{"$f":"IF(BB15<>\"\",MASTER!$E$2-BB15,\"\")","v":""}]
[]
[null,5,"",null,null,null,null,null,null,null,null,null,null,null,null,null,null,null,null,"",null,null,null,null,null,null,null,null,null,null,null,null,null,null,null,null,null,null,null,null,null,null,null,null,null,null,null,"",null,"/","",null,"/","",null,null,{"$f":"IF(BB17<>\"\",MASTER!$E$2-BB17,\"\")","v":""}]
[]
[null,6,"",null,null,null,null,null,null,null,null,null,null,null,null,null,null,null,null,null,null,null,null,null,null,null,null,null,null,null,null,null,null,null,null,null,null,null,null,null,null,null,null,null,null,null,null,"",null,"/","",null,"/","",null,null,{"$f":"IF(BB19<>\"\",MASTER!$E$2-BB19,\"\")","v":""}]
[]
[null,7,"",null,null,null,null,null,null,null,null,null,null,null,null,null,null,null,null,"",null,null,null,null,null,null,null,null,null,null,null,null,null,null,null,null,null,null,null,null,null,null,null,null,null,null,null,"",null,"/","",null,"/","",null,null,{"$f":"IF(BB21<>\"\",MASTER!$E$2-BB21,\"\")","v":""}]
[]
[]
[null,null,"HUBUNGAN DENGAN KK",null,null,null,null,"JENIS KELAMIN",null,null,"AGAMA",null,null,null,null,null,null,null,"PENDIDIKAN",null,null,null,null,null,null,null,null,null,null,"PEKERJAAN",null,null,null,null,null,null,null,null,null,null,"STATUS KAWIN",null,null,null,"JKN"]
[null,null,null,null,null,null,null,null,null,null,null,null,null,null,null,null,null,null,"SEKOLAH",null,null,null,null,null,null,null,null,"TIDAK/BELUM SEKOLAH",null,"BEKERJA",null,null,null,null,null,null,null,null,"TIDAK/BELUM BEKERJA",null,null,null,null,null,"MEMILIKI",null,null,"TIDAK MEMILIKI"]
[null,null,"KK","ISTRI","ANAK","LAIN-LAIN",null,"LAKI-LAKI","PEREMPUAN",null,"ISLAM","KRISTEN","KATOLIK","HINDU","BUDHA","KONGHUCU","LAINNYA",null,"TDK TAMAT SD/MI","MASIH SD/MI","TAMAT SD/MI","MASIH SLTP/MTSN","TAMAT SLTP/MTSN","MASIH SLTA/MA","TAMAT SLTA/MA","MSH PT/Akademi","Tamat PT/Akademi",null,null,"PETANI","NELAYAN","PEDAGANG","PNS/TNI/POLRI","PEGAWAI SWASTA","WIRASWASTA","PENSIUNAN","PEKERJA LEPAS","LAINNYA",null,null,"BLM KAWIN","KAWIN","JANDA/DUDA",null,"BPJS - PBI","BPJS - Non PBI","Non BPJS",null,null,"RINGKASAN"]
[]
[null,null,"(5)",null,null,null,null,"(6)",null,null,"(7)",null,null,null,null,null,null,null,"(8)",null,null,null,null,null,null,null,null,null,null,"(9)",null,null,null,null,null,null,null,null,null,null,"(10)",null,null,null,"(11)",null,null,null,null,"Jumlah Jiwa"]
[]
[null,1,"x",null,null,null,null,null,null,null,null,null,null,null,null,null,null,null,null,null,null,null,null,null,null,null,null,null,null,null,null,null,null,null,null,null,null,null,null,null,null,null,null,null,null,null,null,null,null,"Jumlah Laki-laki"]
[]
[null,2,null,null,null,null,null,null,null,null,null,null,null,null,null,null,null,null,null,null,null,null,null,null,null,null,null,null,null,null,null,null,null,null,null,null,null,null,null,null,null,null,null,null,null,null,null,null,null,"Jumlah Perempuan"]
[]
[null,3]
[]
[null,4,null,null,null,null,null,null,null,null,null,null,null,null,null,null,null,null,null,null,null,null,null,null,null,null,null,null,null,null,null,null,null,null,null,null,null,null,null,null,null,null,null,null,null,null,null,null,null,"Jumlah PUS"]
[]
[null,5,null,null,null,null,null,null,null,null,null,null,null,null,null,null,null,null,null,null,null,null,null,null,null,null,null,null,null,null,null,null,null,null,null,null,null,null,null,null,null,null,null,null,null,null,null,null,null,"Peserta KB"]
[]
[null,6,null,null,null,null,null,null,null,null,null,null,null,null,null,null,null,null,null,null,null,null,null,null,null,null,null,null,null,null,null,null,null,null,null,null,null,null,null,null,null,null,null,null,null,null,null,null,null,"Bukan Peserta KB"]
[]
[null,7]
[]
[null,null,null,null,null,null,null,null,null,null,null,null,null,null,null,null,null,null,null,null,null,null,null,null,null,null,null,null,null,null,null,null,null,null,null,null,null,null,null,null,null,null,null,null,null,null,null,null,null,""]
[]
[null,"II.","KELUARGA BERENCANA"]
[]
[null,"1.","Usia kawin pertama "]
[]
[null,null,"a.","Suami",null,null,null,null,"Tahun",null,null,null,null,"b.","Isteri",null,null,null,null,"Tahun"]
[]
[]
[null,"2.","Jumlah anak ",null,null,null,null,null,null,null,null,"Laki-laki",null,null,null,null,"Perempuan",null,null,null,null,null,null,null,null,null,null,null,null,null,null,null,"Laki-laki",null,null,null,null,"Perempuan"]
[]
[null,null,"a.","Yang pernah dilahirkan hidup",null,null,null,null,null,null,null,null,null,null,"orang",null,null,null,null,"orang",null,null,null,"b.","Yang masih hidup",null,null,null,null,null,null,null,null,null,null,"orang",null,null,null,null,"orang"]
[]
[]
[]
[null,"3.","Kesertaan ber-KB"]
[]
[null,null,null,"Sedang",null,null,null,null,"Pernah",null,null,null,null,"Tidak Pernah"]
[]
[]
[null,"4.","Metode kontrasepsi yang sedang/pernah digunakan"]
[]
[null,null,null,"IUD",null,null,null,null,"MOP",null,null,null,null,"Suntik",null,null,null,null,"Kondom",null,null,null,null,null,"MOW",null,null,null,null,"Implant",null,null,null,null,"Pil",null,null,null,null,"Tradisional"]
[]
[]
[null,"5.","Bila sedang ber-KB, sudah berapa lama menggunakan metode kontrasepsi tersebut"]
[]
[null,null,null,null,"Tahun",null,null,null,null,"Bulan"]
[]
[]
[null,"6.","Apakah ingin punya anak lagi"]
[]
[null,null,null,"Ya, segera (kurang dari 2 tahun)",null,null,null,null,null,null,null,null,null,null,null,"Ya, kemudian (lebih dari 2 tahun)",null,null,null,null,null,null,null,null,null,null,null,null,"Tidak ingin punya anak lagi"]
[]
[]
[null,"7.","Alasan tidak ber-KB"]
[]
[null,null,null,"Sedang hamil",null,null,null,null,null,null,null,null,null,null,null,"Tidak menyetujui KB",null,null,null,null,null,null,null,null,null,null,null,null,"Takut efek samping",null,null,null,null,null,null,null,null,null,null,"Tidak mampu/mahal"]
[]
[null,null,null,"Alasan fertilitas",null,null,null,null,null,null,null,null,null,null,null,"Tidak tahu tentang KB",null,null,null,null,null,null,null,null,null,null,null,null,"Pelayanan KB jauh",null,null,null,null,null,null,null,null,null,null,"Lainnya"]
[]
[]
[null,"8.","Tempat pelayanan KB"]
[]
[null,null,null,"RSUP/RSUD",null,null,null,null,null,null,null,null,null,null,null,"Klinik Utama",null,null,null,null,null,null,null,null,null,null,null,null,"RS Pratama",null,null,null,null,null,null,null,null,null,null,"Praktek Bidan"]
[]
[null,null,null,"RS TNI",null,null,null,null,null,null,null,null,null,null,null,"Puskesmas",null,null,null,null,null,null,null,null,null,null,null,null,"Pustu/Pusling/Bidan Desa",null,null,null,null,null,null,null,null,null,null,"Pelayanan Bergerak"]
[]
[null,null,null,"RS POLRI",null,null,null,null,null,null,null,null,null,null,null,"Klinik Pratama",null,null,null,null,null,null,null,null,null,null,null,null,"Poskesdes/Polindes",null,null,null,null,null,null,null,null,null,null,"Lainnya"]
[]
[null,null,null,"RS SWASTA",null,null,null,null,null,null,null,null,null,null,null,"Praktek Dokter"]
[]
[null,"III.","PEMBANGUNAN KELUARGA",null,null,null,null,null,null,null,null,null,null,null,null,null,null,null,null,null,null,null,null,null,null,null,null,null,null,null,null,null,null,null,null,null,null,null,null,"Tidak",null,null,"Tidak Berlaku"]
[null,null,null,null,null,null,null,null,null,null,null,null,null,null,null,null,null,null,null,null,null,null,null,null,null,null,null,null,null,null,null,null,null,null,null,null,null,null,"Ya"]
[]
[null,"1.","Keluarga membeli satu stel pakaian baru untuk seluruh anggota keluarga minimal setahun sekali"]
[]
[]
[null,"2.","Seluruh anggota keluarga makan minimal 2 kali sehari"]
[]
[]
[null,"3.","Seluruh anggota keluarga bila sakit berobat ke fasilitas kesehatan"]
[]
[]
[null,"4.","Seluruh anggota keluarga memiliki pakaian yang berbeda untuk di rumah, bekerja/sekolah dan bepergian"]
[]
[]
[null,"5.","Seluruh anggota keluarga makan daging /ikan/telur minimal seminggu sekali"]
[]
[]
[null,"6.","Seluruh anggota keluarga menjalankan ibadah agama sesuai ketentuan agama yang dianut"]
[]
[]
[null,"7.","Pasangan usia subur dengan dua anak atau lebih menjadi peserta KB"]
[]
[]
[null,"8.","Keluarga memiliki tabungan dalam bentuk uang/ emas/tanah/hewan minimal senilai Rp 1.000.000,-"]
[]
[]
[null,"9.","Keluarga memiliki kebiasaan berkomunikasi dengan seluruh anggota keluarga"]
[]
[]
[null,"10.","Keluarga ikut dalam kegiatan sosial di lingkungan RT"]
[]
[]
[null,"11.","Keluarga memiliki akses informasi dari surat kabar/majalah/radio/tv/lainnya"]
[]
[]
[null,"12.","Keluarga memiliki anggota yang menjadi pengurus kegiatan sosial"]
[]
[]
[null,"13.","Keluarga mempunyai balita ikut kegiatan Posyandu"]
[]
[]
[null,"14.","Keluarga mempunyai balita ikut kegiatan BKB"]
[]
[]
[null,"15.","Keluarga mempunyai remaja ikut kegiatan BKR"]
[]
[]
[null,"16.","Ada anggota keluarga masih remaja ikut PIK-R/M"]
[]
[]
[null,"17.","Keluarga lansia atau mempunyai lansia ikut kegiatan BKL"]
[]
[]
[null,"18.","Keluarga mengikuti kegiatan UPPKS"]
[]
[]
[null,"19.","Apakah jenis atas rumah terluas"]
[]
[null,null,null,"Daun/Rumbia",null,null,null,null,null,null,null,null,null,null,null,"Seng/Asbes",null,null,null,null,null,null,null,null,null,null,null,null,"Genteng/Sirap",null,null,null,null,null,null,null,null,null,null,"Lainnya"]
[]
[]
[null,"20.","Apakah jenis dinding rumah terluas"]
[]
[null,null,null,"Tembok",null,null,null,null,null,null,null,null,null,null,null,"Kayu/Seng",null,null,null,null,null,null,null,null,null,null,null,null,"Bambu",null,null,null,null,null,null,null,null,null,null,"Lainnya"]
[]
[]
[null,"21.","Apakah jenis lantai rumah terluas"]
[]
[null,null,null,"Ubin/Keramik/Marmer",null,null,null,null,null,null,null,null,null,null,null,"Semen/Papan",null,null,null,null,null,null,null,null,null,null,null,null,"Tanah",null,null,null,null,null,null,null,null,null,null,"Lainnya"]
[]
[]
[null,"22.","Apakah sumber penerangan utama"]
[]
[null,null,null,"Listrik",null,null,null,null,null,null,null,null,null,null,null,"Genset/Diesel",null,null,null,null,null,null,null,null,null,null,null,null,"Lampu Minyak",null,null,null,null,null,null,null,null,null,null,"Lainnya"]
[]
[]
[null,"23.","Apakah sumber air minum"]
[]
[null,null,null,"Ledeng/Kemasan",null,null,null,null,null,null,null,null,null,null,null,"Sumur terlindung/Pompa",null,null,null,null,null,null,null,null,null,null,null,null,"Air hujan/Air sungai",null,null,null,null,null,null,null,null,null,null,"Lainnya"]
[]
[]
[null,"24.","Apakah bahan bakar utama untuk memasak"]
[]
[null,null,null,"Listrik/Gas",null,null,null,null,null,null,null,null,null,null,null,"Minyak Tanah",null,null,null,null,null,null,null,null,null,null,null,null,"Arang/Kayu",null,null,null,null,null,null,null,null,null,null,"Lainnya"]
[]
[]
[null,"25.","Apakah fasilitas tempat buang air besar"]
[]
[null,null,null,"Jamban sendiri",null,null,null,null,null,null,null,null,null,null,null,"Jamban bersama",null,null,null,null,null,null,null,null,null,null,null,null,"Jamban umum",null,null,null,null,null,null,null,null,null,null,"Lainnya"]
[]
[]
[null,"26.","Status kepemilikan rumah/bangunan tempat tinggal"]
[]
[null,null,null,"Milik sendiri",null,null,null,null,null,null,null,null,null,null,null,"Sewa/Kontrak",null,null,null,null,null,null,null,null,null,null,null,null,"Menumpang",null,null,null,null,null,null,null,null,null,null,"Lainnya"]
[]
[]
[null,"27.","Berapa luas rumah/bangunan keseluruhan (m2)"]
[]
[null,null,null,null,null,null,"m2"]
[]
[]
[null,"28.","Berapa orang yang tinggal dan menetap di rumah/ bangunan ini"]
[]
[null,null,null,null,"orang"]
[]
[]
[null,null,null,null,null,null,null,null,null,null,null,null,null,null,null,null,null,null,null,null,null,null,null,null,null,null,null,null,null,null,null,null,null,null,null,null,null,null,null,null,null,null,null,null,null,null,null,null,null,null,null,"SIMPAN"]

{"sheet":"WILAYAH","index":1,"n_rows":232,"n_cols":6,"rows_kept":232,"cut":false,"hidden":false,"merged":[]}
["KODE PROVINSI","KODE KAB KOTA","KODE KECAMATAN","KODE KELURAHAN","KODE RW","KODE RT"]
["31","72","01","1001","001","001"]
["31","72","01","1001","001","002"]
["31","72","01","1001","001","003"]
["31","72","01","1001","001","004"]
["31","72","01","1001","001","005"]
["31","72","01","1001","001","006"]
["31","72","01","1001","001","007"]
["31","72","01","1001","001","008"]
["31","72","01","1001","001","009"]
["31","72","01","1001","001","010"]
["31","72","01","1001","002","001"]
["31","72","01","1001","002","002"]
["31","72","01","1001","002","003"]
["31","72","01","1001","002","004"]
["31","72","01","1001","002","005"]
["31","72","01","1001","002","006"]
["31","72","01","1001","002","007"]
["31","72","01","1001","002","008"]
["31","72","01","1001","002","009"]
["31","72","01","1001","003","001"]
["31","72","01","1001","003","002"]
["31","72","01","1001","003","003"]
["31","72","01","1001","003","004"]
["31","72","01","1001","003","005"]
["31","72","01","1001","003","006"]
["31","72","01","1001","003","007"]
["31","72","01","1001","003","008"]
["31","72","01","1001","003","009"]
["31","72","01","1001","003","010"]
["31","72","01","1001","004","001"]
["31","72","01","1001","004","002"]
["31","72","01","1001","004","003"]
["31","72","01","1001","004","004"]
["31","72","01","1001","004","005"]
["31","72","01","1001","004","006"]
["31","72","01","1001","004","007"]
["31","72","01","1001","004","010"]
["31","72","01","1001","004","008"]
["31","72","01","1001","004","009"]
["31","72","01","1001","005","001"]
["31","72","01","1001","005","002"]
["31","72","01","1001","005","003"]
["31","72","01","1001","005","004"]
["31","72","01","1001","005","005"]
["31","72","01","1001","005","006"]
["31","72","01","1001","005","007"]
["31","72","01","1001","005","008"]
["31","72","01","1001","005","009"]
["31","72","01","1001","005","010"]
["31","72","01","1001","006","001"]
["31","72","01","1001","006","002"]
["31","72","01","1001","006","003"]
["31","72","01","1001","006","004"]
["31","72","01","1001","006","005"]
["31","72","01","1001","006","006"]
["31","72","01","1001","006","007"]
["31","72","01","1001","006","008"]
["31","72","01","1001","006","009"]
["31","72","01","1001","006","010"]
["31","72","01","1001","007","001"]
["31","72","01","1001","007","002"]
["31","72","01","1001","007","003"]
["31","72","01","1001","007","004"]
["31","72","01","1001","007","005"]
["31","72","01","1001","007","006"]
["31","72","01","1001","007","007"]
["31","72","01","1001","007","008"]
["31","72","01","1001","007","009"]
["31","72","01","1001","007","010"]
["31","72","01","1001","008","001"]
["31","72","01","1001","008","002"]
["31","72","01","1001","008","003"]
["31","72","01","1001","008","004"]
["31","72","01","1001","008","005"]
["31","72","01","1001","008","006"]
["31","72","01","1001","008","007"]
["31","72","01","1001","008","008"]
["31","72","01","1001","008","009"]
["31","72","01","1001","008","010"]
["31","72","01","1001","009","001"]
["31","72","01","1001","009","002"]
["31","72","01","1001","009","003"]
["31","72","01","1001","009","004"]
["31","72","01","1001","009","005"]
["31","72","01","1001","009","006"]
["31","72","01","1001","009","007"]
["31","72","01","1001","009","010"]
["31","72","01","1001","009","008"]
["31","72","01","1001","009","009"]
["31","72","01","1001","010","001"]
["31","72","01","1001","010","002"]
["31","72","01","1001","010","003"]
["31","72","01","1001","010","004"]
["31","72","01","1001","010","005"]
["31","72","01","1001","010","007"]
["31","72","01","1001","010","006"]
["31","72","01","1001","010","008"]
["31","72","01","1001","010","009"]
["31","72","01","1001","010","010"]
["31","72","01","1001","001","011"]
["31","72","01","1001","003","013"]
["31","72","01","1001","003","012"]
["31","72","01","1001","003","011"]
["31","72","01","1001","004","011"]
["31","72","01","1001","004","012"]
["31","72","01","1001","004","013"]
["31","72","01","1001","004","014"]
["31","72","01","1001","006","011"]
["31","72","01","1001","006","012"]
["31","72","01","1001","006","013"]
["31","72","01","1001","007","011"]
["31","72","01","1001","007","021"]
["31","72","01","1001","007","012"]
["31","72","01","1001","007","013"]
["31","72","01","1001","007","014"]
["31","72","01","1001","007","015"]
["31","72","01","1001","007","016"]
["31","72","01","1001","007","017"]
["31","72","01","1001","007","018"]
["31","72","01","1001","007","019"]
["31","72","01","1001","007","020"]
["31","72","01","1001","008","023"]
["31","72","01","1001","008","011"]
["31","72","01","1001","008","012"]
["31","72","01","1001","008","013"]
["31","72","01","1001","008","014"]
["31","72","01","1001","008","015"]
["31","72","01","1001","008","016"]
["31","72","01","1001","008","017"]
["31","72","01","1001","008","018"]
["31","72","01","1001","008","019"]
["31","72","01","1001","008","020"]
["31","72","01","1001","008","021"]
["31","72","01","1001","008","022"]
["31","72","01","1001","009","011"]
["31","72","01","1001","010","011"]
["31","72","01","1001","011","021"]
["31","72","01","1001","011","001"]
["31","72","01","1001","011","002"]
["31","72","01","1001","011","003"]
["31","72","01","1001","011","004"]
["31","72","01","1001","011","005"]
["31","72","01","1001","011","006"]
["31","72","01","1001","011","008"]
["31","72","01","1001","011","007"]
["31","72","01","1001","011","009"]
["31","72","01","1001","011","010"]
["31","72","01","1001","011","012"]
["31","72","01","1001","011","011"]
["31","72","01","1001","011","013"]
["31","72","01","1001","011","014"]
["31","72","01","1001","011","015"]
["31","72","01","1001","011","016"]
["31","72","01","1001","011","017"]
["31","72","01","1001","011","018"]
["31","72","01","1001","011","019"]
["31","72","01","1001","011","020"]
["31","72","01","1001","013","012"]
["31","72","01","1001","013","001"]
["31","72","01","1001","013","002"]
["31","72","01","1001","013","003"]
["31","72","01","1001","013","004"]
["31","72","01","1001","013","005"]
["31","72","01","1001","013","006"]
["31","72","01","1001","013","007"]
["31","72","01","1001","013","008"]
["31","72","01","1001","013","009"]
["31","72","01","1001","013","010"]
["31","72","01","1001","013","011"]
["31","72","01","1001","014","016"]
["31","72","01","1001","014","001"]
["31","72","01","1001","014","002"]
["31","72","01","1001","014","003"]
["31","72","01","1001","014","004"]
["31","72","01","1001","014","005"]
["31","72","01","1001","014","006"]
["31","72","01","1001","014","007"]
["31","72","01","1001","014","008"]
["31","72","01","1001","014","009"]
["31","72","01","1001","014","010"]
["31","72","01","1001","014","011"]
["31","72","01","1001","014","012"]
["31","72","01","1001","014","013"]
["31","72","01","1001","014","014"]
["31","72","01","1001","014","015"]
["31","72","01","1001","015","011"]
["31","72","01","1001","015","001"]
["31","72","01","1001","015","002"]
["31","72","01","1001","015","003"]
["31","72","01","1001","015","004"]
["31","72","01","1001","015","005"]
["31","72","01","1001","015","006"]
["31","72","01","1001","015","007"]
["31","72","01","1001","015","008"]
["31","72","01","1001","015","009"]
["31","72","01","1001","015","010"]
["31","72","01","1001","016","011"]
["31","72","01","1001","016","001"]
["31","72","01","1001","016","002"]
["31","72","01","1001","016","003"]
["31","72","01","1001","016","004"]
["31","72","01","1001","016","005"]
["31","72","01","1001","016","006"]
["31","72","01","1001","016","007"]
["31","72","01","1001","016","008"]
["31","72","01","1001","016","009"]
["31","72","01","1001","016","010"]
["31","72","01","1001","017","022"]
["31","72","01","1001","017","001"]
["31","72","01","1001","017","002"]
["31","72","01","1001","017","003"]
["31","72","01","1001","017","004"]
["31","72","01","1001","017","005"]
["31","72","01","1001","017","006"]
["31","72","01","1001","017","007"]
["31","72","01","1001","017","008"]
["31","72","01","1001","017","009"]
["31","72","01","1001","017","010"]
["31","72","01","1001","017","012"]
["31","72","01","1001","017","013"]
["31","72","01","1001","017","014"]
["31","72","01","1001","017","011"]
["31","72","01","1001","017","015"]
["31","72","01","1001","017","016"]
["31","72","01","1001","017","017"]
["31","72","01","1001","017","018"]
["31","72","01","1001","017","019"]
["31","72","01","1001","017","020"]
["31","72","01","1001","017","021"]
["31","72","01","1001","006","014"]
["31","72","01","1001","006","015"]

{"sheet":"DATA KELUARGA","index":2,"n_rows":318,"n_cols":137,"rows_kept":318,"cut":false,"hidden":false,"merged":[]}
[null,"NomorKendali","KodeProvinsi","KodeKabupaten","KodeKecamatan","KodeKelurahan","KodeRW","KodeRT","NomorRumah","NomorUrut","NomorKendaliReferensi","NIK1","Nama1","TanggalLahir1","BulanLahir1","TahunLahir1","HubunganDenganKK1","JenisKelamin1","Agama1","Pendidikan1","Pekerjaan1","StatusKawin1","JKN1","NIK2","Nama2","TanggalLahir2","BulanLahir2","TahunLahir2","HubunganDenganKK2","JenisKelamin2","Agama2","Pendidikan2","Pekerjaan2","StatusKawin2","JKN2","NIK3","Nama3","TanggalLahir3","BulanLahir3","TahunLahir3","HubunganDenganKK3","JenisKelamin3","Agama3","Pendidikan3","Pekerjaan3","StatusKawin3","JKN3","NIK4","Nama4","TanggalLahir4","BulanLahir4","TahunLahir4","HubunganDenganKK4","JenisKelamin4","Agama4","Pendidikan4","Pekerjaan4","StatusKawin4","JKN4","NIK5","Nama5","TanggalLahir5","BulanLahir5","TahunLahir5","HubunganDenganKK5","JenisKelamin5","Agama5","Pendidikan5","Pekerjaan5","StatusKawin5","JKN5","NIK6","Nama6","TanggalLahir6","BulanLahir6","TahunLahir6","HubunganDenganKK6","JenisKelamin6","Agama6","Pendidikan6","Pekerjaan6","StatusKawin6","JKN6","NIK7","Nama7","TanggalLahir7","BulanLahir7","TahunLahir7","HubunganDenganKK7","JenisKelamin7","Agama7","Pendidikan7","Pekerjaan7","StatusKawin7","JKN7","UsiaKawinPertamaSuami","UsiaKawinPertamaIstri","AnakDilahirkanHidupLakiLaki","AnakDilahirkanHidupPerempuan","AnakMasihHidupLakiLaki","AnakMasihHidupPerempuan","StatusPUS","KesertaanBerKB","MetodeKontrasepsi","LamaKBTahun","LamaKBBulan","InginPunyaAnakLagi","AlasanTidakBerKB","TempatPelayananKB","PK1","PK2","PK3","PK4","PK5","PK6","PK7","PK8","PK9","PK10","PK11","PK12","PK13","PK14","PK15","PK16","PK17","PK18","PK19","PK20","PK21","PK22","PK23","PK24","PK25","PK26","PK27","PK28"]
["HAPUS","00252975","31","72","01","1001","006","012","0002","001",null,"3172011311480002","MUHAMMAD SAIMIN","13","11","1948",1,1,1,3,6,2,4,"3172015503630006","BENCA DEWANI","15","03","1963",2,0,1,3,9,2,4,"","","","","",null,null,null,null,null,null,null,"","","","","",null,null,null,null,null,null,null,"","","","","",null,null,null,null,null,null,null,"","","","","",null,null,null,null,null,null,null,"","","","","",null,null,null,null,null,null,null,25,16,2,2,2,2,0,"3",null,null,null,"3","8",null,1,1,1,1,1,1,3,1,1,1,1,1,3,3,3,3,2,2,1,1,1,1,1,1,1,2,18,2]
["HAPUS","00252976","31","72","01","1001","006","012","0003","002","","3172011805890006","SURYA DARMA","18","05","1989",1,1,1,7,5,2,1,"3173036206910005","DESSY","22","06","1991",2,0,1,7,9,2,1,"3172011210111009","OXELLIO DHEFIRST EXEMP","12","10","2011",3,1,1,10,10,1,1,"","","","","",null,null,null,null,null,null,null,"","","","","",null,null,null,null,null,null,null,"","","","","",null,null,null,null,null,null,null,"","","","","",null,null,null,null,null,null,null,22,20,1,0,1,0,1,"1","3",4,0,"2",null,"14",1,1,1,1,1,1,3,1,1,1,1,1,1,1,3,3,3,2,4,1,1,1,1,1,1,2,18,3]
["HAPUS","00252977","31","72","01","1001","006","012","0007","003","","3173021612730004","KUN ING","18","12","1973",1,1,5,6,5,2,4,"3173026906790005","SURYA SARI","29","06","1979",2,0,5,6,9,2,4,"3173021502010001","JHON KEVIN","10","02","2001",3,1,5,5,10,1,4,"3172012310070005","JHON STEVEN","23","10","2007",3,1,5,4,10,1,4,"3172016601121002","CELINA FALISHA","26","01","2012",3,0,5,10,10,1,4,"","","","","",null,null,null,null,null,null,null,"","","","","",null,null,null,null,null,null,null,25,24,2,1,2,1,1,"1","3",1,1,"3",null,"7",1,1,1,1,1,1,1,1,1,1,1,2,1,2,2,2,3,2,2,1,1,1,1,1,1,2,18,5]
["HAPUS","00252978","31","72","01","1001","006","012","0003","004","","3172011809890002","ROSON","18","09","1975",1,1,4,6,5,1,4,"3172016004570003","TAN KIAN","20","04","1985",4,0,4,5,9,3,4,"","","","","",null,null,null,null,null,null,null,"","","","","",null,null,null,null,null,null,null,"","","","","",null,null,null,null,null,null,null,"","","","","",null,null,null,null,null,null,null,"","","","","",null,null,null,null,null,null,null,null,null,null,null,null,null,0,null,null,null,null,null,null,null,1,1,1,1,1,1,3,1,1,1,1,2,3,3,3,3,3,2,2,1,1,1,1,1,1,2,18,2]
["HAPUS","00252979","31","72","01","1001","006","012","0002","005","","3172011104650004","SUGRIAN","11","04","1965",1,1,1,3,6,2,3,"3172014206670001","WARGUMI YATI","02","06","1967",2,0,1,3,9,2,3,"3172012506670001","SUNOKO","25","06","1987",3,1,1,7,9,1,3,"","","","","",null,null,null,null,null,null,null,"","","","","",null,null,null,null,null,null,null,"","","","","",null,null,null,null,null,null,null,"","","","","",null,null,null,null,null,null,null,24,21,1,0,1,0,1,"1","7",0,1,"3",null,"14",1,1,1,1,1,1,3,2,1,1,1,1,3,3,3,3,3,2,2,1,1,1,1,1,1,2,18,3]
["HAPUS","00252980","31","72","01","1001","006","012","0021","006","","3172011407650001","JUMALI","14","07","1965",1,1,1,7,5,2,2,"3172016004740003","TITIN SUTINAH","20","04","1974",2,0,1,7,9,2,2,"3172010910960003","FADELIA UTAMI","09","10","1996",3,0,1,7,10,1,2,"3172010601010001","MUAMMARRAFI MUKTIWIGUNA","06","01","2001",3,1,1,4,10,1,2,"3172015204060006","MAULINA PUTRI ARJANTI","12","04","2006",3,0,1,2,10,1,2,"","","","","",null,null,null,null,null,null,null,"","","","","",null,null,null,null,null,null,null,30,20,1,2,1,2,1,"1","3",5,0,"3",null,"14",1,1,1,1,1,1,1,1,1,1,1,1,3,3,2,2,3,2,4,1,1,1,1,1,1,2,18,5]
["HAPUS","00252981","31","72","01","1001","006","012","0001","007","","3172015210640011","EK JONG","02","10","1964",1,1,5,5,5,2,4,"3172010412850005","TONI ARIANTO","04","02","1985",2,0,5,5,9,2,4,"3172011906910011","JUNAIDI","19","06","1991",3,1,5,6,5,1,4,"","","","","",null,null,null,null,null,null,null,"","","","","",null,null,null,null,null,null,null,"","","","","",null,null,null,null,null,null,null,"","","","","",null,null,null,null,null,null,null,24,22,1,0,1,0,1,"1","6",3,0,"3",null,"14",1,1,1,1,1,1,3,1,1,1,2,2,3,3,2,2,3,2,2,1,1,1,1,4,1,2,18,3]
["HAPUS","00252982","31","72","01","1001","006","012","0018","008","","3172012207670004","MULADI SURJA","22","07","1967",1,1,5,7,5,2,4,"3172015109710003","LENA","11","09","1971",2,0,5,7,9,2,4,"3172012804000001","ERIC ASTRADA","28","03","2000",3,1,5,4,10,1,4,"3172010603060001","ALEX ASTRADA","21","06","2002",3,1,5,3,10,1,4,"3172016105131003","METTA ASTRADA","16","02","2012",3,0,5,10,10,1,4,"","","","","",null,null,null,null,null,null,null,"","","","","",null,null,null,null,null,null,null,28,28,2,1,2,1,1,"1","6",3,0,"3",null,"14",1,1,1,1,1,1,1,1,1,1,1,1,1,1,1,1,3,2,2,1,1,1,1,1,1,2,18,5]
["HAPUS","00252983","31","72","01","1001","006","012","0004","009","","3172011112740001","ROMADHON","11","12","1974",1,1,1,7,5,2,4,"3172016607790002","SITI TASDIKOH","26","07","1979",2,0,1,7,9,2,4,"3172011303000002","MUHAMMAD DZIKRY ARDIASYAH","13","03","2000",3,1,1,6,10,1,4,"3172010605071006","MUHAMMAD RAFI MAYDITYA","06","05","2007",3,1,1,2,10,1,4,"","","","","",null,null,null,null,null,null,null,"","","","","",null,null,null,null,null,null,null,"","","","","",null,null,null,null,null,null,null,25,20,2,0,2,0,1,"3",null,null,null,"1","1",null,1,1,1,1,1,1,1,1,1,1,1,1,3,3,1,1,3,2,4,1,1,1,1,1,1,2,18,4]
["HAPUS","00252984","31","72","01","1001","006","012","0006","010","","3172010310841001","TUSWANTORO","03","10","1984",1,1,1,5,5,2,1,"3172014507860002","KRISNAWATI","05","07","1986",2,0,1,7,9,2,1,"3172011203121007","MARIO KAROMI","12","03","2012",3,1,1,10,10,1,1,"","","","","",null,null,null,null,null,null,null,"","","","","",null,null,null,null,null,null,null,"","","","","",null,null,null,null,null,null,null,"","","","","",null,null,null,null,null,null,null,25,23,1,0,1,0,1,"3",null,null,null,"1","8",null,1,1,1,1,1,1,3,1,1,1,1,2,1,2,3,3,3,2,4,1,1,1,1,1,1,2,18,3]
["HAPUS","00252985","31","72","01","1001","006","012","0009","011","","3172010106620006","AAN DJOHAN","01","06","1962",1,1,1,7,5,2,1,"3172015007670003","SRI HARTINI","10","07","1967",2,0,1,7,5,2,1,"3172011712950002","MUHAMMAD DENY ANDRIYAN","17","12","1995",3,1,1,7,10,1,1,"","","","","",null,null,null,null,null,null,null,"","","","","",null,null,null,null,null,null,null,"","","","","",null,null,null,null,null,null,null,"","","","","",null,null,null,null,null,null,null,31,26,1,0,1,0,1,"3",null,null,null,"3","8",null,1,1,1,1,1,1,3,1,1,1,1,2,3,3,1,1,3,2,4,1,1,1,1,1,1,2,18,3]
["HAPUS","00252986","31","72","01","1001","006","012","0008","012","","3172012404710003","SOEPARNO","24","04","1971",1,1,1,7,5,2,4,"3172014703710004","LISNAWATI","07","03","1971",2,0,1,7,9,2,4,"3172011407930006","ZULLIS EDI PRASETIA","17","07","1993",3,1,1,7,10,1,4,"3172014110981003","SITI FAUZIAH AZZAHRO","01","10","1998",3,0,1,6,10,1,4,"","","","","",null,null,null,null,null,null,null,"","","","","",null,null,null,null,null,null,null,"","","","","",null,null,null,null,null,null,null,23,23,1,1,1,1,1,"3",null,null,null,"3","8",null,1,1,1,1,1,1,1,1,1,1,1,2,3,3,1,1,3,2,4,4,1,1,1,1,1,2,18,4]
["HAPUS","00252987","31","72","01","1001","006","012","0007","013","","3172011904700003","SUTONO","19","04","1970",1,1,5,7,5,2,4,"3172015711740004","MINA","17","11","1974",2,0,5,7,9,2,4,"3172011104061001","DELVIAN SUTONO","11","04","1996",3,1,5,3,10,1,4,"3172011001091001","MARVEL SUTONO","10","01","1994",3,1,5,10,10,1,4,"","","","","",null,null,null,null,null,null,null,"","","","","",null,null,null,null,null,null,null,"","","","","",null,null,null,null,null,null,null,27,24,2,0,2,0,1,"1","7",0,1,"3",null,"7",1,1,1,1,1,1,1,1,1,1,1,2,3,3,1,2,3,2,2,1,1,1,1,1,1,2,18,4]
["HAPUS","00252988","31","72","01","1001","006","012","0016","014","","3172010308630011","RADIAN KOTIONO","03","08","1963",1,1,5,6,5,2,4,"3172016306600002","NURCIANI KOTIONO","13","06","1960",2,0,5,6,5,2,4,"","","","","",null,null,null,null,null,null,null,"","","","","",null,null,null,null,null,null,null,"","","","","",null,null,null,null,null,null,null,"","","","","",null,null,null,null,null,null,null,"","","","","",null,null,null,null,null,null,null,35,30,0,0,0,0,0,"3",null,null,null,"3","8",null,1,1,1,1,1,1,3,1,1,1,1,1,3,3,3,3,3,2,2,1,1,1,1,1,1,2,18,2]
["HAPUS","00252989","31","72","01","1001","006","012","0011","015","","3172016903620004","MARIANA","29","03","1962",1,0,5,5,6,2,4,"3172016208930002","JUNITA BERIANI","22","08","1993",3,0,5,5,10,1,4,"","","","","",null,null,null,null,null,null,null,"","","","","",null,null,null,null,null,null,null,"","","","","",null,null,null,null,null,null,null,"","","","","",null,null,null,null,null,null,null,"","","","","",null,null,null,null,null,null,null,null,null,1,2,1,2,0,"3",null,null,null,"3","8",null,1,1,1,1,1,1,3,1,1,1,1,2,3,3,1,2,3,2,4,1,1,1,1,1,1,2,18,2]
["HAPUS","00252990","31","72","01","1001","006","012","0002","016","","3172010311650004","SRI RIYADI","03","11","1965",1,1,1,4,5,2,1,"3172014511700006","MURTINI","05","11","1970",2,0,1,4,9,2,1,"3172014104930003","AYU ANITA SARI","01","04","1993",3,0,1,5,5,1,1,"3172012402030006","BAGUS FEBRIANSYA","24","02","2003",3,1,1,4,10,1,1,"","","","","",null,null,null,null,null,null,null,"","","","","",null,null,null,null,null,null,null,"","","","","",null,null,null,null,null,null,null,23,20,1,1,1,1,1,"1","3",0,3,"3",null,"6",1,1,1,1,1,1,1,1,1,1,1,1,3,3,1,2,3,2,2,1,1,1,1,1,1,2,18,4]
["HAPUS","00252991","31","72","01","1001","006","012","0005","017","","3172011004640003","HASANUDIN","10","04","1964",1,1,1,7,5,2,1,"3172014302740001","BEDADARI","03","02","1974",2,0,1,7,6,2,1,"3172016406020003","YUNITA PATRISIYAH","24","06","2002",3,0,1,6,10,1,1,"3172010409080003","RICHO SEPTIAN SIHOMBING","04","09","2008",3,1,1,4,10,1,1,"3172010702980001","HARIYANTO SIHOMBING","07","02","1998",3,1,1,2,10,1,1,"","","","","",null,null,null,null,null,null,null,"","","","","",null,null,null,null,null,null,null,24,22,2,1,2,1,1,"1","3",0,1,"3",null,"14",1,1,1,1,1,1,1,1,1,1,1,1,3,3,1,2,3,1,4,1,1,1,1,1,1,2,18,5]
["HAPUS","00252992","31","72","01","1001","006","012","0001","018","","3172011507770009","MARIJAN","15","07","1977",1,1,1,5,5,2,1,"3172015909840010","ILAH NURMILA","19","09","1984",2,0,1,5,9,2,1,"3172015009061002","KLARA PUTRI LESTARI","10","09","2006",3,0,1,2,10,1,1,"3172015211111002","NOVITA AULIA","12","11","2011",3,0,1,10,10,1,1,"","","","","",null,null,null,null,null,null,null,"","","","","",null,null,null,null,null,null,null,"","","","","",null,null,null,null,null,null,null,27,21,0,2,0,2,1,"1","3",4,0,"2",null,"14",1,1,1,1,1,1,1,1,1,1,1,2,1,2,3,3,3,2,4,1,1,1,1,1,1,2,18,4]
["HAPUS","00252993","31","72","01","1001","006","012","0021","019","","3172016309580001","MARSIH","23","09","1958",1,0,1,9,9,3,2,"","","","","",null,null,null,null,null,null,null,"","","","","",null,null,null,null,null,null,null,"","","","","",null,null,null,null,null,null,null,"","","","","",null,null,null,null,null,null,null,"","","","","",null,null,null,null,null,null,null,"","","","","",null,null,null,null,null,null,null,null,36,0,1,0,0,0,"3",null,null,null,"3","8",null,1,1,1,1,1,1,3,1,1,1,1,2,3,3,3,3,3,2,4,1,1,1,1,1,1,2,18,1]
["HAPUS","00252994","31","72","01","1001","006","012","0018","020","","3172010101600009","ZUIHANIP","01","01","1960",1,1,1,4,6,2,4,"3172015306660002","ARLOFIDA","13","08","1966",2,0,1,6,9,2,4,"3172015706940004","RIKI SAPUTRA","28","02","1989",3,1,1,6,5,1,4,"3172015805020005","TRIDIANA ANGGRAINI","17","06","1994",3,0,1,6,10,1,4,"3172015800730009","PUTRI AULIA AZHARI","18","05","2002",3,0,1,4,10,1,4,"","","","","",null,null,null,null,null,null,null,"","","","","",null,null,null,null,null,null,null,22,16,1,2,1,2,1,"2","7",null,null,"3","8",null,1,1,1,1,1,1,1,1,1,1,1,1,3,3,1,1,3,2,2,1,1,1,1,1,1,2,18,5]
["HAPUS","00252995","31","72","01","1001","006","012","0020","021","","3172022711830011","ANDY SUNARYO","27","11","1983",1,1,1,7,5,2,1,"3173035108860004","CHRISTIANA HASBULLAH","11","08","1986",2,0,1,7,9,2,1,"3173022310131012","MAULANA IBRAHIM","23","10","2013",3,1,1,10,10,1,1,"","","","","",null,null,null,null,null,null,null,"","","","","",null,null,null,null,null,null,null,"","","","","",null,null,null,null,null,null,null,"","","","","",null,null,null,null,null,null,null,25,22,1,0,1,0,1,"1","7",0,9,"2",null,"14",1,1,1,1,1,1,3,1,1,1,1,2,1,1,3,3,3,2,4,1,1,1,1,1,1,2,18,3]
["HAPUS","00252996","31","72","01","1001","006","012","0019","022","","3172012603700009","ADY","26","03","1970",1,1,5,7,5,3,4,"","","","","",null,null,null,null,null,null,null,"","","","","",null,null,null,null,null,null,null,"","","","","",null,null,null,null,null,null,null,"","","","","",null,null,null,null,null,null,null,"","","","","",null,null,null,null,null,null,null,"","","","","",null,null,null,null,null,null,null,38,null,null,null,null,null,0,"3",null,null,null,"3","8",null,1,1,1,1,1,1,3,1,1,1,1,2,3,3,3,3,3,2,4,1,1,1,1,1,1,2,18,1]
["HAPUS","00252997","31","72","01","1001","006","012","0005","023","","3173030412540001","HASBULLAH DAHLAN","04","12","1954",1,1,1,5,6,2,4,"3173037006640001","SRI HANDAYANI","30","06","1964",2,0,1,5,9,2,4,"","","","","",null,null,null,null,null,null,null,"","","","","",null,null,null,null,null,null,null,"","","","","",null,null,null,null,null,null,null,"","","","","",null,null,null,null,null,null,null,"","","","","",null,null,null,null,null,null,null,21,20,1,1,1,1,0,"3",null,null,null,"3","8",null,1,1,1,1,1,1,3,1,1,1,1,2,3,3,3,3,1,2,4,1,1,1,1,1,1,2,18,2]
["HAPUS","00252998","31","72","01","1001","006","012","0017","024","","3172051506790010","ARIF SUGIARTO","15","06","1979",1,1,1,6,5,2,1,"3172055307810006","SRI SULASTRI","13","07","1991",2,0,1,6,9,2,1,"3172056002000002","SHEZA SYARIFA","20","02","2010",3,0,1,2,10,1,1,"","","","","",null,null,null,null,null,null,null,"","","","","",null,null,null,null,null,null,null,"","","","","",null,null,null,null,null,null,null,"","","","","",null,null,null,null,null,null,null,23,21,0,1,0,1,1,"1","3",0,3,"2",null,"7",1,1,1,1,1,1,3,1,1,1,1,1,1,1,3,3,3,2,2,1,1,1,1,1,1,2,18,3]
["HAPUS","00252999","31","72","01","1001","006","012","0014","025","","3172010309720010","AHMAD JAFAR SODIK","03","09","1972",1,1,1,7,5,2,1,"3172015208720005","SETIAWATI","12","08","1972",2,0,1,7,5,2,1,"3172016010000009","BELLA NUR ALLIFIYA","20","10","2000",3,0,1,6,10,1,1,"3172012802940003","MUHAMMAD YUSUF","28","02","1994",3,1,1,4,10,1,1,"","","","","",null,null,null,null,null,null,null,"","","","","",null,null,null,null,null,null,null,"","","","","",null,null,null,null,null,null,null,21,20,1,1,1,1,1,"1","3",1,0,"3",null,"14",1,1,1,1,1,1,1,1,1,1,1,1,3,3,1,1,3,2,3,1,1,1,1,1,1,2,18,4]
["HAPUS","00253000","31","72","01","1001","006","012","0007","026","","3172010103610009","ACHMAD NIAM","01","03","1961",1,1,1,6,5,2,1,"3172014606711001","SUMIYATI","06","06","1971",2,0,1,9,9,2,1,"3172016808971001","SETIA MURNICAHYA NIAM","16","08","1997",3,0,1,8,10,1,1,"3172016811021001","NOVA NURRAMADHANIAM","28","11","2002",3,0,1,4,10,1,1,"","","","","",null,null,null,null,null,null,null,"","","","","",null,null,null,null,null,null,null,"","","","","",null,null,null,null,null,null,null,29,27,1,1,1,1,1,"1","3",0,3,"3",null,"14",1,1,1,1,1,1,1,1,1,1,1,1,3,3,1,1,3,2,2,1,1,1,1,1,1,2,18,4]
["HAPUS","00253001","31","72","01","1001","006","012","0013","027","","3173042006800008","SANTOSA","20","06","1980",1,1,5,7,5,2,4,"3173046708810008","MAYA AGUSTINA","27","08","1981",2,0,1,7,9,2,4,"3173041803031001","ALIF ALFIANSYAH MOURENO","18","03","2003",3,1,1,10,10,1,4,"3173046904091001","SITI CARELLYNE","29","04","2009",3,0,1,10,10,1,4,"","","","","",null,null,null,null,null,null,null,"","","","","",null,null,null,null,null,null,null,"","","","","",null,null,null,null,null,null,null,23,22,1,1,1,1,1,"1","3",5,0,"3",null,"14",1,1,1,1,1,1,1,1,1,1,1,2,3,3,1,1,3,2,4,1,1,1,1,1,1,2,18,4]
["HAPUS","00253002","31","72","01","1001","006","012","0015","028","","3172013008860007","YOPI YANTO","30","08","1986",1,1,1,7,5,2,1,"1804025012850003","IIN PURNAMA SARI","10","12","1985",2,0,1,9,9,2,1,"3172012609131003","AKBAR NURDAFFA PRATAMA","26","09","2013",3,1,1,10,10,1,1,"3172016206151001","AISYAH AYUDIA ANARA","22","06","2015",3,0,1,10,10,1,1,"","","","","",null,null,null,null,null,null,null,"","","","","",null,null,null,null,null,null,null,"","","","","",null,null,null,null,null,null,null,27,28,1,1,1,1,1,"1","3",0,3,"3",null,"14",1,1,1,1,1,1,1,1,1,1,1,2,2,2,3,3,3,2,4,1,1,1,1,4,1,2,18,4]
["HAPUS","00253003","31","72","01","1001","006","012","0011","029","","3172010203750002","WARNO KUSNANTO","02","03","1975",1,1,1,6,6,2,4,"3172014203740002","SAIKEM","02","03","1974",2,0,1,6,9,2,4,"3172016111980003","DILLA AYU NOVIANI","21","11","1998",3,0,1,6,10,1,4,"3172011301060004","ARDI PRIMA DANI","13","01","2005",3,1,1,2,10,1,4,"","","","","",null,null,null,null,null,null,null,"","","","","",null,null,null,null,null,null,null,"","","","","",null,null,null,null,null,null,null,21,21,1,1,1,1,1,"1","3",0,3,"3",null,"6",1,1,1,1,1,1,1,1,1,2,1,1,3,3,1,1,3,2,2,1,1,1,1,1,1,2,18,4]
["HAPUS","00253004","31","72","01","1001","006","012","0010","030","","3172012102560001","MAHMUDI","21","02","1956",1,1,1,6,5,2,4,"3172016002710016","KOMARIA","10","02","1971",2,0,1,8,5,2,4,"3172014108880001","MUJIANTO","16","04","1982",3,1,1,6,5,1,4,"3172011312910003","AHMAD PRIHATIN","13","12","1991",3,1,1,6,5,1,4,"","","","","",null,null,null,null,null,null,null,"","","","","",null,null,null,null,null,null,null,"","","","","",null,null,null,null,null,null,null,36,34,2,0,2,0,1,"3",null,null,null,"3","8",null,1,1,1,1,1,1,1,1,1,1,1,1,3,3,1,1,3,2,2,1,1,1,1,1,1,2,18,4]
["HAPUS","00253005","31","72","01","1001","006","012","0013","031","","3172012006417001","BUDI HERMAWAN SULAIMAN","20","06","1941",1,1,2,7,6,3,4,"","","","","",null,null,null,null,null,null,null,"","","","","",null,null,null,null,null,null,null,"","","","","",null,null,null,null,null,null,null,"","","","","",null,null,null,null,null,null,null,"","","","","",null,null,null,null,null,null,null,"","","","","",null,null,null,null,null,null,null,25,null,null,null,null,null,0,"3",null,null,null,"3","8",null,1,1,1,1,1,1,3,1,1,1,1,2,3,3,3,3,2,2,4,1,1,1,1,1,1,2,18,1]
["HAPUS","00253006","31","72","01","1001","006","012","0012","032","","3172011805700004","SAHRUDIN","18","05","1970",1,1,1,7,5,2,1,"3172017012730010","MUGIYEM","30","12","1973",2,0,1,7,9,2,1,"3172011904930005","MUHAMMAD RIFAI","19","04","1993",3,1,1,8,10,1,1,"3172014104960005","ANNISA APRILIA","01","04","1996",3,0,1,8,10,1,1,"","","","","",null,null,null,null,null,null,null,"","","","","",null,null,null,null,null,null,null,"","","","","",null,null,null,null,null,null,null,22,20,1,1,1,1,1,"1","3",19,0,"3",null,"14",1,1,1,1,1,1,1,1,1,2,1,1,3,3,1,1,3,2,4,1,1,1,1,1,1,2,18,4]
["HAPUS","00253007","31","72","01","1001","006","012","0014","033","","3172011608530002","TIONG THO","16","08","1953",1,1,5,5,5,2,4,"3172014907660002","TJIN LING","09","07","1956",2,0,5,5,9,2,4,"3172014608820007","ELINA","06","08","1982",3,0,5,6,5,1,4,"3172010211840003","ANTONY","02","11","1984",3,1,5,6,5,1,4,"","","","","",null,null,null,null,null,null,null,"","","","","",null,null,null,null,null,null,null,"","","","","",null,null,null,null,null,null,null,27,25,1,1,1,1,0,"3",null,null,null,"3","8",null,1,1,1,1,1,1,3,1,1,1,1,1,3,3,3,3,2,2,2,1,1,1,1,1,1,2,18,4]
["HAPUS","00253008","31","72","01","1001","006","012","0015","034","","3207060704740002","GUNAWAN","07","04","1974",1,1,1,7,5,2,4,"3172015006650002","DRANURSYAMSI","10","06","1965",2,0,1,9,5,2,4,"","","","","",null,null,null,null,null,null,null,"","","","","",null,null,null,null,null,null,null,"","","","","",null,null,null,null,null,null,null,"","","","","",null,null,null,null,null,null,null,"","","","","",null,null,null,null,null,null,null,35,40,0,0,0,0,0,"3",null,null,null,"3","8",null,1,1,1,1,1,1,3,1,1,1,1,1,3,3,3,3,3,2,4,1,1,1,1,1,1,2,18,2]
["HAPUS","00253009","31","72","01","1001","006","012","0010","035","","3172014812600008","ANG TANG PENG","08","12","1960",1,0,5,3,6,1,4,"3172014705740005","ANG TANG SENG","07","05","1974",4,0,5,7,6,1,4,"","","","","",null,null,null,null,null,null,null,"","","","","",null,null,null,null,null,null,null,"","","","","",null,null,null,null,null,null,null,"","","","","",null,null,null,null,null,null,null,"","","","","",null,null,null,null,null,null,null,null,null,null,null,null,null,0,null,null,null,null,null,null,null,1,1,1,1,1,1,3,1,1,1,1,2,3,3,3,3,3,2,4,1,1,1,1,1,1,2,18,2]
["HAPUS","00253010","31","72","01","1001","006","012","0006","036","","3172012202790002","SUKIMAN","22","02","1979",1,1,5,6,5,2,4,"3172015111830008","MONITA","11","11","1983",2,0,5,6,9,2,4,"3172014101100004","VIVIAN CLAIRINE EVANTHE","01","10","2010",3,0,5,2,10,1,4,"","","","","",null,null,null,null,null,null,null,"","","","","",null,null,null,null,null,null,null,"","","","","",null,null,null,null,null,null,null,"","","","","",null,null,null,null,null,null,null,29,24,0,1,0,1,1,"1","8",0,0,"1",null,"14",1,1,1,1,1,1,3,1,1,1,1,2,2,2,3,3,3,2,2,1,1,1,1,1,1,2,18,3]
["HAPUS","00253011","31","72","01","1001","006","012","0018","037","","3172010811801002","SUTARNO","08","11","1980",1,1,5,7,6,2,4,"1407025606880007","OLIVIA JULIAX MELIZUN","14","06","1989",2,0,5,7,5,2,4,"1407026410930010","WIE NA","24","10","1993",4,0,5,7,5,1,4,"","","","","",null,null,null,null,null,null,null,"","","","","",null,null,null,null,null,null,null,"","","","","",null,null,null,null,null,null,null,"","","","","",null,null,null,null,null,null,null,35,25,0,1,0,1,1,"3",null,null,null,"1","8",null,1,1,1,1,1,1,3,1,1,1,1,2,3,3,1,1,3,2,4,1,1,1,1,1,1,2,18,3]
["HAPUS","00253012","31","72","01","1001","006","012","0005","038","","3172012405550002","KAHO","24","05","1955",1,1,5,3,6,2,4,"3172016711470001","ELY NILA ALS TJOEI KAM","27","11","1947",2,0,5,5,9,2,4,"3172011108870001","MISRAN","11","08","1987",3,1,5,7,5,1,1,"","","","","",null,null,null,null,null,null,null,"","","","","",null,null,null,null,null,null,null,"","","","","",null,null,null,null,null,null,null,"","","","","",null,null,null,null,null,null,null,26,24,1,1,1,1,0,"3",null,null,null,"3","8",null,1,1,1,1,1,1,3,1,1,1,1,2,3,3,3,3,1,2,4,1,1,1,1,1,1,2,18,3]
["HAPUS","00253013","31","72","01","1001","006","012","0022","039","","3172010908880005","SARTONO","09","08","1968",1,1,1,5,5,2,1,"3172014804730007","WAHYUNI","09","04","1973",2,0,1,5,9,2,1,"3172010803960009","BACHTIAR PRABOWO","08","03","1996",3,1,1,6,5,1,1,"3172016706020006","MUTIAR PUSPITASARI","27","06","2002",3,0,1,4,10,1,1,"3172012709040007","BUKHORI ABDULLAH","27","09","2004",3,1,1,2,10,1,1,"","","","","",null,null,null,null,null,null,null,"","","","","",null,null,null,null,null,null,null,26,20,2,1,2,1,1,"1","8",0,0,"3",null,"14",1,1,1,1,1,1,1,1,1,1,1,2,3,3,1,1,3,2,2,1,1,1,1,1,1,2,18,5]
["HAPUS","00253014","31","72","01","1001","006","012","0004","040","","3172012512680004","SUWITO","25","12","1966",1,1,1,6,5,3,4,"3172014411060003","DINI ANGGI NOVITA","04","11","1996",3,0,1,6,5,1,4,"3172011302040005","YOGA ADITYA SAPUTRA","13","02","2004",3,1,1,2,10,1,4,"","","","","",null,null,null,null,null,null,null,"","","","","",null,null,null,null,null,null,null,"","","","","",null,null,null,null,null,null,null,"","","","","",null,null,null,null,null,null,null,26,null,null,null,null,null,0,"3",null,null,null,"3","8",null,1,1,1,1,1,1,3,1,1,1,1,1,3,3,1,1,3,2,2,1,1,1,1,1,1,2,18,3]
["HAPUS","00253015","31","72","01","1001","006","012","0015","041","","3172012708851001","BIANTORO","27","08","1985",1,1,5,7,6,1,4,"","","","","",null,null,null,null,null,null,null,"","","","","",null,null,null,null,null,null,null,"","","","","",null,null,null,null,null,null,null,"","","","","",null,null,null,null,null,null,null,"","","","","",null,null,null,null,null,null,null,"","","","","",null,null,null,null,null,null,null,null,null,null,null,null,null,0,null,null,null,null,null,null,null,1,1,1,1,1,1,3,1,1,1,1,2,3,3,3,3,3,2,4,1,1,1,1,1,1,2,18,1]
["HAPUS","00253016","31","72","01","1001","006","012","0021","042","","3172013110630002","NGSUNTEN","31","10","1963",1,1,5,6,5,2,1,"3172014411700001","LIANNY HOK MOY","04","11","1970",2,0,5,6,9,2,1,"3172011202950003","KELVIA","12","02","1995",3,1,5,6,5,1,1,"3172015604970001","VENNY WIJAYA","16","04","1997",3,0,5,6,5,1,1,"","","","","",null,null,null,null,null,null,null,"","","","","",null,null,null,null,null,null,null,"","","","","",null,null,null,null,null,null,null,36,22,1,1,1,1,1,"1","3",0,3,"3",null,"5",1,1,1,1,1,1,1,1,1,1,1,2,3,3,1,1,3,1,2,1,1,1,1,1,1,2,18,4]
["HAPUS","00253017","31","72","01","1001","006","012","0020","043","","3172010306750003","SULARNO","03","06","1975",1,1,1,5,5,2,4,"3172016506750007","SITI SUSILOWATI","25","06","1975",2,0,1,5,9,2,4,"3172017010990002","SONIA SAPUTRI","30","10","1999",3,0,1,5,10,1,4,"","","","","",null,null,null,null,null,null,null,"","","","","",null,null,null,null,null,null,null,"","","","","",null,null,null,null,null,null,null,"","","","","",null,null,null,null,null,null,null,23,23,0,3,0,3,1,"1","3",1,0,"3",null,"14",1,1,1,1,1,1,1,1,1,1,1,2,3,3,2,2,3,2,4,1,1,1,1,1,1,2,18,4]
["HAPUS","00253018","31","72","01","1001","006","012","0006","044","","3172015709500001","SAIRA","17","09","1950",1,0,1,3,9,3,3,"3172011410760005","YUSUF HALIM","14","10","1976",3,1,1,5,5,3,3,"","","","","",null,null,null,null,null,null,null,"","","","","",null,null,null,null,null,null,null,"","","","","",null,null,null,null,null,null,null,"","","","","",null,null,null,null,null,null,null,"","","","","",null,null,null,null,null,null,null,null,20,2,3,2,3,0,"2","8",null,null,"3","8",null,1,1,1,1,1,1,3,1,1,1,1,2,3,3,3,3,1,2,2,1,1,1,1,1,1,2,18,2]
["HAPUS","00253019","31","72","01","1001","006","012","0018","045","","3172011408560001","BUDI SETIAWAN","14","08","1956",1,1,1,3,2,2,4,"3172015008650006","SUHAR NANIK","10","08","1965",2,0,1,3,9,2,4,"3172016010870006","DEWI ANGGRANI","20","10","1987",3,0,1,7,10,1,4,"3172016912990004","ALFALA NURAINI","28","12","1999",3,0,1,6,10,1,4,"3172012811051006","SULTAN ARJUN HIDAYAT","28","11","2005",4,1,1,2,10,1,4,"3172016004970003","CHRISTY APRILIANY","20","04","1997",4,0,1,7,5,1,4,"","","","","",null,null,null,null,null,null,null,28,18,1,3,1,3,0,"3",null,null,null,"3","8",null,1,1,1,1,1,1,3,1,1,1,1,2,3,3,2,2,3,2,4,1,1,1,1,1,1,2,18,6]
["HAPUS","00253020","31","72","01","1001","006","012","0012","046","","3172011709870005","DEDI SUTRISNO","17","09","1987",1,1,1,6,6,2,4,"3172016607960014","RITA HANDAYANI","26","07","1995",2,0,1,8,9,2,4,"3172014412121008","NAIRA PUTRI ZAKIYAH","04","12","2011",3,0,1,10,10,1,4,"3172011301111009","RAHMAT SUDRAJAD","13","01","2012",3,1,1,10,10,1,4,"","","","","",null,null,null,null,null,null,null,"","","","","",null,null,null,null,null,null,null,"","","","","",null,null,null,null,null,null,null,25,20,1,1,1,1,1,"1","3",0,3,"3",null,"14",1,1,1,1,1,1,1,1,1,1,1,2,2,1,3,3,3,2,2,1,1,1,1,1,1,2,18,4]
["HAPUS","00253021","31","72","01","1001","006","012","0016","047","","3172013005711002","ING LIE","30","05","1971",1,1,5,7,5,2,4,"3172016505731001","TENG TENG","25","06","1973",2,0,5,7,9,2,4,"3172011803961003","CHRISTOPER","18","03","1996",3,1,5,7,10,1,4,"31720131019810002","YANSEN","31","01","1998",3,1,5,7,10,1,4,"","","","","",null,null,null,null,null,null,null,"","","","","",null,null,null,null,null,null,null,"","","","","",null,null,null,null,null,null,null,24,23,2,0,2,0,1,"3",null,null,null,"3","8",null,1,1,1,1,1,1,1,1,1,1,1,2,3,3,2,2,3,2,4,1,1,1,1,1,1,2,18,4]
["HAPUS","00253022","31","72","01","1001","006","012","0008","048","","3171042512830003","ARFI IRAWAN","25","12","1983",1,1,1,7,5,2,1,"3171065905870003","ENI KUSWANTI","18","06","1987",2,0,1,7,5,2,1,"3171046003111002","AZKI ASSYFA MAULIDDINA","20","03","2011",3,1,1,10,10,1,1,"","","","","",null,null,null,null,null,null,null,"","","","","",null,null,null,null,null,null,null,"","","","","",null,null,null,null,null,null,null,"","","","","",null,null,null,null,null,null,null,27,24,1,0,1,0,1,"1","3",4,0,"2",null,"14",1,1,1,1,1,1,3,1,1,1,1,2,1,2,3,3,3,2,4,1,1,1,1,1,1,2,18,3]
["HAPUS","00253023","31","72","01","1001","006","012","0009","049","","3173081501780001","TJIN CU SIEN","05","01","1978",1,1,5,5,5,2,4,"3173086906780001","MARTINI","29","06","1979",2,0,5,6,9,2,4,"3173082006000001","MICHAEL","20","06","2000",3,1,5,2,10,1,4,"3173082804050001","STEVEN FERNANDO","28","04","2005",3,1,5,2,10,1,4,"","","","","",null,null,null,null,null,null,null,"","","","","",null,null,null,null,null,null,null,"","","","","",null,null,null,null,null,null,null,27,23,2,0,2,0,1,"2","3",null,null,"3","8",null,1,1,1,1,1,1,1,1,1,2,1,1,3,3,2,2,3,2,2,1,1,1,1,1,1,2,18,4]
["HAPUS","00253024","31","72","01","1001","006","012","0011","050","","3172012203690001","I MADE JANJI","22","03","1969",1,1,4,7,5,2,2,"3172015202720010","NI KETUT SUNIARMINI","12","05","1972",2,0,4,7,9,2,2,"3172014311970009","NI WAYAN PUJASAVITRI","03","11","1997",3,0,4,7,10,1,2,"3172012912030005","I KOMANG DEWA ANANDA PUTRA","29","12","2003",3,1,4,2,10,1,2,"3172016912030010","NI KADEK DEWI ANANDA PUTRI","29","12","2003",3,0,4,2,10,1,2,"","","","","",null,null,null,null,null,null,null,"","","","","",null,null,null,null,null,null,null,29,27,1,2,1,2,1,"3",null,null,null,"3","8",null,1,1,1,1,1,1,1,1,1,1,1,2,3,3,2,2,3,2,4,1,1,1,1,1,1,2,18,5]
["HAPUS","00253025","31","72","01","1001","006","012","0019","051","","3172012002800002","MUGIYONO","20","02","1980",1,1,1,5,5,2,4,"3328127108810001","LADY PURWATI","31","08","1981",2,0,1,7,6,2,4,"3328126509130001","CALLYSTA SALSABILLA","25","09","2013",3,0,1,10,10,1,4,"","","","","",null,null,null,null,null,null,null,"","","","","",null,null,null,null,null,null,null,"","","","","",null,null,null,null,null,null,null,"","","","","",null,null,null,null,null,null,null,32,31,0,1,0,1,1,"3",null,null,null,"1","8",null,1,1,1,1,1,1,3,1,1,1,1,2,1,2,3,3,3,2,4,1,1,1,1,1,1,2,18,3]
["HAPUS","00253026","31","72","01","1001","006","012","0013","052","","3172010412731001","ASIONG","04","02","1973",1,1,5,6,5,2,4,"3172014604770007","AINA","05","04","1977",2,0,5,6,9,2,4,"3172014605111008","ELIZABETH","06","05","2011",3,0,5,10,10,1,4,"","","","","",null,null,null,null,null,null,null,"","","","","",null,null,null,null,null,null,null,"","","","","",null,null,null,null,null,null,null,"","","","","",null,null,null,null,null,null,null,39,30,0,1,0,1,1,"1","3",0,3,"1",null,"14",1,1,1,1,1,1,3,1,1,1,1,2,2,2,3,3,3,2,2,1,1,1,1,1,1,2,18,3]
["HAPUS","00253027","31","72","01","1001","006","012","0012","053","","3172012811690002","LEHEI","28","11","1969",1,1,5,7,6,2,4,"3172014904730005","KIM CAI","09","04","1973",2,0,5,7,6,2,4,"3172010103010004","MICHAIL JEFRIE","01","03","2001",3,1,5,4,10,1,4,"3172010206040006","MICHO HAFANDI","02","06","2004",3,1,5,2,10,1,4,"","","","","",null,null,null,null,null,null,null,"","","","","",null,null,null,null,null,null,null,"","","","","",null,null,null,null,null,null,null,31,28,2,0,2,0,1,"3",null,null,null,"3","8",null,1,1,1,1,1,1,1,1,1,1,1,2,3,3,2,2,3,2,3,1,1,1,1,1,1,2,18,4]
["HAPUS","00253028","31","72","01","1001","006","012","0002","054","","3172012207791001","UCOK","22","07","1979",1,1,1,7,5,2,4,"3172014902891001","FEBRIYANA","09","02","1989",2,0,1,3,9,2,4,"3172015606101002","LIONTINA LOVELY","16","06","2010",3,0,1,10,10,1,4,"","","","","",null,null,null,null,null,null,null,"","","","","",null,null,null,null,null,null,null,"","","","","",null,null,null,null,null,null,null,"","","","","",null,null,null,null,null,null,null,30,22,0,1,0,1,1,"1","3",5,0,"2",null,"14",1,1,1,1,1,1,3,1,1,1,1,2,1,1,3,3,3,2,4,1,1,1,1,1,1,2,18,3]
["HAPUS","00253029","31","72","01","1001","006","012","0023","055","","3172015805780010","ARTINA","10","05","1978",1,0,5,7,9,1,4,"3172011407851001","JULI SANTOSO","14","07","1985",4,0,5,7,5,1,4,"","","","","",null,null,null,null,null,null,null,"","","","","",null,null,null,null,null,null,null,"","","","","",null,null,null,null,null,null,null,"","","","","",null,null,null,null,null,null,null,"","","","","",null,null,null,null,null,null,null,null,null,null,null,null,null,0,null,null,null,null,null,null,null,1,1,1,1,1,1,3,1,1,1,1,2,3,3,3,3,3,2,4,1,1,1,1,1,1,2,18,2]
["HAPUS","00253030","31","72","01","1001","006","012","001","056","","3172013007780001","SIN TAT","30","07","1978",1,1,5,7,5,2,1,"3172016005840015","MEILIANA","20","05","1984",2,0,5,7,5,2,1,"3172010709121001","ALBERTO FRANSISCO GUI","07","09","2012",3,1,5,10,10,1,1,"3172012612131004","MARCELLO FRANSISCO GUI","26","12","2013",3,1,5,10,10,1,1,"","","","","",null,null,null,null,null,null,null,"","","","","",null,null,null,null,null,null,null,"","","","","",null,null,null,null,null,null,null,32,26,2,0,2,0,1,"1","6",3,0,"2",null,"6",1,1,1,1,1,1,1,1,1,1,1,2,1,2,3,3,3,2,4,1,1,1,1,1,1,2,18,4]
["HAPUS","00253031","31","72","01","1001","006","012","0001","057","","3172010708830019","JONI WARSITO","07","06","1983",1,1,1,7,5,2,4,"3172015704820011","EVA MARIA ULFA","17","04","1982",2,0,1,7,5,2,4,"3172012708071001","IRSYANDI SYAM EVANTO","27","08","2007",3,1,1,2,10,1,4,"3172011010101010","FAZRIL FADHILAH SYAM","10","10","2010",3,1,1,10,10,1,4,"","","","","",null,null,null,null,null,null,null,"","","","","",null,null,null,null,null,null,null,"","","","","",null,null,null,null,null,null,null,23,24,2,0,2,0,1,"1","7",3,0,"1",null,"14",1,1,1,1,1,1,1,1,1,1,1,2,2,2,3,3,3,2,4,1,1,1,1,1,1,2,18,4]
["HAPUS","00253047","31","72","01","1001","006","012","0005","073","","3172011004750003","ROPIL","10","04","1975",1,1,1,7,5,2,4,"3172015201740002","ISMABOTI","12","01","1974",2,0,1,7,9,2,4,"3172011411990001","ASKA FIKRAL KURNIA","14","11","1999",3,1,1,5,10,1,4,"3172012504050003","RIZKI MUHAMMAD GIBRAN","25","04","2005",3,1,1,2,10,1,4,"","","","","",null,null,null,null,null,null,null,"","","","","",null,null,null,null,null,null,null,"","","","","",null,null,null,null,null,null,null,23,24,2,0,2,0,1,"1","3",1,0,"3",null,"14",1,1,1,1,1,1,1,1,1,2,1,2,3,3,2,2,3,2,4,1,1,1,1,1,1,2,18,4]
["HAPUS","00253032","31","72","01","1001","006","012","0021","058","","3172011902750004","SUGENG RIYANTO","19","02","1975",1,1,1,6,5,2,4,"3172014111790006","MASRIYAH ADIYANTII","01","11","1979",2,0,1,6,9,2,4,"3172010503071001","GALIH MUHAMMAD SADAN","05","03","2007",3,1,1,10,10,1,4,"3172015411011006","BILQIS AZKA LATHIFA","14","11","2010",3,0,1,10,10,1,4,"","","","","",null,null,null,null,null,null,null,"","","","","",null,null,null,null,null,null,null,"","","","","",null,null,null,null,null,null,null,24,20,1,1,1,1,1,"1","3",0,3,"2",null,"14",1,1,1,1,1,1,1,1,1,1,1,1,1,2,3,3,3,2,2,1,1,1,1,1,1,2,18,4]
["HAPUS","00253033","31","72","01","1001","006","012","0016","059","","3172012403710003","HAM SULI","04","03","1971",1,1,5,6,5,2,4,"3172016602911002","CHIA SANTI","16","02","1991",2,0,2,5,5,2,4,"","","","","",null,null,null,null,null,null,null,"","","","","",null,null,null,null,null,null,null,"","","","","",null,null,null,null,null,null,null,"","","","","",null,null,null,null,null,null,null,"","","","","",null,null,null,null,null,null,null,27,23,0,0,0,0,1,"3",null,null,null,"1","8",null,1,1,1,1,1,1,3,1,1,1,1,2,3,3,3,3,3,2,2,1,1,1,1,1,1,2,18,2]
["HAPUS","00253034","31","72","01","1001","006","012","0020","060","","3172012602670001","SUKATMAN","26","02","1967",1,1,1,6,5,2,4,"3172015806680002","SUPATMI","18","06","1968",2,0,1,6,9,2,4,"3172016309960002","WAHYU SEPTIANI","23","09","1996",3,0,1,6,5,1,4,"","","","","",null,null,null,null,null,null,null,"","","","","",null,null,null,null,null,null,null,"","","","","",null,null,null,null,null,null,null,"","","","","",null,null,null,null,null,null,null,26,24,0,1,0,1,1,"3",null,null,null,"3","8",null,1,1,1,1,1,1,3,1,1,1,1,1,3,3,2,2,3,2,2,1,1,1,1,1,1,2,18,3]
["HAPUS","00253035","31","72","01","1001","006","012","0003","061","","3172011509630001","KAMILUDIN","15","09","1963",1,1,1,6,5,2,4,"3172016744700001","RITA NAYOAN","24","04","1970",2,0,1,5,9,2,4,"3172015509940003","ANDI MENTARI","15","09","1994",3,1,1,8,10,1,4,"3172016612950004","ANDI RIKA NURANI","26","02","1995",3,1,1,7,10,1,4,"3172010201050004","ANDI SUHADA HIDAYAH","02","01","2005",3,1,1,2,10,1,4,"","","","","",null,null,null,null,null,null,null,"","","","","",null,null,null,null,null,null,null,27,21,1,2,1,2,1,"1","7",0,1,"3",null,"7",1,1,1,1,1,1,1,1,1,1,1,1,3,3,2,1,3,1,2,1,1,1,1,1,1,2,18,5]
["HAPUS","00253036","31","72","01","1001","006","012","0012","062","","3172012305700002","SUNARDI","23","06","1970",1,1,1,7,5,2,1,"3172014602720004","SRI SUPRIYATIN","06","02","1972",2,0,1,7,9,2,1,"3172011204900003","NAUFAL ALFARIZI","12","04","1998",3,1,1,7,10,1,1,"3172011510050004","NUZRIEL ALZIYAD","15","10","2005",3,1,1,2,10,1,1,"","","","","",null,null,null,null,null,null,null,"","","","","",null,null,null,null,null,null,null,"","","","","",null,null,null,null,null,null,null,24,22,2,0,2,0,1,"1","3",0,3,"3",null,"14",1,1,1,1,1,1,1,1,1,1,1,1,3,3,2,1,3,2,2,1,1,1,1,1,1,2,18,4]
["HAPUS","00253037","31","72","01","1001","006","012","0009","063","","3173040906600004","JOHRANI","09","06","1960",1,1,1,7,5,2,4,"3173046407730007","ROHILAH","24","07","1973",2,0,1,7,9,2,4,"3173042303940007","ZULFI YAHYA","23","03","1994",3,1,1,7,5,1,4,"3172010710071003","AZAR YUNUS","07","10","2007",3,1,1,2,10,1,4,"","","","","",null,null,null,null,null,null,null,"","","","","",null,null,null,null,null,null,null,"","","","","",null,null,null,null,null,null,null,32,17,2,0,2,0,1,"1","3",0,3,"3",null,"7",1,1,1,1,1,1,1,1,1,1,1,1,3,3,2,2,3,2,2,1,1,1,1,1,1,2,18,4]
["HAPUS","00253038","31","72","01","1001","006","012","0016","064","","3172011307770001","EPI EPENDI","19","07","1977",1,1,1,5,5,2,1,"3172015707780002","ETI SUSILAWATI","17","07","1978",2,0,1,6,9,2,1,"3172016403980002","YULIANA","24","03","1998",3,0,1,6,10,1,1,"3172012703040001","RIPKI EFENDI","27","03","2004",3,1,1,2,10,1,1,"","","","","",null,null,null,null,null,null,null,"","","","","",null,null,null,null,null,null,null,"","","","","",null,null,null,null,null,null,null,23,20,1,1,1,1,1,"1","3",0,3,"3",null,"6",1,1,1,1,1,1,1,1,1,1,1,1,3,3,2,2,3,2,2,1,1,1,1,1,1,2,18,4]
["HAPUS","00253039","31","72","01","1001","006","012","0009","065","","3173025202750005","LIE LU SIE","12","02","1975",1,0,5,7,5,3,4,"3173020502020006","ANDREW","06","02","2002",3,1,5,2,10,1,4,"3172014401121003","LIE ALYA PATRICIA","04","01","2012",3,0,5,10,10,1,4,"","","","","",null,null,null,null,null,null,null,"","","","","",null,null,null,null,null,null,null,"","","","","",null,null,null,null,null,null,null,"","","","","",null,null,null,null,null,null,null,null,27,1,1,1,1,0,"3",null,null,null,"3","8",null,1,1,1,1,1,1,3,1,1,1,1,1,2,2,2,2,3,2,2,1,1,1,1,1,1,2,18,3]
["HAPUS","00253040","31","72","01","1001","006","012","0007","066","","3172010907720001","SARYONO","09","07","1972",1,1,1,6,5,2,4,"3172015204750001","ERIK AFRIKA","12","04","1976",2,0,1,6,9,2,4,"3172015402990002","PRAMADYA VALENTINA","14","02","1999",3,0,1,6,10,1,4,"3172014903040002","KHOTIFAH SALMA ISNABILLAH","09","03","2004",3,0,1,4,10,1,4,"","","","","",null,null,null,null,null,null,null,"","","","","",null,null,null,null,null,null,null,"","","","","",null,null,null,null,null,null,null,27,25,0,2,0,2,1,"1","7",0,1,"3",null,"6",1,1,1,1,1,1,1,1,1,1,1,1,3,3,2,2,3,2,2,1,1,1,1,1,1,2,18,4]
["HAPUS","00253041","31","72","01","1001","006","012","0001","067","","3172010409720003","BUSRONI","04","09","1972",1,1,1,5,9,2,1,"3172014706800002","TITIN SUHARTINI","07","06","1980",2,0,1,5,9,2,1,"3172016505040001","SULISTIYA REFINA","25","05","2004",3,0,1,2,10,1,1,"","","","","",null,null,null,null,null,null,null,"","","","","",null,null,null,null,null,null,null,"","","","","",null,null,null,null,null,null,null,"","","","","",null,null,null,null,null,null,null,30,22,0,1,0,1,1,"3",null,null,null,"1","8",null,1,1,1,1,1,1,3,1,1,1,1,2,3,3,2,2,3,2,4,1,1,1,1,1,1,2,18,3]
["HAPUS","00253042","31","72","01","1001","006","012","0023","068","","3172010709750004","WIDARTO","07","09","1975",1,1,1,6,5,2,1,"3172016410700008","KUSNIATI","14","10","1970",2,0,1,5,5,2,1,"3172012308001001","YUSUF PRAWITO","23","08","2000",3,1,1,5,10,1,1,"3172012312061004","BAYU PRASETIO","23","12","2006",3,1,1,2,10,1,1,"","","","","",null,null,null,null,null,null,null,"","","","","",null,null,null,null,null,null,null,"","","","","",null,null,null,null,null,null,null,24,19,2,0,2,0,1,"3",null,null,null,"3","8",null,1,1,1,1,1,1,1,1,1,1,1,1,3,3,2,2,3,2,2,1,1,1,1,1,1,2,18,4]
["HAPUS","00253043","31","72","01","1001","006","012","0022","069","","3172014609590003","MAYEM","06","09","1959",1,0,1,3,6,3,4,"3172014101870002","USANAH TRIJAYANTI","01","01","1987",3,0,1,7,6,1,4,"","","","","",null,null,null,null,null,null,null,"","","","","",null,null,null,null,null,null,null,"","","","","",null,null,null,null,null,null,null,"","","","","",null,null,null,null,null,null,null,"","","","","",null,null,null,null,null,null,null,null,22,0,1,0,1,0,"3",null,null,null,"3","8",null,1,1,1,1,1,1,3,1,1,1,1,2,3,3,3,3,3,2,4,1,1,1,1,1,1,2,18,2]
["HAPUS","00253044","31","72","01","1001","006","012","0003","070","","3172010505620017","MAHRUDIN","05","05","1962",1,1,1,9,5,2,1,"3172016904650002","LEGINAH","29","04","1965",2,0,1,7,5,2,1,"3172015704990001","DIAN AYU APRILIANA","17","04","1999",3,0,1,6,10,1,1,"3172012305030005","IRVAN MAULANA","23","05","2003",3,1,1,4,10,1,1,"","","","","",null,null,null,null,null,null,null,"","","","","",null,null,null,null,null,null,null,"","","","","",null,null,null,null,null,null,null,31,28,1,1,1,1,0,"3",null,null,null,"3","8",null,1,1,1,1,1,1,3,1,1,1,1,1,3,3,2,2,3,2,4,4,1,1,1,1,1,2,18,4]
["HAPUS","00253045","31","72","01","1001","006","012","0017","071","","3172013112590032","SAKARIAS MARUS","31","12","1959",1,1,1,9,5,2,4,"3172016006680009","YUNITA BRPURBA","20","06","1969",2,0,1,9,9,2,4,"3172015709990006","ANTONIA ANDINIMN","17","09","1999",3,1,1,5,10,1,4,"3172012207040004","LAURENSIUS JOHANESP","22","07","2004",3,0,1,2,10,1,4,"","","","","",null,null,null,null,null,null,null,"","","","","",null,null,null,null,null,null,null,"","","","","",null,null,null,null,null,null,null,31,29,1,1,1,1,1,"1","3",0,3,"3",null,"14",1,1,1,1,1,1,1,1,1,1,1,1,3,3,2,2,3,2,2,1,1,1,1,1,1,2,18,4]
["HAPUS","00253046","31","72","01","1001","006","012","0005","072","","1901010107960012","URIFNUR SUSANTO","01","07","1996",1,1,1,8,9,1,1,"","","","","",null,null,null,null,null,null,null,"","","","","",null,null,null,null,null,null,null,"","","","","",null,null,null,null,null,null,null,"","","","","",null,null,null,null,null,null,null,"","","","","",null,null,null,null,null,null,null,"","","","","",null,null,null,null,null,null,null,null,null,null,null,null,null,0,null,null,null,null,null,null,null,1,1,1,1,1,1,3,1,1,1,1,2,3,3,2,2,3,2,4,1,1,1,1,1,1,2,18,1]
["HAPUS","00253048","31","72","01","1001","006","013","0012","001","","3172014304630011","MURTI","03","04","1963",1,0,1,3,9,3,1,"","","","","",null,null,null,null,null,null,null,"","","","","",null,null,null,null,null,null,null,"","","","","",null,null,null,null,null,null,null,"","","","","",null,null,null,null,null,null,null,"","","","","",null,null,null,null,null,null,null,"","","","","",null,null,null,null,null,null,null,null,23,2,2,2,2,0,"2","3",null,null,"3","8",null,1,1,1,1,1,1,3,1,1,1,1,1,3,3,3,3,3,2,2,1,1,1,1,1,1,2,18,1]
["HAPUS","00253049","31","72","01","1001","003","013","0018","002",null,"31720150375000","NURJEN JENAL MUTAKIN","05","03","1975",1,1,1,5,5,2,4,"3172014206740010","GITI MUAMANAH","02","06","1974",2,0,1,5,9,2,4,"3172011108990005","AMAD RIZAL MUHIDIN","11","08","1999",3,1,1,5,10,1,4,"3172015911091001","SIFA NUR AINI","19","11","2009",3,0,1,10,10,1,4,"","","","","",null,null,null,null,null,null,null,"","","","","",null,null,null,null,null,null,null,"","","","","",null,null,null,null,null,null,null,22,22,1,1,1,1,1,"1","3",0,3,"3",null,"14",1,1,1,1,1,1,1,1,1,1,1,1,3,3,2,2,3,2,2,1,1,1,1,1,1,2,18,4]
["HAPUS","00253050","31","72","01","1001","006","013","0023","003","","3172011003760024","IWAYAN TISNA WARDANA","10","03","1976",1,1,5,6,5,2,1,"3172014709780014","LINDA","07","09","1978",2,0,5,4,9,2,1,"3172013107971003","RISWAN LEO","31","07","1997",3,1,3,4,10,1,1,"3172015407091002","WAYAN PRIYANKA WARDANA","14","11","2002",3,0,5,10,10,1,1,"3172011911121006","IMADE NARENDRA WARDANA","19","11","2012",3,1,5,10,10,1,1,"3172010202791004","IKADEK SRINADI","02","02","1979",4,1,5,6,5,1,1,"","","","","",null,null,null,null,null,null,null,32,18,2,1,2,1,1,"1","1",3,0,"3",null,"1",1,1,1,1,1,1,1,1,1,1,1,2,1,1,2,2,3,2,2,1,1,1,1,1,1,2,18,6]
["HAPUS","00253051","31","72","01","1001","006","013","0021","004","","3170212302820003","EKO PRASETIO","23","02","1982",1,1,1,6,5,2,1,"3170046707700011","NADIA","17","07","1979",2,0,1,9,9,2,1,"3172011909131001","ANUNG HADIN DITO ZIKRI","19","09","2013",3,1,1,10,10,1,1,"","","","","",null,null,null,null,null,null,null,"","","","","",null,null,null,null,null,null,null,"","","","","",null,null,null,null,null,null,null,"","","","","",null,null,null,null,null,null,null,32,31,1,0,1,0,1,"1","3",0,1,"2",null,"7",1,1,1,1,1,1,3,1,1,1,1,1,1,2,3,3,3,2,2,1,1,1,1,1,1,2,18,3]
["HAPUS","00253052","31","72","01","1001","006","013","0019","005","","3172011201800014","JOKO SANTOSO","12","01","1980",1,1,1,6,5,2,4,"3172010701101003","LILI MULATSARI","13","05","1974",2,0,1,6,9,2,4,"3172015305740016","AHMAD AZMI MUTAARROFI","07","01","2010",3,1,1,2,10,1,4,"","","","","",null,null,null,null,null,null,null,"","","","","",null,null,null,null,null,null,null,"","","","","",null,null,null,null,null,null,null,"","","","","",null,null,null,null,null,null,null,22,27,1,0,1,0,1,"1","6",3,0,"2",null,"1",1,1,1,1,1,1,3,1,1,1,1,1,2,2,3,3,3,2,2,1,1,1,1,1,1,2,18,3]
["HAPUS","00253053","31","72","01","1001","006","013","0016","006","","3172012405620001","SOBRI","04","05","1962",1,1,1,2,5,2,4,"3172014204670006","EMIBINTI KENIM","02","04","1967",2,0,1,6,9,2,4,"3172012208930004","SUTINDA","22","08","1993",3,0,1,6,5,1,4,"","","","","",null,null,null,null,null,null,null,"","","","","",null,null,null,null,null,null,null,"","","","","",null,null,null,null,null,null,null,"","","","","",null,null,null,null,null,null,null,21,15,1,0,1,0,1,"2","3",null,null,"3","8",null,1,1,1,1,1,1,3,1,1,1,1,1,3,3,2,2,3,2,2,1,1,1,1,1,1,2,18,3]
["HAPUS","00253054","31","72","01","1001","006","013","0016","007","","3172015602820010","IKAH HERIINA","16","02","1965",1,0,1,7,5,3,4,"3172015712020005","CHRISTI RIA MARISKA","17","12","1967",3,0,1,4,10,1,4,"3172015906111014","NADYA SAFWA","29","06","2011",3,0,1,10,10,1,4,"","","","","",null,null,null,null,null,null,null,"","","","","",null,null,null,null,null,null,null,"","","","","",null,null,null,null,null,null,null,"","","","","",null,null,null,null,null,null,null,null,32,0,2,0,2,0,"3",null,null,null,"3","8",null,1,1,1,1,1,1,3,1,1,1,1,1,1,1,3,3,3,2,2,1,1,1,1,1,1,2,18,3]
["HAPUS","00253055","31","72","01","1001","006","013","0002","008","","3172012201720001","MOHAMAD TOHIR","22","01","1972",1,1,1,6,6,2,4,"3172016309760006","ESTI DIAH AGUSTINA","23","09","1976",2,0,1,6,9,2,4,"3172014904990003","MITA HERAWATI","09","04","1999",3,0,1,3,10,1,4,"3172015210060008","WULAN OCTAVIA RAMAHANI","12","10","2006",3,0,1,3,10,1,4,"","","","","",null,null,null,null,null,null,null,"","","","","",null,null,null,null,null,null,null,"","","","","",null,null,null,null,null,null,null,26,22,0,2,0,2,1,"1","3",0,3,"3",null,"7",1,1,1,1,1,1,1,1,1,1,1,1,3,3,2,2,3,2,1,1,1,1,1,1,1,2,18,4]
["HAPUS","00253056","31","72","01","1001","006","013","0003","009","","3172012711600005","FENDI AZIS","27","11","1960",1,1,1,6,5,2,4,"3172014612760012","SITI MARJIAH","08","12","1976",2,0,1,6,9,2,4,"3172014406980001","JENIE","04","06","1998",3,0,1,6,10,1,4,"3172014607031001","JELIEN AFENDI","06","07","2003",3,0,1,4,10,1,4,"","","","","",null,null,null,null,null,null,null,"","","","","",null,null,null,null,null,null,null,"","","","","",null,null,null,null,null,null,null,28,25,0,2,0,2,1,"2","3",null,null,"3","8",null,1,1,1,1,1,1,1,1,1,1,1,1,3,3,2,2,3,2,2,1,1,1,1,1,1,2,18,4]
["HAPUS","00253057","31","72","01","1001","006","013","0010","010","","3172011709771002","MARJONO","17","09","1977",1,1,1,7,5,2,4,"3172016710811002","SUNARSIH SITI NURINAYAH","27","10","1981",2,0,1,7,9,2,4,"3172010504051005","ALGIA LUVEN BUDI PRASOJO","05","04","2005",3,1,1,2,10,1,4,"","","","","",null,null,null,null,null,null,null,"","","","","",null,null,null,null,null,null,null,"","","","","",null,null,null,null,null,null,null,"","","","","",null,null,null,null,null,null,null,23,22,1,0,1,0,1,"3",null,null,null,"2","8",null,1,1,1,1,1,1,3,1,1,1,1,2,3,3,2,2,3,2,2,1,1,1,1,1,1,2,18,3]
["HAPUS","00253058","31","72","01","1001","006","013","0013","011","","3172015005680004","DASEM","10","05","1968",1,1,1,3,9,2,2,"3172016509910002","ERNI MULYANI","25","09","1991",2,0,1,6,5,2,2,"3172011409950002","RAHMAN SIDIK","14","09","1995",3,1,1,6,10,1,2,"3172010911420004","AGUS SANTOSO","29","11","2007",3,1,1,2,10,1,2,"3172012506890004","AJIS KOSWORO","25","06","1989",4,1,1,6,5,1,2,"","","","","",null,null,null,null,null,null,null,"","","","","",null,null,null,null,null,null,null,19,20,2,1,2,1,1,"2","8",null,null,"3","8",null,1,1,1,1,1,1,1,1,1,1,1,1,3,3,2,2,3,2,2,1,1,1,1,1,1,1,18,5]
["HAPUS","00253059","31","72","01","1001","006","013","0015","012","","3172013011620002","TAN CIE NUAT","30","11","1962",1,1,5,3,6,2,4,"3172016204620003","LEE TJHUN","22","04","1962",2,0,5,3,9,2,4,"3172011103950003","RICKY TIRTAMASJAYA","11","03","1995",3,1,5,5,6,1,4,"3172015203960004","LANI DIANA","12","03","1996",3,0,5,5,6,1,4,"3172010306020002","DJOHAN","03","06","2002",3,1,5,2,10,1,4,"","","","","",null,null,null,null,null,null,null,"","","","","",null,null,null,null,null,null,null,30,30,2,1,2,1,0,"1","6",3,0,"3",null,"6",1,1,1,1,1,1,3,1,1,1,1,1,3,3,2,2,3,2,2,1,1,1,1,1,1,2,18,5]
["HAPUS","00253060","31","72","01","1001","006","013","0009","013","","3172011906670005","MOROARTO","19","06","1967",1,1,1,7,5,2,4,"3172014111740004","TRI TUSNI","01","11","1974",2,0,1,5,9,2,4,"3172014802980007","LINA YULIA SANDRI","08","02","1998",3,0,1,5,10,1,4,"3172013101050002","ALAMA SURO GANI","31","01","2006",3,1,1,2,10,1,4,"","","","","",null,null,null,null,null,null,null,"","","","","",null,null,null,null,null,null,null,"","","","","",null,null,null,null,null,null,null,32,30,1,1,1,1,1,"2","8",null,null,"3","8",null,1,1,1,1,1,1,1,1,1,1,1,1,3,3,2,2,3,2,2,1,1,1,1,1,1,2,18,4]
["HAPUS","00253061","31","72","01","1001","006","013","0012","014","","3172011004710011","BAMBANG PURWANTO","10","04","1974",1,1,1,5,5,2,4,"3172014702770003","ITA SUNITA SITOMPUL","07","02","1977",2,0,1,5,9,2,4,"3172011301990006","ZAIDAN RAMADHAN","13","01","1999",3,1,1,6,10,1,4,"3172015304010003","DAFFA SALSABILA","13","04","2001",3,0,1,4,10,1,4,"3172017103070002","SIFFA AULIANA","31","03","2007",3,0,1,2,10,1,4,"","","","","",null,null,null,null,null,null,null,"","","","","",null,null,null,null,null,null,null,28,22,1,3,1,3,1,"1","3",0,3,"3",null,"14",1,1,1,1,1,1,1,1,1,1,1,1,3,3,2,2,3,2,2,1,1,1,1,1,1,2,18,5]
["HAPUS","00253062","31","72","01","1001","006","013","0013","015","","3172010305790009","ANG BUN HEN","03","05","1979",1,1,5,5,5,2,4,"3172016207780009","LENAWATI","22","07","1978",2,0,5,3,9,2,4,"3172010910050010","SISCA MERYANA","02","05","2004",3,0,5,2,10,1,4,"3172010910050010","VINCEN CHANRA WIJAYA","09","10","2005",3,1,5,2,10,1,4,"","","","","",null,null,null,null,null,null,null,"","","","","",null,null,null,null,null,null,null,"","","","","",null,null,null,null,null,null,null,24,25,1,1,1,1,1,"1","3",0,3,"2",null,"14",1,1,1,1,1,1,1,1,1,2,2,2,3,3,2,2,3,2,2,1,1,1,1,1,1,2,18,4]
["HAPUS","00253063","31","72","01","1001","006","013","0010","016","","3172012412660003","MUHAMMAD RIYANTO SHIDDIQ","04","12","1966",1,1,1,6,5,2,4,"3172016501790006","SHOLEHATUNAZZAHRO","06","01","1979",2,0,1,5,9,2,4,"3172015606090002","SALWA FAUZIYAH AZZAHRA","16","06","2009",3,0,1,2,10,1,4,"","","","","",null,null,null,null,null,null,null,"","","","","",null,null,null,null,null,null,null,"","","","","",null,null,null,null,null,null,null,"","","","","",null,null,null,null,null,null,null,30,28,0,1,0,1,1,"1","6",3,0,"2",null,"14",1,1,1,1,1,1,3,1,1,1,1,1,3,3,3,3,3,2,2,1,1,1,1,1,1,2,18,3]
["HAPUS","00253064","31","72","01","1001","006","013","0021","017","","3172012909730003","SUWADI","29","09","1973",1,1,1,7,5,2,4,"3172015003760001","SRI RAHAYU","10","03","1976",2,0,1,7,9,2,4,"3172016210760001","YASINTA EKA NURMALA","22","10","1997",3,0,1,7,10,1,4,"3172016509000001","YUSFA INDAH QUR'AINI","25","09","2000",3,0,1,4,10,1,4,"3172010203141003","MUHAMMAD ABI","02","03","2014",3,1,1,10,10,1,4,"","","","","",null,null,null,null,null,null,null,"","","","","",null,null,null,null,null,null,null,23,21,1,2,1,2,1,"2","1",null,null,"3","8",null,1,1,1,1,1,1,1,1,1,1,1,1,1,2,2,2,3,2,2,1,1,1,1,1,1,2,18,5]
["HAPUS","00253065","31","72","01","1001","006","013","0004","018","","3172010312770004","RIKO HASAN","03","12","1977",1,1,1,7,5,2,4,"3172016207770013","SUMIATI","12","07","1977",2,0,1,7,9,2,4,"3172016504000003","ERICKA APRILLIA","25","04","2000",3,0,1,6,10,1,4,"3172010110140007","FAYI ALBIAN ZAIN","01","10","2014",3,1,1,10,10,1,4,"","","","","",null,null,null,null,null,null,null,"","","","","",null,null,null,null,null,null,null,"","","","","",null,null,null,null,null,null,null,24,22,1,1,1,1,1,"1","3",0,3,"3",null,"6",1,1,1,1,1,1,1,1,1,1,1,1,1,2,2,2,3,2,4,1,1,1,1,1,1,2,18,4]
["HAPUS","00253066","31","72","01","1001","006","013","0005","019","","3172011005700005","ZAINUL ARIFIN","10","06","1970",1,1,1,7,5,2,1,"3172014507760004","AWIRMA","06","07","1976",2,0,1,7,9,2,1,"3172010401030002","MUHAMMAD","04","01","2003",3,1,1,4,10,1,1,"3172010507840008","SYAHRIL","05","07","2005",3,1,1,4,10,1,1,"3172015212031003","SUCI RAMADHANI","12","12","2010",3,0,1,2,10,1,1,"","","","","",null,null,null,null,null,null,null,"","","","","",null,null,null,null,null,null,null,25,23,2,1,2,1,1,"1","6",3,0,"3",null,"14",1,1,1,1,1,1,1,1,1,1,1,2,2,2,2,2,3,2,2,1,1,1,1,1,1,2,18,5]
["HAPUS","00253067","31","72","01","1001","006","013","0017","020","","3172012102820003","TONY","21","02","1982",1,1,5,6,5,2,4,"3172015011970007","DESI","12","11","1987",2,0,5,6,9,2,4,"3107201301111001","CHRISTOPHER","30","11","2011",3,1,5,10,10,1,4,"3172016301131006","MICHELLOLMA","23","01","2013",3,0,5,10,10,1,4,"","","","","",null,null,null,null,null,null,null,"","","","","",null,null,null,null,null,null,null,"","","","","",null,null,null,null,null,null,null,29,26,1,1,1,1,1,"1","7",0,1,"2",null,"14",1,1,1,1,1,1,1,1,1,1,1,2,2,2,3,3,3,2,2,1,1,1,1,1,1,2,18,4]
["HAPUS","00253068","31","72","01","1001","006","013","0009","021","","3172010609440001","TJIOKTIE","06","09","1944",1,1,5,6,5,2,4,"3172016105510001","PEKENG","21","06","1951",2,0,5,5,9,2,4,"3172010612840003","JOHAN","06","12","1984",3,1,5,6,5,1,4,"","","","","",null,null,null,null,null,null,null,"","","","","",null,null,null,null,null,null,null,"","","","","",null,null,null,null,null,null,null,"","","","","",null,null,null,null,null,null,null,38,32,1,0,1,0,0,"3",null,null,null,"3","8",null,1,1,1,1,1,1,3,1,1,1,1,2,3,3,3,3,2,2,2,1,1,1,1,1,1,2,18,3]
["HAPUS","00253069","31","72","01","1001","006","013","0007","022","","3172012208720015","DIRMAN","22","08","1972",1,1,1,5,5,2,4,"3172014502750002","LINDA SUSIANTI","05","02","1975",2,0,1,5,9,2,4,"3172010303941001","RIAN HERMAWAN","03","03","1994",3,1,1,7,10,1,4,"3172010506031002","ARFAN REYNATA","05","06","2003",3,1,1,4,10,1,4,"3172011106111007","RAFA ALFARIZI","11","06","2011",3,1,1,10,10,1,4,"","","","","",null,null,null,null,null,null,null,"","","","","",null,null,null,null,null,null,null,20,18,3,0,3,0,1,"1","7",0,1,"2",null,"14",1,1,1,1,1,1,1,1,1,1,1,1,2,2,2,2,3,2,2,1,1,1,1,1,1,2,18,5]
["HAPUS","00253070","31","72","01","1001","006","013","0011","023","","3172011208670008","JOPIL PRAYITNO","12","08","1967",1,1,1,5,5,2,4,"3172016406770014","KATMIATI","24","06","1977",2,0,1,5,9,2,4,"","","","","",null,null,null,null,null,null,null,"","","","","",null,null,null,null,null,null,null,"","","","","",null,null,null,null,null,null,null,"","","","","",null,null,null,null,null,null,null,"","","","","",null,null,null,null,null,null,null,23,22,0,0,0,0,1,"3",null,null,null,"2","8",null,1,1,1,1,1,1,3,1,1,1,1,2,3,3,3,3,3,2,2,1,1,1,1,1,1,2,18,2]
["HAPUS","00253071","31","72","01","1001","006","013","0019","024","","3172011804830002","RIDUANTO","18","04","1983",1,1,5,3,5,2,4,"3172016807800001","ROHATI","29","07","1980",2,0,5,3,5,2,4,"","","","","",null,null,null,null,null,null,null,"","","","","",null,null,null,null,null,null,null,"","","","","",null,null,null,null,null,null,null,"","","","","",null,null,null,null,null,null,null,"","","","","",null,null,null,null,null,null,null,28,26,0,0,0,0,1,"3",null,null,null,"3","8",null,1,1,1,1,1,1,3,1,1,1,1,1,3,3,3,3,3,1,2,2,2,2,2,2,2,2,18,2]
["HAPUS","00253072","31","72","01","1001","006","013","0016","025","","3172013112770007","HINARI","31","12","1977",1,1,1,7,5,2,1,"3172014161100010","SUHARTINAH","06","11","1980",2,0,1,7,9,2,1,"3172014804030005","VALIA RAHMA","08","04","2003",3,0,1,2,10,1,4,"3172011111051004","MUCHAMMAD DANANG BAYU H","11","11","2005",3,1,1,2,10,1,4,"3172012206860005","IRMAN","22","06","1986",4,1,1,7,5,1,4,"","","","","",null,null,null,null,null,null,null,"","","","","",null,null,null,null,null,null,null,23,21,1,1,1,1,1,"1","3",0,3,"2",null,"14",1,1,1,1,1,1,1,1,1,1,1,1,3,3,2,2,3,2,2,1,1,1,1,1,1,2,18,5]
["HAPUS","00253073","31","72","01","1001","006","013","0008","026","","3172014812710002","NURJANI","08","12","1971",1,0,1,6,9,3,4,"3172011106961002","FERRY DIAN PUTRA WIJAYA","11","06","1996",3,1,1,6,10,1,4,"","","","","",null,null,null,null,null,null,null,"","","","","",null,null,null,null,null,null,null,"","","","","",null,null,null,null,null,null,null,"","","","","",null,null,null,null,null,null,null,"","","","","",null,null,null,null,null,null,null,null,25,1,0,1,0,0,"3",null,null,null,"3","8",null,1,1,1,1,1,1,3,1,1,1,1,1,3,3,2,2,3,2,2,1,1,1,1,1,1,2,18,2]
["HAPUS","00253074","31","72","01","1001","006","013","0020","027","","3172010412590001","ARMEN","04","12","1959",1,1,1,7,9,2,4,"3172016606650004","KASIMAH","26","06","1965",2,0,1,5,9,2,4,"3172016105880001","FARAH DIBA","21","05","1988",3,0,1,7,5,1,4,"","","","","",null,null,null,null,null,null,null,"","","","","",null,null,null,null,null,null,null,"","","","","",null,null,null,null,null,null,null,"","","","","",null,null,null,null,null,null,null,33,29,0,1,0,1,0,"3",null,null,null,"3","8",null,1,1,1,1,1,1,3,1,1,1,1,1,3,3,3,3,3,2,1,1,1,1,1,1,1,2,18,3]
["HAPUS","00253075","31","72","01","1001","006","013","0012","028","","3173013009760015","SUBANDI","03","09","1976",1,1,5,7,6,1,4,"","","","","",null,null,null,null,null,null,null,"","","","","",null,null,null,null,null,null,null,"","","","","",null,null,null,null,null,null,null,"","","","","",null,null,null,null,null,null,null,"","","","","",null,null,null,null,null,null,null,"","","","","",null,null,null,null,null,null,null,null,null,null,null,null,null,0,null,null,null,null,null,null,null,1,1,1,1,1,1,3,1,1,2,1,2,3,3,3,3,3,1,2,1,1,1,1,1,1,2,18,1]
["HAPUS","00253076","31","72","01","1001","006","013","0016","029","","3173040608580002","SUTRISNO","06","08","1958",1,1,1,5,5,3,4,"3173042109410001","BUDI SANTOSO","21","07","1981",3,1,1,7,5,1,4,"3173043110880006","BAMBANG","31","10","1988",3,1,1,7,5,1,4,"3173044908910004","YUNIMAELANA","09","08","1991",3,0,1,7,5,1,4,"","","","","",null,null,null,null,null,null,null,"","","","","",null,null,null,null,null,null,null,"","","","","",null,null,null,null,null,null,null,26,null,null,null,null,null,0,"3",null,null,null,"3","8",null,1,1,1,1,1,1,3,1,1,1,1,1,3,3,2,2,3,2,2,1,1,1,1,1,1,2,18,4]
["HAPUS","00253077","31","72","01","1001","006","013","0007","030","","3172010201640002","TASRIF M YUSUF","02","01","1964",1,1,1,5,5,2,4,"3172015706990003","SITI MUTMAINAH","17","05","1969",2,0,1,5,9,2,4,"3172012712930005","ACHMAD NAZHIF RACHMAN","27","12","1993",3,1,1,7,5,1,4,"3172016301980006","ANNI MUJAHID RASUNAH","23","01","1998",3,0,1,7,10,1,4,"3172011507041002","ACHMAD SYAFIQ EL FURQON","15","07","2004",3,1,1,2,10,1,4,"3172011001061002","IRSYAD KARIM NASRULLAH","10","01","2006",3,1,1,2,10,1,4,"","","","","",null,null,null,null,null,null,null,28,25,3,1,3,1,1,"1","6",3,0,"3",null,"6",1,1,1,1,1,1,1,1,1,1,1,1,3,3,2,1,3,2,2,1,1,1,1,1,1,2,18,6]
["HAPUS","00253078","31","72","01","1001","006","013","0005","031","","3173040205680003","SUKIR","02","05","1968",1,1,1,7,5,2,4,"3173045005760006","SOPIAH","10","06","1976",2,0,1,5,9,2,4,"3173045010001007","FITRIYAH","10","10","2000",3,0,1,5,10,1,4,"3173042010060002","RISKY RAMADANI","27","05","2008",3,1,1,2,10,1,4,"3173046705081005","MERI HANDAYANI","16","03","2013",3,0,1,10,10,1,4,"3173041603131005","RANGGA MULIA","02","07","2014",3,1,1,10,10,1,4,"","","","","",null,null,null,null,null,null,null,26,22,1,2,1,2,1,"1","3",0,3,"3",null,"14",1,1,1,1,1,1,1,1,1,1,1,1,1,2,2,2,3,2,2,1,1,1,1,1,1,2,18,6]
["HAPUS","00253079","31","72","01","1001","006","013","0006","032","","3171080210790001","BAMBANG","02","10","1979",1,1,1,7,5,2,4,"3171096712800001","ERLINA","27","12","1990",2,0,1,7,9,2,4,"3171084502060002","FEBRIYANTI HERLAMBANG","05","02","2006",3,0,1,2,10,1,4,"3171082201080001","RYAN HERLAMBANG","22","01","2008",3,1,1,2,10,1,4,"","","","","",null,null,null,null,null,null,null,"","","","","",null,null,null,null,null,null,null,"","","","","",null,null,null,null,null,null,null,22,21,1,1,1,1,1,"1","3",0,3,"3",null,"14",1,1,1,1,1,1,1,1,1,1,1,1,3,3,3,3,3,2,1,1,1,1,1,1,1,2,18,4]
["HAPUS","00253080","31","72","01","1001","006","013","0023","033","","3172013010791001","SIONG HENG","30","10","1979",1,1,5,7,6,2,4,"3171024604780004","ME CEN","06","04","1978",2,0,5,7,5,2,4,"","","","","",null,null,null,null,null,null,null,"","","","","",null,null,null,null,null,null,null,"","","","","",null,null,null,null,null,null,null,"","","","","",null,null,null,null,null,null,null,"","","","","",null,null,null,null,null,null,null,27,27,0,0,0,0,1,"3",null,null,null,"3","8",null,1,1,1,1,1,1,3,1,1,1,1,1,3,3,3,3,3,2,2,1,1,1,1,1,1,2,18,2]
["HAPUS","00253081","31","72","01","1001","006","013","0001","034","","3172010407690009","TOLU SUTIFNO","04","07","1969",1,1,1,7,5,2,4,"3172015604720002","NURYANTI","16","04","1972",2,0,1,7,9,2,4,"3172010704970002","RAHMAD AZIZ ZULKARNAIN","07","04","1997",3,1,1,5,10,1,4,"3172016309010003","PUTRI DEWI NURFADILA","23","09","2001",3,0,1,4,10,1,4,"3172017006071003","SELY NURHABYFA","30","06","2007",3,0,1,2,10,1,4,"3172012602121002","MUHAMAD ASKHA MUNTAKHO","26","02","2012",3,1,1,10,10,1,4,"3172012602121003","MUHAMAD ASKHI MUNKITO","26","02","2012",3,1,1,10,10,1,4,27,26,2,3,2,3,1,"1","1",0,0,"3",null,"14",1,1,1,1,1,1,1,1,1,1,1,1,2,1,2,2,3,2,2,1,1,1,1,1,1,2,18,7]
["HAPUS","00253082","31","72","01","1001","006","013","0004","035","","3172012511720003","RMEGA NATHA GATOT A","25","11","1972",1,1,1,9,5,2,4,"3172017001690004","LILIN PUJIATUN","30","01","1969",2,0,1,7,5,2,4,"3172012201080003","FARREL ADITYA RAHMAN","22","01","2008",3,1,1,2,10,1,4,"3172015305101004","FAIRUZ ADELIA RAHMADHANY","13","05","2010",3,0,1,10,10,1,4,"","","","","",null,null,null,null,null,null,null,"","","","","",null,null,null,null,null,null,null,"","","","","",null,null,null,null,null,null,null,23,22,1,1,1,1,1,"1","6",3,0,"3",null,"14",1,1,1,1,1,1,1,1,1,1,1,1,2,2,3,3,3,2,2,1,1,1,1,1,1,2,18,4]
["HAPUS","00253083","31","72","01","1001","006","013","0002","036","","3172010102730008","TAN ING KU","01","02","1973",1,1,5,3,2,2,4,"3172017010620007","DINA MARINA","30","10","1982",2,0,5,7,9,2,4,"3172011306081001","PETER TANIUS","13","06","2008",3,1,5,2,10,1,4,"3172014401111001","STEPHANIE TANIUS","04","01","2011",3,0,5,10,10,1,4,"3172010910131003","PHILBERT TANIUS","09","10","2013",3,1,5,10,10,1,4,"","","","","",null,null,null,null,null,null,null,"","","","","",null,null,null,null,null,null,null,24,23,2,1,2,1,1,"1","3",0,3,"3",null,"14",1,1,1,1,1,1,1,1,1,1,1,1,1,2,3,3,3,2,2,1,1,1,1,1,1,2,18,5]
["HAPUS","00253084","31","72","01","1001","006","013","0013","037","","3172011602740005","SUWATMO","16","02","1974",1,1,1,7,5,2,4,"3172014306780014","KASMINI","03","06","1978",2,0,1,7,9,2,4,"3172011807980003","RIDHO FIRGIAWAN","18","07","1998",3,1,1,6,10,1,4,"3172010809020005","AHMAD FATIH RASYID","06","09","2002",3,1,1,4,10,1,4,"","","","","",null,null,null,null,null,null,null,"","","","","",null,null,null,null,null,null,null,"","","","","",null,null,null,null,null,null,null,27,20,2,0,2,0,1,"1","3",0,1,"3",null,"14",1,1,1,1,1,1,1,1,1,1,1,1,3,3,2,2,3,2,2,1,1,1,1,1,1,2,18,4]
["HAPUS","00253085","31","72","01","1001","006","013","0010","038","","3172014311730004","BIE LIAN","03","11","1973",1,0,5,5,9,3,4,"3172016708970001","NITA CANG","27","09","1997",3,0,5,5,10,1,4,"3172016802000003","FENNY CHANG","28","02","2000",3,0,5,4,10,1,4,"","","","","",null,null,null,null,null,null,null,"","","","","",null,null,null,null,null,null,null,"","","","","",null,null,null,null,null,null,null,"","","","","",null,null,null,null,null,null,null,null,23,0,2,0,2,0,"1","3",0,3,"2",null,"14",1,1,1,1,1,1,3,1,1,1,1,1,3,3,2,2,3,2,2,1,1,1,1,1,1,2,18,3]
["HAPUS","00253086","31","72","01","1001","006","013","0009","039","","3172012005680004","TOIFURI","20","05","1968",1,1,1,7,5,2,3,"3172016102730003","ANI SURYATI","21","02","1973",2,0,1,7,9,2,3,"3172015502010004","LAILI CHAERUR RESYA","15","02","2001",3,0,1,4,10,1,3,"3172010604060003","MUHAMMAD OSAMA","06","04","2006",3,1,1,2,10,1,3,"","","","","",null,null,null,null,null,null,null,"","","","","",null,null,null,null,null,null,null,"","","","","",null,null,null,null,null,null,null,27,25,1,1,1,1,1,"1","6",3,0,"3",null,"14",1,1,1,1,1,1,1,1,1,1,1,1,3,3,2,2,3,2,2,1,1,1,1,1,1,2,18,4]
["HAPUS","00253087","31","72","01","1001","006","013","0019","040","","3172014910550001","MARIYATIN","09","10","1955",1,0,1,5,6,3,4,"3172011212790014","NINOARIS SLAMET HARIANTO","12","02","1978",3,1,1,7,6,1,4,"3172015205900010","YUHANA KUMALASARI","12","05","1980",3,0,1,7,6,1,4,"","","","","",null,null,null,null,null,null,null,"","","","","",null,null,null,null,null,null,null,"","","","","",null,null,null,null,null,null,null,"","","","","",null,null,null,null,null,null,null,null,27,1,1,1,1,0,"3",null,null,null,"3","8",null,1,1,1,1,1,1,3,1,1,1,1,1,3,3,3,3,3,2,2,1,1,1,1,1,1,2,18,3]
["HAPUS","00253088","31","72","01","1001","006","013","0007","041","","3172010712790005","SUTIKNO","07","12","1979",1,1,1,7,5,2,4,"3172014607910006","WARSINI","06","07","1981",2,0,1,7,5,2,4,"","","","","",null,null,null,null,null,null,null,"","","","","",null,null,null,null,null,null,null,"","","","","",null,null,null,null,null,null,null,"","","","","",null,null,null,null,null,null,null,"","","","","",null,null,null,null,null,null,null,23,22,0,0,0,0,1,"3",null,null,null,"2","8",null,1,1,1,1,1,1,3,1,1,1,1,1,3,3,3,3,3,2,2,1,1,1,1,1,1,2,18,2]
["HAPUS","00253089","31","72","01","1001","006","013","0018","042","","3172011312661002","ROBIN","13","12","1986",1,1,1,7,5,2,4,"3172015601971001","SITI ANORIYANI","16","01","1987",2,0,1,7,5,2,4,"3172014503101004","KEISHA PUTRI INDRIYANI","05","03","2010",3,0,1,10,10,1,4,"","","","","",null,null,null,null,null,null,null,"","","","","",null,null,null,null,null,null,null,"","","","","",null,null,null,null,null,null,null,"","","","","",null,null,null,null,null,null,null,22,21,0,1,0,1,1,"1","3",0,3,"2",null,"14",1,1,1,1,1,1,3,1,1,1,1,1,1,1,3,3,3,2,2,1,1,1,1,1,1,2,18,3]
["HAPUS","00253090","31","72","01","1001","006","013","0001","043","","3172011608720011","A SOEKARDI","16","08","1972",1,1,1,7,5,2,1,"3172015501730008","SRI SURASMI","15","01","1973",2,0,1,7,9,2,1,"3172015312980006","FADHILAH SUKIYANA","13","12","1998",3,0,1,6,10,1,1,"3172011106010002","FATURRAHMAN AHMAD MAULANA","11","06","2001",3,1,1,4,10,1,1,"3172010905050008","FAZRI AHMAD MAULANA","09","05","2005",3,1,1,2,10,1,1,"","","","","",null,null,null,null,null,null,null,"","","","","",null,null,null,null,null,null,null,26,25,2,1,2,1,1,"3",null,null,null,"3","8",null,1,1,1,1,1,1,1,1,1,1,1,1,3,3,2,2,3,2,2,1,1,1,1,1,1,2,18,5]
["HAPUS","00253091","31","72","01","1001","006","013","0008","044","","3172010507690002","LASDI","05","07","1969",1,1,1,7,5,2,1,"3172014307710001","SUTARMI","03","07","1971",2,0,1,3,9,2,1,"3172011006910012","ARDIAN JUNIANA EKA PRASETIA","10","06","1991",3,1,1,7,5,1,1,"3172016806981005","ELSA DWI NUR FITRI YUNIASTU","28","06","1998",3,0,1,6,10,1,1,"","","","","",null,null,null,null,null,null,null,"","","","","",null,null,null,null,null,null,null,"","","","","",null,null,null,null,null,null,null,25,20,1,1,1,1,1,"1","6",3,0,"3",null,"14",1,1,1,1,1,1,1,1,1,1,1,1,3,3,2,2,3,2,2,1,1,1,1,1,1,2,18,4]
["HAPUS","00253092","31","72","01","1001","006","013","0005","045","","3172012509700004","SUNARTO","25","09","1970",1,1,1,5,6,2,4,"3172055908791001","SRI SUHARTINI FITRIYANTI","19","08","1979",2,0,1,5,6,2,4,"3172014802991001","FEBRIYANI RATNA GUMILANG","08","02","1999",3,0,1,6,10,1,4,"3172010512000005","MUHAMMAD JAMAL","05","12","2000",3,1,1,5,10,1,4,"3172010910030002","MUHAMMAD FADHLI","09","10","2003",3,1,1,2,10,1,4,"3172056506031210","GUNTUR IBRAHIM","15","06","2009",3,1,1,2,10,1,4,"","","","","",null,null,null,null,null,null,null,27,25,3,1,3,1,1,"1","1",0,0,"3",null,"14",1,1,1,1,1,1,1,1,1,1,1,1,3,3,2,2,3,2,4,1,1,1,1,1,1,2,18,6]
["HAPUS","00253093","31","72","01","1001","006","013","0003","046","","3172011004660002","RUSDI","10","04","1966",1,1,1,5,5,2,4,"3172010009650006","RUPIAH","20","09","1965",2,0,1,7,9,2,4,"3172015202940003","DESI RATNA SARI","12","02","1994",3,0,1,7,10,1,4,"","","","","",null,null,null,null,null,null,null,"","","","","",null,null,null,null,null,null,null,"","","","","",null,null,null,null,null,null,null,"","","","","",null,null,null,null,null,null,null,23,23,0,1,0,1,0,"1","3",0,3,"3",null,"14",1,1,1,1,1,1,3,1,1,1,1,1,3,3,2,2,3,2,2,1,1,1,1,1,1,2,18,3]
["HAPUS","00253094","31","72","01","1001","006","013","0012","047","","3172010912800010","MUHAMMAD SODIQ","09","12","1980",1,1,1,9,6,2,4,"3172014802830018","KISVI TRIJAYANTI","08","02","1983",2,0,1,9,9,2,4,"3173014510111004","SHAFIRA NANDA OKTAVIANI","09","10","2011",3,0,1,10,10,1,4,"","","","","",null,null,null,null,null,null,null,"","","","","",null,null,null,null,null,null,null,"","","","","",null,null,null,null,null,null,null,"","","","","",null,null,null,null,null,null,null,27,23,0,1,0,1,1,"3",null,null,null,"2","8",null,1,1,1,1,1,1,3,1,1,1,1,1,1,1,3,3,3,2,2,1,1,1,1,1,1,2,18,3]
["HAPUS","00253095","31","72","01","1001","006","013","0014","048","","3027171406810001","SUKIRMAN","04","01","1981",1,1,1,5,6,2,4,"3306164501660002","SITI BADINGAH","06","01","1986",2,0,1,7,9,2,4,"3173036606081001","NIMATUS ZUIFA","26","06","2008",3,1,1,10,10,1,4,"","","","","",null,null,null,null,null,null,null,"","","","","",null,null,null,null,null,null,null,"","","","","",null,null,null,null,null,null,null,"","","","","",null,null,null,null,null,null,null,27,25,1,0,1,0,1,"1","3",0,1,"2",null,"6",1,1,1,1,1,1,3,1,1,1,1,1,3,3,3,3,3,2,2,1,1,1,1,1,1,2,18,3]
["HAPUS","00253096","31","72","01","1001","006","013","0016","049","","31720170662000","KWE TJIN LAI EDI","17","06","1962",1,1,5,3,5,2,4,"3172016707660002","ANG TJUI PUN","27","07","1966",2,0,5,3,9,2,4,"3172011412910003","EDY YANTO","14","12","1991",3,1,5,6,10,1,4,"31720110101293","RUDIYANTO","10","02","1993",3,1,5,6,10,1,4,"31720101580798","SANDRA VIVIAN","18","07","1998",3,0,5,6,10,1,4,"3172015412990007","NOVITA SARI","14","12","1999",3,0,5,6,10,1,4,"","","","","",null,null,null,null,null,null,null,29,25,2,2,2,2,1,"1","6",3,0,"3",null,"14",1,1,1,1,1,1,1,1,1,1,1,1,3,3,2,2,3,2,2,1,1,1,1,1,1,2,18,6]
["HAPUS","00253097","31","72","01","1001","006","013","0003","050","","3172012111690009","BINTJO","21","11","1969",1,1,5,3,9,2,4,"3172016007710000","AHWE","20","07","1971",2,0,5,5,9,2,4,"3172016104970002","ENI YANTI","21","04","1997",3,0,5,7,10,1,4,"3172012110497007","EDI YANTO","21","04","1997",3,1,5,7,10,1,4,"3172010301020010","DOLI SUMADI","03","01","2002",3,1,5,10,10,1,4,"","","","","",null,null,null,null,null,null,null,"","","","","",null,null,null,null,null,null,null,27,25,2,1,2,1,1,"1","1",0,0,"3",null,"14",1,1,1,1,1,1,1,1,1,1,1,1,3,3,2,2,3,2,2,1,1,1,1,1,1,2,18,5]
["HAPUS","00253098","31","72","01","1001","006","013","0001","051","","3173040511580005","AFENDI","05","11","1958",1,1,1,5,8,3,4,"3173040911900004","NOVIHARDIYANTO","09","11","1990",3,1,1,7,5,1,4,"","","","","",null,null,null,null,null,null,null,"","","","","",null,null,null,null,null,null,null,"","","","","",null,null,null,null,null,null,null,"","","","","",null,null,null,null,null,null,null,"","","","","",null,null,null,null,null,null,null,33,null,null,null,null,null,0,"3",null,null,null,"3","8",null,1,1,1,1,1,1,3,1,1,1,1,1,3,3,3,3,3,2,2,1,1,1,1,1,1,2,18,2]
["HAPUS","00253099","31","72","01","1001","006","013","0011","052","","3172012104680003","ANANG TAMTOWI","21","04","1968",1,1,5,7,5,2,4,"3172016011790005","NINIE","20","11","1979",2,0,5,7,5,2,4,"3172011610030002","ANDY CHEN","16","10","2003",3,1,5,6,10,1,4,"3172017011800002","LINA","30","11","1980",4,0,5,7,5,1,4,"","","","","",null,null,null,null,null,null,null,"","","","","",null,null,null,null,null,null,null,"","","","","",null,null,null,null,null,null,null,32,27,1,0,1,0,1,"1","3",0,3,"2",null,"14",1,1,1,1,1,1,3,1,1,1,1,2,3,3,2,2,3,2,2,1,1,1,1,1,1,1,18,4]
["HAPUS","00253100","31","72","01","1001","006","013","0010","053","","3173044602500001","KWEE LIE PON NIO","06","02","1950",1,0,2,5,9,3,4,"","","","","",null,null,null,null,null,null,null,"","","","","",null,null,null,null,null,null,null,"","","","","",null,null,null,null,null,null,null,"","","","","",null,null,null,null,null,null,null,"","","","","",null,null,null,null,null,null,null,"","","","","",null,null,null,null,null,null,null,null,33,0,0,0,0,0,"3",null,null,null,"3","8",null,1,1,1,1,1,1,3,1,1,1,1,1,3,3,3,3,1,1,2,1,1,1,1,1,1,2,18,1]
["HAPUS","00253101","31","72","01","1001","006","013","0021","054","","3172108115600001","RIZAL TANJUNG","08","11","1956",1,1,1,7,5,2,4,"3172016809600001","JANITI","28","08","1960",2,0,1,3,9,2,4,"3172010602870003","IRZAL FAUZAN","06","02","1987",3,1,1,7,5,1,4,"","","","","",null,null,null,null,null,null,null,"","","","","",null,null,null,null,null,null,null,"","","","","",null,null,null,null,null,null,null,"","","","","",null,null,null,null,null,null,null,27,25,1,0,1,0,0,"2","8",null,null,"3","8",null,1,1,1,1,1,1,3,1,1,1,1,1,3,3,3,3,3,2,2,1,1,1,1,1,1,2,18,3]
["HAPUS","00253102","31","72","01","1001","006","013","0004","055","","3172052108770008","GUNTORO","21","09","1977",1,1,1,5,5,2,1,"3301055911820001","NUNUNG MARTINI","19","11","1992",2,0,1,5,9,2,1,"3172014804071002","NABILA APRILIA ZAHRANI","08","04","2007",3,0,1,4,10,1,1,"","","","","",null,null,null,null,null,null,null,"","","","","",null,null,null,null,null,null,null,"","","","","",null,null,null,null,null,null,null,"","","","","",null,null,null,null,null,null,null,25,15,0,1,0,1,1,"1","7",0,1,"2",null,"14",1,1,1,1,1,1,3,1,1,1,1,1,3,3,3,3,3,2,2,1,1,1,1,1,1,1,18,3]
["HAPUS","00253103","31","72","01","1001","006","013","0015","056","","3172010602650004","NU FATOURUS","06","02","1965",1,1,5,9,5,2,4,"3172015912660005","YAP LIE BING","19","12","1966",2,0,5,7,9,2,4,"3172015408001003","VITTORIA FALERIE","14","08","2000",3,0,5,5,10,1,4,"","","","","",null,null,null,null,null,null,null,"","","","","",null,null,null,null,null,null,null,"","","","","",null,null,null,null,null,null,null,"","","","","",null,null,null,null,null,null,null,30,28,0,1,0,1,1,"1","7",3,0,"3",null,"14",1,1,1,1,1,1,3,1,1,1,1,1,3,3,2,2,3,2,4,1,1,1,1,1,1,2,18,3]
["HAPUS","00253104","31","72","01","1001","006","013","0021","057","","3172011010780018","JERRY ELSA PUTRA","10","10","1976",1,1,1,7,5,2,1,"3172016308780002","YENNY KURNIAWATI","23","08","1978",2,0,1,7,9,2,1,"3172014204030002","RAKA MILA","02","04","2003",3,0,1,6,10,1,1,"3172014810071001","ZAHRA FADILLA","08","10","2007",3,0,1,4,10,1,1,"3172015812081001","AYUNINA NIRMALA","18","12","2008",3,0,1,3,10,1,1,"","","","","",null,null,null,null,null,null,null,"","","","","",null,null,null,null,null,null,null,24,20,0,3,0,3,1,"1","6",3,0,"3",null,"14",1,1,1,1,1,1,1,1,1,1,1,1,3,3,2,2,3,2,2,1,1,1,1,1,1,2,18,5]
["HAPUS","00253105","31","72","01","1001","006","013","0010","058","","3172010505650004","ATEP SUPRIYATNA","05","05","1965",1,1,1,7,5,2,4,"3172014009690009","PARTI","09","09","1960",2,0,1,7,9,2,4,"3172013105020005","ABDULAH ABDUL MANAN","01","06","2002",3,1,1,4,10,1,4,"3172014706050002","EUNUR FATIMAH","07","06","2005",3,0,1,2,10,1,4,"3172012505101005","MUHAMAD NURALI","25","06","2010",3,1,1,10,10,1,4,"","","","","",null,null,null,null,null,null,null,"","","","","",null,null,null,null,null,null,null,23,27,2,1,2,1,0,"1","3",0,3,"3",null,"14",1,1,1,1,1,1,3,1,1,1,1,1,1,1,2,2,3,2,2,1,1,1,1,1,1,2,18,5]
["HAPUS","00253114","31","72","01","1001","006","013","0019","067","","3172014910550001","MARIYATIN","09","10","1955",1,0,1,5,6,3,4,"3172011212780014","NINDARIS SLAMET HARIANTO","12","12","1978",3,1,1,7,5,1,4,"3172015205800010","YUHANA KUMALA SARI","12","05","1980",3,0,1,7,5,1,4,"","","","","",null,null,null,null,null,null,null,"","","","","",null,null,null,null,null,null,null,"","","","","",null,null,null,null,null,null,null,"","","","","",null,null,null,null,null,null,null,null,22,1,1,1,1,0,"3",null,null,null,"3","8",null,1,1,1,1,1,1,3,1,1,1,1,2,3,3,3,3,3,2,4,1,1,1,1,1,1,2,18,3]
["HAPUS","00253106","31","72","01","1001","006","013","0003","059","","3172011412690007","HERKISWAN","14","12","1969",1,1,1,7,6,2,1,"3172015901710006","MASWITA","19","01","1971",2,0,1,5,5,2,1,"","","","","",null,null,null,null,null,null,null,"","","","","",null,null,null,null,null,null,null,"","","","","",null,null,null,null,null,null,null,"","","","","",null,null,null,null,null,null,null,"","","","","",null,null,null,null,null,null,null,38,35,0,0,0,0,1,"3",null,null,null,"2","8",null,1,1,1,1,1,1,3,1,1,1,1,1,3,3,3,3,3,2,2,1,1,1,1,1,1,2,18,2]
["HAPUS","00253107","31","72","01","1001","006","013","0011","060","","1407022012550003","TJHIN KHIM","20","12","1955",1,1,5,5,5,2,4,"1407024400550002","LAM TJUN","04","09","1965",2,0,5,5,9,2,4,"1407026307840008","YOLENTA","23","07","1984",3,0,5,6,5,1,4,"3172015006860005","FARIDA","10","06","1986",3,0,5,6,5,1,4,"1407026309930003","RINI","23","09","1993",3,0,5,6,5,1,4,"1407025406960003","AGUSTINA","14","08","1996",3,0,5,6,10,1,4,"","","","","",null,null,null,null,null,null,null,29,25,0,4,0,4,0,"3",null,null,null,"3","8",null,1,1,1,1,1,1,3,1,1,1,1,1,3,3,2,2,3,2,2,1,1,1,1,1,1,2,18,6]
["HAPUS","00253108","31","72","01","1001","006","013","0006","061","","3172011606740006","SADI","16","06","1974",1,1,1,7,5,2,4,"3172014610700002","WUYANTI","05","10","1979",2,0,1,7,9,2,4,"3172017307990004","SILMY ADIHITA MAHARANI","27","07","1999",3,0,1,6,10,1,4,"3172012307060007","MUHAMMAD REHAN FATURRAHMAN","23","07","2006",3,1,1,2,10,1,4,"3172016507121001","QAIRINA HAZNA AZALIA","25","07","2012",3,0,1,10,10,1,4,"","","","","",null,null,null,null,null,null,null,"","","","","",null,null,null,null,null,null,null,27,21,1,2,1,2,1,"1","6",3,0,"3",null,"14",1,1,1,1,1,1,1,1,1,1,1,1,1,1,2,2,3,2,2,1,1,1,1,1,1,2,18,5]
["HAPUS","00253109","31","72","01","1001","006","013","0023","062","","3172014802640007","DIANA","08","02","1964",1,0,5,5,9,3,4,"","","","","",null,null,null,null,null,null,null,"","","","","",null,null,null,null,null,null,null,"","","","","",null,null,null,null,null,null,null,"","","","","",null,null,null,null,null,null,null,"","","","","",null,null,null,null,null,null,null,"","","","","",null,null,null,null,null,null,null,null,31,0,0,0,0,0,"3",null,null,null,"3","8",null,1,1,1,1,1,1,3,1,1,1,1,1,3,3,3,3,3,2,2,1,1,1,1,1,1,2,18,1]
["HAPUS","00253110","31","72","01","1001","006","013","0008","063","","3172016704941001","SISWANTI PRASTIKA","27","04","1994",1,0,1,7,10,1,4,"3172014907001002","JULIANA DWI PRASTIKA","09","07","2000",4,0,1,6,10,1,4,"","","","","",null,null,null,null,null,null,null,"","","","","",null,null,null,null,null,null,null,"","","","","",null,null,null,null,null,null,null,"","","","","",null,null,null,null,null,null,null,"","","","","",null,null,null,null,null,null,null,null,null,null,null,null,null,0,null,null,null,null,null,null,null,1,1,1,1,1,1,3,1,1,1,1,2,3,3,2,2,3,2,4,1,1,1,1,1,1,2,18,2]
["HAPUS","00253120","31","72","01","1001","006","013","0081","068","","3172010801800005","ROBERT KAREL","08","01","1980",1,1,1,7,5,2,4,"3172016611960007","SITI ZULFA SUTTA","16","11","1990",2,0,1,7,9,2,4,"3172012409131014","AXELAL FALAH KAREL","24","09","2013",3,1,1,10,10,1,4,"","","","","",null,null,null,null,null,null,null,"","","","","",null,null,null,null,null,null,null,"","","","","",null,null,null,null,null,null,null,"","","","","",null,null,null,null,null,null,null,32,22,1,0,1,0,1,"2","3",null,null,"1","1",null,1,1,1,1,1,1,3,1,1,1,1,1,1,2,3,3,3,2,2,2,2,2,2,1,1,2,18,3]
["HAPUS","00253111","31","72","01","1001","006","013","0022","064","","3172016011730003","SANTY LIDYANA","20","11","1973",1,0,5,7,5,1,4,"3172010710970002","DUSTIN ALVIN","07","10","1997",4,1,5,6,10,1,4,"","","","","",null,null,null,null,null,null,null,"","","","","",null,null,null,null,null,null,null,"","","","","",null,null,null,null,null,null,null,"","","","","",null,null,null,null,null,null,null,"","","","","",null,null,null,null,null,null,null,null,null,null,null,null,null,0,null,null,null,null,null,null,null,1,1,1,1,1,1,3,1,1,1,1,2,3,3,2,2,3,2,4,1,1,1,1,1,1,2,18,2]
["HAPUS","00253112","31","72","01","1001","006","013","0001","065","","3172012809620001","TUGIMUN LEMAN","28","07","1962",1,1,5,3,6,2,4,"3172015312640001","DETY YULIANA","13","12","1964",2,0,5,5,9,2,4,"","","","","",null,null,null,null,null,null,null,"","","","","",null,null,null,null,null,null,null,"","","","","",null,null,null,null,null,null,null,"","","","","",null,null,null,null,null,null,null,"","","","","",null,null,null,null,null,null,null,25,23,1,1,1,1,0,"3",null,null,null,"3","8",null,1,1,1,1,1,1,3,1,1,1,1,2,3,3,3,3,3,2,4,1,1,1,1,1,1,2,18,2]
["HAPUS","00253113","31","72","01","1001","006","013","0005","066","","3173040205680003","SUKIR","02","05","1968",1,1,1,7,5,2,3,"3173045005760006","SOPIAH","10","05","1976",2,0,1,5,9,2,3,"3172015010001007","FITRIYAH","10","10","2000",3,0,1,4,10,1,3,"3173042010060002","RISKY RAMADANI","20","10","2006",3,1,1,2,10,1,3,"3173046705081005","MERI HANDAYANI","27","05","2008",3,0,1,2,10,1,3,"3173041603131005","RANGGA MULIA","16","03","2013",3,1,1,10,10,1,3,"","","","","",null,null,null,null,null,null,null,32,24,2,2,2,2,1,"1","3",2,0,"3",null,"14",1,1,1,1,1,1,1,1,1,1,1,2,1,2,2,2,3,2,4,1,1,1,1,1,1,2,18,6]
["HAPUS","00270367","31","72","01","1001","006","014","1020","001","","3172012809530004","KHE SUI HEE AL BUDIMAN","28","03","1953",1,1,5,7,6,2,4,"3172016405620001","SUN AH","24","05","1962",2,0,5,7,9,2,4,"3172012503830014","SUWANDY","25","03","1983",3,1,5,7,5,1,4,"3172016004880010","KOSUMIWATI","20","04","1988",3,0,5,7,5,1,4,"","","","","",null,null,null,null,null,null,null,"","","","","",null,null,null,null,null,null,null,"","","","","",null,null,null,null,null,null,null,25,21,1,1,1,1,0,"3",null,null,null,"3","8",null,1,1,1,1,1,1,3,1,1,1,1,1,3,3,3,3,2,2,2,1,1,1,1,1,1,2,28,4]
["HAPUS","00270366","31","72","01","1001","006","014","1004","002","","3172011610770008","PUE ENG","16","10","1977",1,1,5,7,5,2,4,"1407025001790001","SAADA","10","01","1979",2,0,5,7,9,2,4,"3172011101121008","RICHARD","11","01","2012",3,1,5,10,10,1,4,"3172015409131008","KAITLYN SEPTEVIANI","14","09","2013",3,0,5,10,10,1,4,"","","","","",null,null,null,null,null,null,null,"","","","","",null,null,null,null,null,null,null,"","","","","",null,null,null,null,null,null,null,23,23,1,1,1,1,1,"1","3",0,3,"3",null,"14",1,1,1,1,1,1,1,1,1,1,1,1,1,1,3,3,3,2,2,1,1,1,1,1,1,2,28,4]
["HAPUS","00270257","31","72","01","1001","006","014","1013","003","","3172010207770004","DANEL","02","07","1977",1,1,5,7,6,2,4,"3172016001970002","JANNE","29","01","1987",2,0,5,7,9,2,4,"3172012512071001","NICKSON","25","12","2007",3,1,5,4,10,1,4,"3172014210091002","MICHELLE ANGELA","02","10","2009",3,0,5,10,10,1,4,"","","","","",null,null,null,null,null,null,null,"","","","","",null,null,null,null,null,null,null,"","","","","",null,null,null,null,null,null,null,22,20,1,1,1,1,1,"1","3",0,3,"3",null,"14",1,1,1,1,1,1,1,1,1,1,2,2,3,3,3,3,3,2,2,1,1,1,1,1,1,1,28,4]
["HAPUS","00270258","31","72","01","1001","006","014","1009","004","","3172010208791002","TUGIMIN","02","06","1979",1,1,5,5,2,2,4,"3172015407781001","NURSINTA","14","07","1978",2,0,5,5,9,2,4,"3172014312001001","JESSICA AMBAR THINSEN","03","12","2000",3,0,5,4,10,1,4,"3172012802021001","FERDIYAN THINSEN","28","02","2002",3,1,5,4,10,1,4,"3172012001061006","RICHARD","20","01","2006",3,1,5,2,10,1,4,"3172011702111009","DOMINIC ALINSKIE THINSEN","17","02","2011",3,1,5,10,10,1,4,"","","","","",null,null,null,null,null,null,null,27,24,4,1,4,1,1,"1","1",0,0,"3",null,"14",1,1,1,1,1,1,1,1,1,1,1,1,1,1,2,2,3,2,2,1,1,1,1,1,1,2,28,6]
["HAPUS","00270370","31","72","01","1001","006","014","1019","005","","3173024309600004","HIE LIE HWA","03","09","1960",4,1,5,3,9,3,4,"3173024609970006","RIA AGUSTINA","06","09","1987",2,0,6,7,6,2,4,"1905010112860001","YOPI","01","12","1986",1,1,6,7,6,2,4,"1905016504120001","VANNESA ANGELINA","25","04","2012",3,0,6,10,10,1,4,"","","","","",null,null,null,null,null,null,null,"","","","","",null,null,null,null,null,null,null,"","","","","",null,null,null,null,null,null,null,23,22,0,1,0,1,1,"2","8",null,null,"3","8",null,1,1,1,1,1,1,3,1,1,2,1,2,1,1,3,3,3,2,2,1,1,1,1,1,1,2,28,4]
["HAPUS","00253115","31","72","01","1001","006","014","1001","006","","3172012708801001","KAMIDI","27","08","1980",1,1,5,3,5,1,4,"3172010411901001","JONATAN","04","11","1990",4,1,5,7,5,1,4,"3172014708761001","TANTI","07","08","1976",4,0,5,7,5,1,4,"","","","","",null,null,null,null,null,null,null,"","","","","",null,null,null,null,null,null,null,"","","","","",null,null,null,null,null,null,null,"","","","","",null,null,null,null,null,null,null,null,null,null,null,null,null,0,null,null,null,null,null,null,null,1,1,1,1,1,1,3,1,1,1,1,1,3,3,3,3,3,2,2,1,1,1,1,1,1,2,28,3]
["HAPUS","00253116","31","72","01","1001","006","014","1002","007","","3172010609760017","SUPARJAN","06","09","1976",1,1,5,7,5,1,4,"","","","","",null,null,null,null,null,null,null,"","","","","",null,null,null,null,null,null,null,"","","","","",null,null,null,null,null,null,null,"","","","","",null,null,null,null,null,null,null,"","","","","",null,null,null,null,null,null,null,"","","","","",null,null,null,null,null,null,null,null,null,null,null,null,null,0,null,null,null,null,null,null,null,1,1,1,1,1,1,3,1,1,1,1,1,3,3,3,3,3,2,1,1,1,1,1,1,1,2,28,1]
["HAPUS","00253117","31","72","01","1001","006","014","1003","008","","3172011209430001","KOMARI HUSNI","12","09","1943",1,1,5,5,6,2,4,"3172015712470002","TEN HIONG","17","12","1947",2,0,5,5,9,2,4,"","","","","",null,null,null,null,null,null,null,"","","","","",null,null,null,null,null,null,null,"","","","","",null,null,null,null,null,null,null,"","","","","",null,null,null,null,null,null,null,"","","","","",null,null,null,null,null,null,null,24,20,0,0,0,0,0,"3",null,null,null,"3","8",null,1,1,1,1,1,1,3,1,1,2,2,2,3,3,3,3,2,2,2,1,1,1,1,1,1,2,28,2]
["HAPUS","00253118","31","72","01","1001","006","014","1005","009","","3172010107590009","WADI","01","07","1959",1,1,1,5,5,3,4,"","","","","",null,null,null,null,null,null,null,"","","","","",null,null,null,null,null,null,null,"","","","","",null,null,null,null,null,null,null,"","","","","",null,null,null,null,null,null,null,"","","","","",null,null,null,null,null,null,null,"","","","","",null,null,null,null,null,null,null,30,null,null,null,null,null,0,"3",null,null,null,"3","8",null,1,1,1,1,1,1,3,1,1,2,1,1,3,3,3,3,3,2,2,1,1,1,1,1,1,2,28,1]
["HAPUS","00253119","31","72","01","1001","006","014","1006","010","","3172011209820020","LISANTO","12","09","1982",1,1,5,7,5,2,4,"3172014804850008","DELIANA","08","04","1985",2,0,5,7,9,2,4,"3172016907101002","STEPHANIE LIM","28","07","2010",3,0,5,10,10,1,4,"","","","","",null,null,null,null,null,null,null,"","","","","",null,null,null,null,null,null,null,"","","","","",null,null,null,null,null,null,null,"","","","","",null,null,null,null,null,null,null,22,22,0,1,0,1,1,"1","3",0,3,"2",null,"7",1,1,1,1,1,1,3,1,1,1,1,1,1,1,3,3,3,2,2,1,1,1,1,1,1,2,28,3]
["HAPUS","00270259","31","72","01","1001","006","014","1008","011","","3172012707770001","SUTIONO","27","07","1977",1,1,5,7,6,1,4,"","","","","",null,null,null,null,null,null,null,"","","","","",null,null,null,null,null,null,null,"","","","","",null,null,null,null,null,null,null,"","","","","",null,null,null,null,null,null,null,"","","","","",null,null,null,null,null,null,null,"","","","","",null,null,null,null,null,null,null,null,null,null,null,null,null,0,null,null,null,null,null,null,null,1,1,1,1,1,1,3,1,1,1,1,1,3,3,3,3,3,2,2,1,1,1,1,1,1,2,28,1]
["HAPUS","00270260","31","72","01","1001","006","014","1011","012","","3172010905750014","DAHARI","09","05","1975",1,1,5,9,6,2,4,"3172015908780005","LIM CAI","19","09","1979",2,0,5,7,5,2,4,"1871052007850009","TEK HUNG","20","07","1985",4,1,5,5,5,1,4,"","","","","",null,null,null,null,null,null,null,"","","","","",null,null,null,null,null,null,null,"","","","","",null,null,null,null,null,null,null,"","","","","",null,null,null,null,null,null,null,33,29,0,0,0,0,1,"3",null,null,null,"1","8",null,1,1,1,1,1,1,3,1,1,2,1,2,3,3,3,3,3,2,2,1,1,1,1,1,1,2,28,3]
["HAPUS","00270261","31","72","01","1001","006","014","1015","013","","3172015005580007","TJONG MOI LIN","10","05","1958",1,0,5,7,6,3,4,"3172014269600005","WIRA WATY","02","06","1986",3,0,5,7,5,1,4,"3172012702890003","CANDRA FONDA","27","02","1989",3,1,2,7,5,1,4,"","","","","",null,null,null,null,null,null,null,"","","","","",null,null,null,null,null,null,null,"","","","","",null,null,null,null,null,null,null,"","","","","",null,null,null,null,null,null,null,null,23,1,1,1,1,0,"3",null,null,null,"3","8",null,1,1,1,1,1,1,3,1,1,2,2,2,3,3,3,3,3,2,2,1,1,1,1,1,1,2,28,3]
["HAPUS","00270262","31","72","01","1001","006","014","1014","014","","3172131107200001","NELSON GOZALI","31","10","1972",1,1,5,7,5,2,4,"3172016001176003","ANA HERMAN","10","01","1976",2,0,5,9,9,2,4,"3172011507050003","RICHARD","15","07","2005",3,1,5,2,10,1,4,"3172013009111002","WILLIAM GOZALI","30","09","2011",3,1,5,10,10,1,4,"","","","","",null,null,null,null,null,null,null,"","","","","",null,null,null,null,null,null,null,"","","","","",null,null,null,null,null,null,null,23,22,2,0,2,0,1,"1","3",0,3,"3",null,"7",1,1,1,1,1,1,1,1,1,1,1,2,1,1,2,2,3,2,2,1,1,1,1,1,1,2,28,4]
["HAPUS","00270263","31","72","01","1001","006","014","0007","015","","3172011806851002","WALUYO","19","06","1985",1,1,1,5,5,1,4,"","","","","",null,null,null,null,null,null,null,"","","","","",null,null,null,null,null,null,null,"","","","","",null,null,null,null,null,null,null,"","","","","",null,null,null,null,null,null,null,"","","","","",null,null,null,null,null,null,null,"","","","","",null,null,null,null,null,null,null,null,null,null,null,null,null,0,null,null,null,null,null,null,null,1,1,1,1,1,1,3,1,1,1,1,1,3,3,3,3,3,2,2,1,1,1,1,1,1,2,28,1]
["HAPUS","00270264","31","72","01","1001","006","014","0004","016","","0951022505694036","KARI","25","05","1969",1,1,1,5,5,2,1,"0952064803710400","SRIMARYATI","08","03","1971",2,0,1,5,9,2,1,"0951022212024029","FAHREZA RAMAHAN KAUTSAR","04","02","1997",3,1,1,6,10,1,1,"0951022212024009","SHEVA DWIPA INDARU","22","12","2002",3,1,1,4,10,1,1,"","","","","",null,null,null,null,null,null,null,"","","","","",null,null,null,null,null,null,null,"","","","","",null,null,null,null,null,null,null,25,24,2,0,2,0,1,"1","6",3,0,"3",null,"5",1,1,1,1,1,1,1,1,1,1,1,1,3,3,2,2,3,2,2,1,1,1,1,1,1,2,28,4]
["HAPUS","00270265","31","72","01","1001","006","014","0008","017","","3173022804770004","BUN SIANG","28","04","1977",1,1,5,7,5,2,4,"3173025104930007","ELLA AFRINI","11","04","1993",2,0,5,7,9,2,4,"3173026404470003","TAN PAW KIE","24","04","1947",4,1,5,7,9,3,4,"","","","","",null,null,null,null,null,null,null,"","","","","",null,null,null,null,null,null,null,"","","","","",null,null,null,null,null,null,null,"","","","","",null,null,null,null,null,null,null,23,20,0,0,0,0,1,"3",null,null,null,"3","8",null,1,1,1,1,1,1,3,1,1,2,1,2,3,3,3,3,2,2,2,1,1,1,1,1,1,2,28,3]
["HAPUS","00270365","31","72","01","1001","006","014","0009","018","","3172012206680004","EDI GUNAWAN","22","06","1968",1,1,1,7,5,2,1,"3172014206700003","AMINATUN","02","06","1970",2,0,1,7,5,2,1,"3172015607051001","ALFIYYAH","16","07","2005",3,0,1,4,10,1,1,"3172011809141005","AKMAD RISKY FADIANSAH","18","09","2014",3,1,1,10,10,1,1,"","","","","",null,null,null,null,null,null,null,"","","","","",null,null,null,null,null,null,null,"","","","","",null,null,null,null,null,null,null,26,24,1,1,1,1,1,"1","6",3,0,"3",null,"1",1,1,1,1,1,1,1,1,1,1,1,1,1,2,2,2,3,2,2,1,1,1,1,1,1,2,28,4]
["HAPUS","00270371","31","72","01","1001","006","014","0010","019","","3172011504720004","TINO","15","04","1972",1,1,1,5,5,2,3,"3172016206740005","LARTI","12","06","1974",2,0,1,5,9,2,3,"3172015209980003","SINTIA SRI KUMALA","12","09","1998",3,0,1,4,10,1,3,"","","","","",null,null,null,null,null,null,null,"","","","","",null,null,null,null,null,null,null,"","","","","",null,null,null,null,null,null,null,"","","","","",null,null,null,null,null,null,null,38,36,0,1,0,1,1,"1","3",0,3,"3",null,"7",1,1,1,1,1,1,3,1,1,1,1,2,3,3,2,2,3,2,2,1,1,1,1,1,1,2,28,3]
["HAPUS","00270369","31","72","01","1001","006","014","0011","020","","3172012503840013","TONI","25","03","1984",1,1,5,7,5,1,4,"3172018906870005","SUPINA","29","06","1987",4,0,5,7,5,1,4,"","","","","",null,null,null,null,null,null,null,"","","","","",null,null,null,null,null,null,null,"","","","","",null,null,null,null,null,null,null,"","","","","",null,null,null,null,null,null,null,"","","","","",null,null,null,null,null,null,null,null,null,null,null,null,null,0,null,null,null,null,null,null,null,1,1,1,1,1,1,3,1,1,2,1,2,3,3,3,3,3,2,2,1,1,1,1,1,1,2,28,2]
["HAPUS","00270364","31","72","01","1001","006","014","1016","021","","3173040406600003","AGUS DERMAWAN","04","06","1960",1,1,1,7,5,2,4,"3173015302600010","LINA DIANA","13","02","1980",2,0,1,7,9,2,4,"3172015402011002","ADE VALENTIN","14","02","2001",3,0,1,4,10,1,4,"3172014111051001","NEBRISCA VALONIKA","01","11","2005",3,0,1,2,10,1,4,"","","","","",null,null,null,null,null,null,null,"","","","","",null,null,null,null,null,null,null,"","","","","",null,null,null,null,null,null,null,27,24,0,2,0,2,1,"2","7",null,null,"3","8",null,1,1,1,1,1,1,1,1,1,1,1,1,3,3,2,2,3,2,2,1,1,1,1,1,1,2,28,4]
["HAPUS","00270363","31","72","01","1001","006","014","1017","022","","1440702680392001","HARYANI ALIAS DEWI","20","03","1992",1,0,5,7,5,1,4,"1477024100300002","HENY PERESIA","07","10","1993",4,0,5,7,5,1,4,"","","","","",null,null,null,null,null,null,null,"","","","","",null,null,null,null,null,null,null,"","","","","",null,null,null,null,null,null,null,"","","","","",null,null,null,null,null,null,null,"","","","","",null,null,null,null,null,null,null,null,null,null,null,null,null,0,null,null,null,null,null,null,null,1,1,1,1,1,1,3,1,1,1,1,2,3,3,2,2,3,2,2,1,1,1,1,1,1,2,28,2]
["HAPUS","00270362","31","72","01","1001","006","014","2001","023","","3172014608870010","DEWI","08","08","1987",1,0,5,7,9,3,1,"3172011502131004","JEFFRY OKTAVIANUS ZHAO","16","02","2013",3,1,5,10,10,1,1,"3172012501410903","JIMMY OKTAVIANUS ZHAO","26","10","2014",3,1,5,10,10,1,1,"","","","","",null,null,null,null,null,null,null,"","","","","",null,null,null,null,null,null,null,"","","","","",null,null,null,null,null,null,null,"","","","","",null,null,null,null,null,null,null,null,21,2,0,2,0,0,"3",null,null,null,"3","8",null,1,1,1,1,1,1,3,1,1,2,1,2,1,1,3,3,3,2,2,1,1,1,1,1,1,2,28,3]
["HAPUS","00270361","31","72","01","1001","006","014","2002","024","","1274020201580002","TIAN PHO","02","01","1958",1,1,5,3,7,2,4,"3172014905591001","GIOK HIONG","09","05","1959",2,0,5,3,9,2,4,"3172015610831001","LINDAYATI","06","10","1983",3,0,5,7,5,1,4,"1740247028900002","TIFFANI","07","02","1989",3,0,5,7,6,1,4,"3172016908981001","MARIA AGUSTINA","29","08","1998",3,0,5,5,10,1,4,"3172011106951002","RICKY CARLOS","11","06","1995",4,1,5,7,10,1,4,"","","","","",null,null,null,null,null,null,null,25,24,0,3,0,3,0,"3",null,null,null,"3","8",null,1,1,1,1,1,1,3,1,1,1,1,2,3,3,2,2,3,2,2,1,1,1,1,1,1,2,28,6]
["HAPUS","00270360","31","72","01","1001","006","014","2003","025","","3172014068400003","ABRI","24","06","1984",1,1,1,5,5,2,2,"3172017112860006","DESI","31","12","1986",2,0,1,7,5,2,2,"3172011403100001","RICKY","14","03","2010",3,1,1,10,10,1,2,"3172012005131002","LUKY","20","05","2013",3,1,1,10,10,1,2,"","","","","",null,null,null,null,null,null,null,"","","","","",null,null,null,null,null,null,null,"","","","","",null,null,null,null,null,null,null,24,22,2,0,2,0,1,"1","6",3,0,"3",null,"14",1,1,1,1,1,1,1,1,1,1,1,2,1,1,3,3,3,2,2,1,1,1,1,1,1,2,28,4]
["HAPUS","00270359","31","72","01","1001","006","014","2004","026","","1407071012790001","HUIHONG","10","12","1979",1,1,5,3,5,1,2,"","","","","",null,null,null,null,null,null,null,"","","","","",null,null,null,null,null,null,null,"","","","","",null,null,null,null,null,null,null,"","","","","",null,null,null,null,null,null,null,"","","","","",null,null,null,null,null,null,null,"","","","","",null,null,null,null,null,null,null,null,null,null,null,null,null,0,null,null,null,null,null,null,null,1,1,1,1,1,1,3,1,1,1,1,2,3,3,3,3,3,2,2,1,1,1,1,1,1,2,28,1]
["HAPUS","00270358","31","72","01","1001","006","014","2005","027","","3172011505750014","AMIN SUWONDO","15","05","1975",1,1,1,7,5,2,2,"3172017112750009","ETI SUMIATI","31","12","1975",2,0,1,7,5,2,2,"3172012112030002","NICHOLAS NORRYS","21","12","2003",3,1,1,2,10,1,2,"3172016102090003","NICHYTA SABNA","21","05","2009",3,0,1,2,10,1,2,"","","","","",null,null,null,null,null,null,null,"","","","","",null,null,null,null,null,null,null,"","","","","",null,null,null,null,null,null,null,24,24,1,1,1,1,1,"1","3",0,3,"3",null,"7",1,1,1,1,1,1,1,1,1,1,1,1,3,3,2,2,3,2,2,1,1,1,1,1,1,2,28,4]
["HAPUS","00270357","31","72","01","1001","006","014","2007","028","","3172010406900008","JONO","04","06","1990",1,1,5,3,6,1,2,"","","","","",null,null,null,null,null,null,null,"","","","","",null,null,null,null,null,null,null,"","","","","",null,null,null,null,null,null,null,"","","","","",null,null,null,null,null,null,null,"","","","","",null,null,null,null,null,null,null,"","","","","",null,null,null,null,null,null,null,null,null,null,null,null,null,0,null,null,null,null,null,null,null,1,1,1,1,1,1,3,1,1,2,1,2,3,3,3,3,3,2,2,1,1,1,1,1,1,2,28,1]
["HAPUS","00270356","31","72","01","1001","006","014","2008","029","","3172012502800005","KANG HUA","25","02","1980",1,1,5,7,6,2,2,"3120163029300004","ANI","25","02","1983",2,0,5,7,5,2,2,"3172010905030006","MICHEL","09","05","2003",3,1,5,4,10,1,2,"3170128050800002","ALEXANDER","28","05","2008",3,1,5,2,10,1,2,"3172016009912101","STEPHANIE","20","09","2012",3,0,5,10,10,1,2,"","","","","",null,null,null,null,null,null,null,"","","","","",null,null,null,null,null,null,null,25,23,2,1,2,1,1,"1","6",3,0,"3",null,"4",1,1,1,1,1,1,1,1,1,1,1,2,1,1,2,2,3,2,2,1,1,1,1,1,1,2,28,5]
["HAPUS","00270355","31","72","01","1001","006","014","2011","030","","3172012506650014","ROMY","25","06","1985",1,1,5,7,5,1,2,"","","","","",null,null,null,null,null,null,null,"","","","","",null,null,null,null,null,null,null,"","","","","",null,null,null,null,null,null,null,"","","","","",null,null,null,null,null,null,null,"","","","","",null,null,null,null,null,null,null,"","","","","",null,null,null,null,null,null,null,null,null,null,null,null,null,0,null,null,null,null,null,null,null,1,1,1,1,1,1,3,1,1,1,1,2,3,3,3,3,3,2,2,1,1,1,1,1,1,2,28,1]
["HAPUS","00270354","31","72","01","1001","006","014","2015","031","","1407212048700007","JONI","12","04","1987",1,1,5,7,6,2,2,"1407261029000001","SUSANTI","21","02","1990",2,0,5,7,9,2,2,"","","","","",null,null,null,null,null,null,null,"","","","","",null,null,null,null,null,null,null,"","","","","",null,null,null,null,null,null,null,"","","","","",null,null,null,null,null,null,null,"","","","","",null,null,null,null,null,null,null,25,24,0,0,0,0,1,"3",null,null,null,"3","8",null,1,1,1,1,1,1,3,1,1,1,1,2,3,3,3,3,3,2,2,1,1,1,1,1,1,2,28,2]
["HAPUS","00270353","31","72","01","1001","006","014","2014","032","","3172011909660002","SUROSO","19","09","1966",1,1,1,7,5,2,2,"3172016006680003","ISMIYATUN","10","06","1969",2,0,1,7,5,2,2,"3172014801930001","ANGGI DWI ARISTA","08","01","1993",3,0,1,9,10,1,2,"","","","","",null,null,null,null,null,null,null,"","","","","",null,null,null,null,null,null,null,"","","","","",null,null,null,null,null,null,null,"","","","","",null,null,null,null,null,null,null,23,22,0,1,0,1,1,"1","7",0,1,"1",null,"14",1,1,1,1,1,1,3,1,1,2,1,2,3,3,2,2,3,2,2,1,1,1,1,1,1,2,28,3]
["HAPUS","00270352","31","72","01","1001","006","014","2017","033","","3173024793610003","BIN HIE ASENA","07","03","1981",1,1,5,3,5,1,2,"","","","","",null,null,null,null,null,null,null,"","","","","",null,null,null,null,null,null,null,"","","","","",null,null,null,null,null,null,null,"","","","","",null,null,null,null,null,null,null,"","","","","",null,null,null,null,null,null,null,"","","","","",null,null,null,null,null,null,null,null,null,null,null,null,null,0,null,null,null,null,null,null,null,1,1,1,1,1,1,3,1,1,1,1,2,3,3,3,3,3,2,2,1,1,1,1,1,1,2,28,1]
["HAPUS","00270351","31","72","01","1001","006","014","2018","034","","3172015509520001","MARIANA","15","09","1952",1,0,5,3,9,3,2,"3172011410790009","ANTO WIJAYA","14","10","1979",3,1,5,7,5,1,2,"","","","","",null,null,null,null,null,null,null,"","","","","",null,null,null,null,null,null,null,"","","","","",null,null,null,null,null,null,null,"","","","","",null,null,null,null,null,null,null,"","","","","",null,null,null,null,null,null,null,null,25,1,0,1,0,0,"3",null,null,null,"3","8",null,1,1,1,1,1,1,3,1,1,1,1,2,3,3,3,3,2,2,2,1,1,1,1,1,1,2,28,2]
["HAPUS","00270350","31","72","01","1001","006","014","2019","035","","3172012658300019","TONY","26","05","1983",1,1,5,7,5,2,2,"1402026802910005","FERIANCYA LUCYYANA","28","02","1991",2,0,5,7,9,2,2,"3172012012101005","WINNCENT ANGJAYA","20","12","2010",3,1,5,10,10,1,2,"3172015102121002","MEDELLINE ANGJAYA","11","02","2012",3,0,5,10,10,1,2,"","","","","",null,null,null,null,null,null,null,"","","","","",null,null,null,null,null,null,null,"","","","","",null,null,null,null,null,null,null,24,20,1,1,1,1,1,"1","3",0,3,"3",null,"7",1,1,1,1,1,1,1,1,1,2,1,2,1,1,3,3,3,2,2,1,1,1,1,1,1,2,28,4]
["HAPUS","00270349","31","72","01","1001","006","014","3001","036","","3172012604810003","HALIM WIBOWO","26","04","1961",1,1,2,7,5,1,2,"","","","","",null,null,null,null,null,null,null,"","","","","",null,null,null,null,null,null,null,"","","","","",null,null,null,null,null,null,null,"","","","","",null,null,null,null,null,null,null,"","","","","",null,null,null,null,null,null,null,"","","","","",null,null,null,null,null,null,null,null,null,null,null,null,null,0,null,null,null,null,null,null,null,1,1,1,1,1,1,3,1,1,1,1,1,3,3,3,3,3,2,2,1,1,1,1,1,1,2,28,1]
["HAPUS","00270348","31","72","01","1001","006","014","3002","037","","3172012010760005","RUDY","20","10","1976",1,1,5,7,6,2,2,"3172016811800001","MAYATI","28","11","1980",2,0,5,7,9,2,2,"3172014150500005","JEANNIE MICHELLIA","01","05","2005",3,0,5,2,10,1,2,"3172011650800001","GRACE AIVANY","06","05","2008",3,0,5,2,10,1,2,"3172000905820004","ANDY WILLYEM","29","05","1982",4,1,5,7,6,1,2,"","","","","",null,null,null,null,null,null,null,"","","","","",null,null,null,null,null,null,null,22,21,1,2,1,2,1,"1","6",3,0,"3",null,"4",1,1,1,1,1,1,1,1,1,1,1,2,3,3,2,2,3,2,2,1,1,1,1,1,1,2,28,5]
["HAPUS","00270346","31","72","01","1001","006","014","3003","038","","3172012103600001","SURANTO","21","03","1980",1,1,1,7,5,2,2,"3172014806600100","SRI WAHYUNI","06","06","1980",2,0,1,5,9,2,2,"3172010701040005","FAREL NICOLESSURANTO","07","01","2004",3,1,1,10,10,1,2,"3172011980210002","FADHIL GEMA RAMADHAN SURATO","19","08","2012",3,1,1,10,10,1,2,"","","","","",null,null,null,null,null,null,null,"","","","","",null,null,null,null,null,null,null,"","","","","",null,null,null,null,null,null,null,23,23,2,0,2,0,1,"1","3",0,3,"3",null,"7",1,1,1,1,1,1,1,1,1,1,1,2,1,1,2,2,3,2,2,1,1,1,1,1,1,2,28,4]
["HAPUS","00270347","31","72","01","1001","006","014","3004","039","","3172015903941001","IMELDA PUTRI","19","03","1994",1,0,5,7,5,1,2,"","","","","",null,null,null,null,null,null,null,"","","","","",null,null,null,null,null,null,null,"","","","","",null,null,null,null,null,null,null,"","","","","",null,null,null,null,null,null,null,"","","","","",null,null,null,null,null,null,null,"","","","","",null,null,null,null,null,null,null,null,null,null,null,null,null,0,null,null,null,null,null,null,null,1,1,1,1,1,1,3,1,1,1,1,2,3,3,2,2,3,2,2,1,1,1,1,1,1,2,28,1]
["HAPUS","00270345","31","72","01","1001","006","014","3007","040","","1470223079300001","JERVIS SUBROTO","23","07","1993",1,1,5,7,5,1,2,"","","","","",null,null,null,null,null,null,null,"","","","","",null,null,null,null,null,null,null,"","","","","",null,null,null,null,null,null,null,"","","","","",null,null,null,null,null,null,null,"","","","","",null,null,null,null,null,null,null,"","","","","",null,null,null,null,null,null,null,null,null,null,null,null,null,0,null,null,null,null,null,null,null,1,1,1,1,1,1,3,1,1,1,1,2,3,3,2,2,3,2,2,1,1,1,1,1,1,2,28,1]
["HAPUS","00270344","31","72","01","1001","006","014","3009","041","","3172010304651001","GHO CHIN LIM","03","04","1965",1,1,5,7,5,2,4,"3173026304680003","TJIO MEI CHEN","23","04","1968",2,0,5,7,9,2,4,"3173011203951001","TONY SETIAWAN","12","03","1995",3,1,5,10,10,1,4,"3172011111981001","MAECHAEL","11","11","1998",3,1,5,5,10,1,4,"3172014310031003","KARINA SETIAWAN","03","01","2003",3,0,5,10,10,1,4,"","","","","",null,null,null,null,null,null,null,"","","","","",null,null,null,null,null,null,null,24,23,2,1,2,1,1,"1","3",0,3,"3",null,"7",1,1,1,1,1,1,1,1,1,1,1,2,3,3,2,2,3,2,2,1,1,1,1,1,1,2,28,5]
["HAPUS","00270343","31","72","01","1001","006","014","3012","042","","1407227026100002","TIAN LAU","27","02","1961",1,1,5,10,8,2,4,"1407024406670004","LIONG JAN","04","08","1967",2,0,5,5,9,2,4,"3172014808961002","EMMI","08","08","1996",3,0,5,5,10,1,4,"","","","","",null,null,null,null,null,null,null,"","","","","",null,null,null,null,null,null,null,"","","","","",null,null,null,null,null,null,null,"","","","","",null,null,null,null,null,null,null,24,25,0,1,0,1,1,"3",null,null,null,"3","8",null,1,1,1,1,1,1,3,1,1,2,1,2,3,3,2,2,3,2,2,1,1,1,1,1,1,2,28,3]
["HAPUS","00270342","31","72","01","1001","006","014","3014","043","","3172010907660004","NG DJUNHON","09","07","1966",1,1,5,7,5,2,4,"3172015906780002","CONG JAN KHAN","19","05","1976",2,0,5,7,9,2,4,"3172010812930007","BILLY","08","12","1993",3,1,5,7,10,1,4,"3172015208020004","NELLY AGUSTIN","12","08","2002",3,0,5,10,10,1,4,"","","","","",null,null,null,null,null,null,null,"","","","","",null,null,null,null,null,null,null,"","","","","",null,null,null,null,null,null,null,27,22,1,1,1,1,1,"1","6",3,0,"3",null,"4",1,1,1,1,1,1,1,1,1,2,1,2,3,3,2,2,3,2,2,1,1,1,1,1,1,2,28,4]
["HAPUS","00270341","31","72","01","1001","006","014","3015","044","","3328806010768005","NURDIN ARANIRI","01","07","1968",1,1,1,3,5,2,2,"3172016505971002","SITI NUR","25","05","1987",2,0,1,5,9,2,2,"3172015560705101","DEDE SALISATUN","18","07","2005",3,0,1,2,10,1,2,"","","","","",null,null,null,null,null,null,null,"","","","","",null,null,null,null,null,null,null,"","","","","",null,null,null,null,null,null,null,"","","","","",null,null,null,null,null,null,null,33,21,0,1,0,1,1,"1","3",0,3,"2",null,"7",1,1,1,1,1,1,3,1,1,1,1,1,3,3,2,2,3,2,2,1,1,1,1,1,1,2,28,3]
["HAPUS","00270340","31","72","01","1001","006","014","3016","045","","3173043112760005","ERWIN","31","12","1976",1,1,5,7,6,2,2,"3173044610960003","LEE CEN","06","10","1986",2,0,5,3,9,2,2,"3173040905080006","STEVE ERWIN","09","05","2008",3,1,5,2,10,1,2,"","","","","",null,null,null,null,null,null,null,"","","","","",null,null,null,null,null,null,null,"","","","","",null,null,null,null,null,null,null,"","","","","",null,null,null,null,null,null,null,24,22,1,0,1,0,1,"1","7",0,1,"2",null,"14",1,1,1,1,1,1,3,1,1,2,1,2,3,3,3,3,3,2,2,1,1,1,1,1,1,2,28,3]
["HAPUS","00270339","31","72","01","1001","006","014","3018","046","","0951022811800260","SUBIONO","28","11","1980",1,1,5,9,5,1,2,"0951025008590469","LEE TJING","10","08","1959",4,0,5,3,9,3,2,"","","","","",null,null,null,null,null,null,null,"","","","","",null,null,null,null,null,null,null,"","","","","",null,null,null,null,null,null,null,"","","","","",null,null,null,null,null,null,null,"","","","","",null,null,null,null,null,null,null,null,null,null,null,null,null,0,null,null,null,null,null,null,null,1,1,1,1,1,1,3,1,1,2,1,2,3,3,3,3,3,2,2,1,1,1,1,1,1,2,28,2]
["HAPUS","00270338","31","72","01","1001","006","014","3019","047","","3172011503600010","TJAN HOAT","15","03","1960",1,1,5,3,5,2,4,"3172016604730006","SUTIANI","15","04","1973",2,0,5,3,9,2,4,"3172012410131003","IVANDER HALIM","24","01","2013",3,1,5,10,10,1,4,"3172016108400002","GIOKHA","21","08","1940",4,0,5,3,9,3,4,"3172012202980007","EFENDI","22","02","1998",4,1,5,3,10,1,4,"3172011308990010","ANDY HENDRAWAN","13","08","1999",4,1,5,3,10,1,4,"","","","","",null,null,null,null,null,null,null,25,22,3,1,3,1,1,"1","6",3,0,"3",null,"4",1,1,1,1,1,1,1,1,1,1,1,2,2,2,2,2,2,2,2,1,1,1,1,1,1,2,28,6]
["HAPUS","00270337","31","72","01","1001","006","014","3020","048","","3172011305710001","DEDY RUSYANTO","13","05","1971",1,1,1,7,6,2,2,"3172016603800001","JUJU JULEHA","26","03","1980",2,0,1,5,9,2,2,"3172012121060005","YUDO RUSYANTO","21","06","2000",3,1,1,4,10,1,2,"3172015510050005","SALSA LIAN","15","10","2005",3,0,1,10,10,1,2,"","","","","",null,null,null,null,null,null,null,"","","","","",null,null,null,null,null,null,null,"","","","","",null,null,null,null,null,null,null,23,21,1,1,1,1,1,"1","6",3,0,"3",null,"5",1,1,1,1,1,1,1,1,1,1,1,1,3,3,2,2,3,2,2,1,1,1,1,1,1,2,28,4]
["HAPUS","00270336","31","72","01","1001","006","014","4004","049","","3172011312560002","SOFFI BIN MUSAI","13","12","1960",1,1,1,5,5,2,2,"3172016903890001","SUHARTI","29","03","1969",2,0,1,3,9,2,2,"","","","","",null,null,null,null,null,null,null,"","","","","",null,null,null,null,null,null,null,"","","","","",null,null,null,null,null,null,null,"","","","","",null,null,null,null,null,null,null,"","","","","",null,null,null,null,null,null,null,36,32,0,0,0,0,1,"3",null,null,null,"3","8",null,1,1,1,1,1,1,3,1,1,2,1,2,3,3,3,3,3,2,2,1,1,1,1,1,1,2,28,2]
["HAPUS","00270335","31","72","01","1001","006","014","4005","050","","3172015806520004","BONG TJI","18","09","1952",1,0,5,3,9,3,2,"3172017110881004","HORISEM","31","10","1988",3,0,5,7,5,1,2,"3172011705900005","HORIANTO","17","05","1990",3,1,5,7,5,1,2,"","","","","",null,null,null,null,null,null,null,"","","","","",null,null,null,null,null,null,null,"","","","","",null,null,null,null,null,null,null,"","","","","",null,null,null,null,null,null,null,null,35,1,1,1,1,0,"3",null,null,null,"3","8",null,1,1,1,1,1,1,3,1,1,2,1,2,3,3,3,3,2,2,2,1,1,1,1,1,1,2,28,3]
["HAPUS","00270334","31","72","01","1001","006","014","4009","051","","3172012202800006","SYAMSIR","22","02","1980",1,1,5,7,5,2,4,"3172016305801002","EFITA","23","05","1980",2,0,5,7,5,2,4,"3172016507101004","SHELIN ESTRELLA","25","07","2010",3,0,5,10,10,1,4,"3172010502410003","ANG TIOONG LIM","05","02","1941",4,1,5,3,10,1,4,"3172016103470001","AKAM","21","03","1947",4,0,5,3,9,1,4,"3172011908710009","EDDY HARTONO","19","09","1971",4,1,5,7,5,1,4,"3172015609760007","NURHAYATI","16","09","1976",4,0,5,7,5,1,4,23,22,0,1,0,1,1,"1","3",0,3,"2",null,"7",1,1,1,1,1,1,3,1,1,1,1,2,2,2,3,3,2,2,2,1,1,1,1,1,1,2,28,7]
["HAPUS","00270266","31","72","01","1001","006","014","4011","052","","3172010904880007","FERY","09","04","1988",1,1,5,5,5,2,2,"3172014304910006","SUSIYANA","03","04","1991",2,0,5,5,9,2,2,"3172012803100003","GONE","28","03","2010",3,1,5,10,10,1,2,"3172014201121005","JENNY","02","01","2012",3,0,5,10,10,1,2,"3172014810141002","GENNA","08","10","2014",3,0,5,10,10,1,2,"","","","","",null,null,null,null,null,null,null,"","","","","",null,null,null,null,null,null,null,22,22,1,2,1,2,1,"1","7",0,1,"3",null,"14",1,1,1,1,1,1,1,1,1,1,1,1,2,2,3,3,3,2,2,1,1,1,1,1,1,2,28,4]
["HAPUS","00270333","31","72","01","1001","006","014","4012","053","","3172011501700010","KUSMANTO","15","01","1970",1,1,1,7,5,2,2,"3172015811750004","SUHARTINI","16","11","1975",2,0,1,7,9,2,2,"3172012312990008","SURYAWAN WICAKSONO","23","12","1999",3,1,1,4,10,1,2,"3172016801041002","INAY WIDYANINGRUM","28","01","2004",3,0,1,2,10,1,2,"","","","","",null,null,null,null,null,null,null,"","","","","",null,null,null,null,null,null,null,"","","","","",null,null,null,null,null,null,null,24,23,1,1,1,1,1,"1","6",3,0,"3",null,"1",1,1,1,1,1,1,1,1,1,1,1,2,3,3,2,2,3,2,2,1,1,1,1,1,1,2,28,4]
["HAPUS","00270332","31","72","01","1001","006","014","4014","054","","3172012309820008","AKHMAD ROMLI","23","09","1982",1,1,1,5,6,2,2,"3172014101960010","SITI SARIPAH","01","01","1986",2,0,1,7,5,2,2,"","","","","",null,null,null,null,null,null,null,"","","","","",null,null,null,null,null,null,null,"","","","","",null,null,null,null,null,null,null,"","","","","",null,null,null,null,null,null,null,"","","","","",null,null,null,null,null,null,null,30,26,0,0,0,0,1,"3",null,null,null,"3","8",null,1,1,1,1,1,1,3,1,1,1,1,2,3,3,3,3,3,2,2,1,1,1,1,1,1,2,28,2]
["HAPUS","00270331","31","72","01","1001","006","014","4015","055","","1407250027900003","NURHAYATI","10","02","1979",1,0,5,5,9,3,4,"1407201101900005","JASMAN","11","01","1986",3,1,5,3,5,1,4,"1407020111970009","HARY RIADI","01","11","1997",3,1,5,3,5,1,4,"","","","","",null,null,null,null,null,null,null,"","","","","",null,null,null,null,null,null,null,"","","","","",null,null,null,null,null,null,null,"","","","","",null,null,null,null,null,null,null,null,27,2,0,2,0,0,"3",null,null,null,"3","8",null,1,1,1,1,1,1,3,1,1,2,1,1,3,3,2,2,3,2,2,1,1,1,1,1,1,2,28,3]
["HAPUS","00270330","31","72","01","1001","006","014","4016","056","","3172012303691001","TRISNA IRAWAN","23","03","1969",1,1,2,9,5,2,2,"3172014704711001","ALIN","07","04","1971",2,0,2,9,5,2,2,"3172012802991001","ERIC FRAN IRWAN","28","02","1999",3,1,2,6,10,1,2,"3172014310061002","CATHERIN FRANCISCA","03","10","2006",3,0,2,2,10,1,2,"","","","","",null,null,null,null,null,null,null,"","","","","",null,null,null,null,null,null,null,"","","","","",null,null,null,null,null,null,null,24,22,1,1,1,1,1,"1","6",3,0,"3",null,"14",1,1,1,1,1,1,1,1,1,2,1,2,3,3,2,2,3,2,2,1,1,1,1,1,1,2,28,4]
["HAPUS","00270328","31","72","01","1001","006","014","4017","057","","3172016006840003","ENDAH SURYANINGSIH","20","06","1984",1,0,1,7,6,3,2,"3172016003011004","NURUL AMALIA","20","03","2001",3,0,1,6,10,1,2,"3172010807131008","RADELLO IBRAHIM","08","07","2013",3,1,1,10,10,1,2,"","","","","",null,null,null,null,null,null,null,"","","","","",null,null,null,null,null,null,null,"","","","","",null,null,null,null,null,null,null,"","","","","",null,null,null,null,null,null,null,null,18,1,1,1,1,0,"3",null,null,null,"3","8",null,1,1,1,1,1,1,3,1,1,2,1,2,2,2,2,2,3,2,2,1,1,1,1,1,1,2,28,3]
["HAPUS","00270329","31","72","01","1001","006","014","4018","058","","3172016009860014","MANDALENA","10","09","1986",1,0,5,7,5,1,2,"1407022711930005","BUDIMAN","27","11","1983",4,1,5,7,5,1,2,"","","","","",null,null,null,null,null,null,null,"","","","","",null,null,null,null,null,null,null,"","","","","",null,null,null,null,null,null,null,"","","","","",null,null,null,null,null,null,null,"","","","","",null,null,null,null,null,null,null,null,null,null,null,null,null,0,null,null,null,null,null,null,null,1,1,1,1,1,1,3,1,1,1,1,2,3,3,3,3,3,2,2,1,1,1,1,1,1,2,28,2]
["HAPUS","00270327","31","72","01","1001","006","014","4019","059","","1407023006890001","KASMAN","30","06","1989",1,1,5,7,5,1,2,"","","","","",null,null,null,null,null,null,null,"","","","","",null,null,null,null,null,null,null,"","","","","",null,null,null,null,null,null,null,"","","","","",null,null,null,null,null,null,null,"","","","","",null,null,null,null,null,null,null,"","","","","",null,null,null,null,null,null,null,null,null,null,null,null,null,0,null,null,null,null,null,null,null,1,1,1,1,1,1,3,1,1,2,1,2,3,3,3,3,3,2,2,1,1,1,1,1,1,2,28,1]
["HAPUS","00270326","31","72","01","1001","006","014","5001","060","","3172010404720017","DJUNG SIN JUN","04","04","1972",1,1,5,5,6,2,4,"3172016212900012","TJANG MING LE","12","12","1980",2,0,5,5,9,2,4,"3172011305010008","ONNIK TJANG","13","05","2001",3,0,5,4,10,1,4,"3172012508040008","RIVALDO","25","08","2004",3,1,5,4,10,1,4,"3172012009080003","EVELYN TJANG","20","09","2008",3,1,5,2,10,1,4,"3172015010121002","KEVIN CHANG","10","10","2012",3,1,5,10,10,1,4,"","","","","",null,null,null,null,null,null,null,23,22,3,1,3,1,1,"1","3",0,3,"3",null,"7",1,1,1,1,1,1,1,1,1,1,1,1,2,2,2,2,3,2,2,1,1,1,1,1,1,2,28,6]
["HAPUS","00270325","31","72","01","1001","006","014","5003","061","","3172010902710003","SOMO LANGKIR","09","02","1971",1,1,1,7,6,2,1,"3172016011810003","SURYANI","20","11","1991",2,0,1,5,9,2,1,"3172016011010004","NOVITA RAHMA DHEWI","20","11","2001",3,0,1,10,10,1,1,"","","","","",null,null,null,null,null,null,null,"","","","","",null,null,null,null,null,null,null,"","","","","",null,null,null,null,null,null,null,"","","","","",null,null,null,null,null,null,null,37,22,0,1,0,1,1,"1","3",0,3,"2",null,"7",1,1,1,1,1,1,3,1,1,2,1,1,3,3,2,2,3,2,2,1,1,1,1,1,1,2,28,3]
["HAPUS","00270368","31","72","01","1001","006","014","1018","062","","3172012709850001","A KADIR","27","09","1985",1,1,5,7,5,1,4,"","","","","",null,null,null,null,null,null,null,"","","","","",null,null,null,null,null,null,null,"","","","","",null,null,null,null,null,null,null,"","","","","",null,null,null,null,null,null,null,"","","","","",null,null,null,null,null,null,null,"","","","","",null,null,null,null,null,null,null,null,null,null,null,null,null,0,null,null,null,null,null,null,null,1,1,1,1,1,1,3,1,1,1,1,1,3,3,3,3,3,2,2,1,1,1,1,1,1,2,28,1]
["HAPUS","00270323","31","72","01","1001","006","014","5004","063","","3172011205670006","PARTU","12","05","1967",1,1,1,7,8,2,2,"3172014617300006","SULARMI","06","01","1973",2,0,1,7,9,2,2,"3172011512940008","AGUNG PANUNTUN WINARTO","15","12","1994",3,1,1,7,10,1,2,"3172014611980003","JUSTICA AYU PALUPI","06","11","1998",3,0,1,6,10,1,2,"","","","","",null,null,null,null,null,null,null,"","","","","",null,null,null,null,null,null,null,"","","","","",null,null,null,null,null,null,null,24,23,1,1,1,1,1,"1","3",0,3,"3",null,"7",1,1,1,1,1,1,1,1,1,1,1,2,3,3,2,2,3,2,2,1,1,1,1,1,1,2,28,4]
["HAPUS","00270322","31","72","01","1001","006","014","5007","064","","3173025612570002","TJIO LUN NIO","16","12","1957",1,0,5,7,9,3,4,"3173021902940009","FERRY","19","02","1994",3,1,5,7,10,1,4,"3173026110971003","OVIA","21","07","1997",3,0,5,5,10,1,4,"","","","","",null,null,null,null,null,null,null,"","","","","",null,null,null,null,null,null,null,"","","","","",null,null,null,null,null,null,null,"","","","","",null,null,null,null,null,null,null,null,36,1,1,1,1,0,"3",null,null,null,"3","8",null,1,1,1,1,1,1,3,1,1,2,1,2,3,3,2,2,3,2,2,1,1,1,1,1,1,2,28,3]
["HAPUS","00270321","31","72","01","1001","006","014","5009","065","","3172010903740011","SUPARJI","09","03","1974",1,1,1,5,8,2,2,"3172014706820021","WARSINI","07","06","1982",2,0,1,3,9,2,2,"3172015006071003","KURNIATI","10","06","2007",3,0,1,10,10,1,2,"3172016410101018","KARYATI","24","10","2010",3,0,1,10,10,1,2,"","","","","",null,null,null,null,null,null,null,"","","","","",null,null,null,null,null,null,null,"","","","","",null,null,null,null,null,null,null,24,22,0,2,0,2,1,"1","3",0,3,"3",null,"7",1,1,1,1,1,1,1,1,1,1,1,2,2,1,3,3,3,2,2,1,1,1,1,1,1,2,28,4]
["HAPUS","00270268","31","72","01","1001","006","014","5011","066","","3172012603730005","HERMAN GUNAWAN","26","03","1973",1,1,3,7,5,2,2,"3172014609700010","AGUSTINA","06","09","1970",2,0,3,7,5,2,2,"3172016710060007","TANIA GUNAWAN","27","01","2006",3,0,3,2,10,1,2,"3172017001121001","KEZIA GUNAWAN","30","10","2012",3,0,3,10,10,1,2,"3172015910131001","KIMBERLY GUNAWAN","19","10","2013",3,0,3,10,10,1,2,"","","","","",null,null,null,null,null,null,null,"","","","","",null,null,null,null,null,null,null,22,23,0,3,0,3,1,"1","6",3,0,"3",null,"1",1,1,1,1,1,1,1,1,1,1,1,2,1,1,3,3,3,2,2,1,1,1,1,1,1,2,28,5]
["HAPUS","00270269","31","72","01","1001","006","014","5012","067","","3172013003850014","AMIR","30","03","1985",1,1,5,7,5,2,2,"3172015911930013","RENIYUNITA","19","11","1983",2,0,5,7,9,2,2,"3172011012090006","VALES ANGELO","10","12","2009",3,1,5,10,10,1,2,"3172010607121002","VINCENT ANGELO","06","07","2012",3,1,5,10,10,1,2,"3172280555000002","AGUS MARIS","26","05","1955",4,1,5,3,8,1,2,"3172016507560005","KHO LE SUAT","27","07","1956",4,0,5,3,9,1,2,"","","","","",null,null,null,null,null,null,null,23,22,2,0,2,0,1,"1","3",0,3,"3",null,"14",1,1,1,1,1,1,1,1,1,1,1,2,1,1,3,3,3,2,2,1,1,1,1,1,1,2,28,6]
["HAPUS","00270270","31","72","01","1001","006","014","5013","068","","3170120012700014","DARMADI","20","12","1970",1,1,1,5,5,2,2,"3172015005740007","YENI","10","05","1974",2,0,1,5,6,2,2,"3172012704970004","EDWIN WIGIT","27","04","1997",3,1,1,7,10,1,2,"3172013009091004","REZA ALDIANO","30","09","2009",3,1,1,2,10,1,2,"","","","","",null,null,null,null,null,null,null,"","","","","",null,null,null,null,null,null,null,"","","","","",null,null,null,null,null,null,null,24,24,1,1,1,1,1,"1","3",0,3,"3",null,"7",1,1,1,1,1,1,1,1,1,1,1,2,3,3,2,2,3,2,2,1,1,1,1,1,1,2,28,4]
["HAPUS","00270271","31","72","01","1001","006","014","5017","069","","3170211910730005","SUKAEDI","19","10","1973",1,1,1,3,5,2,2,"3170199007000007","DARYANTI","28","10","1970",2,0,1,5,9,2,2,"3172011603030003","RISKI MAULANA","16","03","2003",3,1,1,4,10,1,2,"3172012910131007","KHOIRRUL ABIZAR","09","10","2013",3,1,1,10,10,1,2,"","","","","",null,null,null,null,null,null,null,"","","","","",null,null,null,null,null,null,null,"","","","","",null,null,null,null,null,null,null,24,23,2,0,2,0,1,"1","3",0,3,"3",null,"7",1,1,1,1,1,1,1,1,1,1,1,1,1,2,2,2,3,2,1,1,1,1,1,1,1,2,28,4]
["HAPUS","00270272","31","72","01","1001","006","014","5018","070","","3172011510830016","SUKARDI","15","10","1983",1,1,1,5,5,2,2,"3320066119999108","NELADARI","21","08","1989",2,0,1,5,9,2,2,"3172016709101006","INESYA PUTRI","27","08","2010",3,0,1,10,10,1,2,"","","","","",null,null,null,null,null,null,null,"","","","","",null,null,null,null,null,null,null,"","","","","",null,null,null,null,null,null,null,"","","","","",null,null,null,null,null,null,null,30,25,0,1,0,1,1,"1","3",0,1,"2",null,"7",1,1,1,1,1,1,3,1,1,1,1,2,1,1,3,3,3,2,2,1,1,1,1,1,1,2,28,3]
["HAPUS","00270273","31","72","01","1001","006","014","5019","071","","3173045810670001","HIN JEN KADIRAN","18","10","1967",1,0,5,7,5,3,2,"3173046707020004","CHIKA","27","07","2002",3,0,5,4,10,1,2,"","","","","",null,null,null,null,null,null,null,"","","","","",null,null,null,null,null,null,null,"","","","","",null,null,null,null,null,null,null,"","","","","",null,null,null,null,null,null,null,"","","","","",null,null,null,null,null,null,null,null,34,0,1,0,1,0,"3",null,null,null,"3","8",null,1,1,1,1,1,1,3,1,1,1,1,2,3,3,2,2,3,2,2,1,1,1,1,1,1,2,28,2]
["HAPUS","00270324","31","72","01","1001","006","014","5016","072","","3172012203660004","SUWARSITA","22","03","1966",1,1,1,7,6,2,4,"3172014309720004","EMI HIDAYATUL RAHMAH","03","08","1972",2,0,1,5,9,2,4,"3172015805050002","SALSABILA WARDA MEIDINA","18","05","2005",3,0,1,2,10,1,4,"","","","","",null,null,null,null,null,null,null,"","","","","",null,null,null,null,null,null,null,"","","","","",null,null,null,null,null,null,null,"","","","","",null,null,null,null,null,null,null,23,23,0,1,0,1,1,"3",null,null,null,"3","8",null,1,1,1,1,1,1,3,1,1,1,1,1,3,3,2,2,3,2,2,1,1,1,1,1,1,2,28,3]
["HAPUS","00270275","31","72","01","1001","006","014","5010","073","","3375031608820010","RUSDI","16","08","1982",1,1,5,5,8,2,4,"3172016111830001","AINA","21","11","1983",2,0,5,6,9,2,4,"","","","","",null,null,null,null,null,null,null,"","","","","",null,null,null,null,null,null,null,"","","","","",null,null,null,null,null,null,null,"","","","","",null,null,null,null,null,null,null,"","","","","",null,null,null,null,null,null,null,30,29,0,0,0,0,1,"3",null,null,null,"3","8",null,1,1,1,1,1,1,3,1,1,1,2,2,3,3,3,3,3,2,2,1,1,1,1,1,1,2,28,2]
["HAPUS","00270267","31","72","01","1001","006","014","4001","083","","3172010309800008","ONG SAM PHING","03","09","1980",1,1,5,5,6,2,2,"3274016609800011","SANDRA DEWI","26","09","1980",2,0,5,7,5,2,2,"3172012911141003","FELIX FREDERICO YANG","29","11","2014",3,1,5,10,10,1,2,"","","","","",null,null,null,null,null,null,null,"","","","","",null,null,null,null,null,null,null,"","","","","",null,null,null,null,null,null,null,"","","","","",null,null,null,null,null,null,null,24,23,1,0,1,0,1,"1","3",0,3,"2",null,"7",1,1,1,1,1,1,3,1,1,1,1,2,1,2,3,3,3,2,2,1,1,1,1,1,1,2,28,3]
["HAPUS","00270276","31","72","01","1001","006","014","3017","074","","3172015204820020","SANTHI","12","04","1982",1,0,5,7,5,1,4,"3172016010660011","RITA","20","10","1986",4,0,5,7,5,1,4,"3172011703900011","HERMANTO","17","03","1990",4,1,5,7,5,1,4,"","","","","",null,null,null,null,null,null,null,"","","","","",null,null,null,null,null,null,null,"","","","","",null,null,null,null,null,null,null,"","","","","",null,null,null,null,null,null,null,null,null,null,null,null,null,0,null,null,null,null,null,null,null,1,1,1,1,1,1,3,1,1,2,1,2,3,3,3,3,3,2,2,1,1,1,1,1,1,2,28,3]
["HAPUS","00270277","31","72","01","1001","006","014","5014","075","","3172012612660006","SUROTO","26","12","1966",1,1,1,7,6,3,4,"","","","","",null,null,null,null,null,null,null,"","","","","",null,null,null,null,null,null,null,"","","","","",null,null,null,null,null,null,null,"","","","","",null,null,null,null,null,null,null,"","","","","",null,null,null,null,null,null,null,"","","","","",null,null,null,null,null,null,null,30,null,null,null,null,null,0,"3",null,null,null,"3","8",null,1,1,1,1,1,1,3,1,1,2,1,2,3,3,3,3,3,2,2,1,1,1,1,1,1,2,28,1]
["HAPUS","00270278","31","72","01","1001","006","014","1014","076","","3172010709650002","SUMIDI","07","09","1965",1,1,1,7,5,2,3,"3172014305630006","SUKINAH","03","05","1963",2,0,1,9,4,2,3,"3172012704061002","ADINA FAJAR YUNITA SARI","12","06","1998",3,0,1,10,10,1,3,"","","","","",null,null,null,null,null,null,null,"","","","","",null,null,null,null,null,null,null,"","","","","",null,null,null,null,null,null,null,"","","","","",null,null,null,null,null,null,null,36,38,0,1,0,1,0,"1","7",0,1,"3",null,"7",1,1,1,1,1,1,3,1,1,1,1,1,3,3,2,2,3,2,2,1,1,1,1,1,1,2,28,3]
["HAPUS","00270279","31","72","01","1001","006","014","3019","077","","3172011503600010","TJAN HOAT","15","03","1960",1,1,5,3,5,2,4,"3172016604730006","SUTIANI","15","04","1973",2,0,5,3,9,2,4,"3172012410131003","IVANDER HALIM HENDRAWAN","24","10","2013",3,1,5,10,10,1,4,"3172016108400002","GIOKHA","21","08","1940",4,0,5,10,10,1,4,"3172012202980007","EZENDI HENDRAWAN","22","02","1999",4,1,5,10,10,1,4,"","","","","",null,null,null,null,null,null,null,"","","","","",null,null,null,null,null,null,null,35,34,0,1,0,1,1,"1","3",0,3,"2",null,"7",1,1,1,1,1,1,3,1,1,1,1,1,1,1,2,2,2,2,1,1,1,1,1,1,1,2,28,5]
["HAPUS","00270280","31","72","01","1001","006","014","0014","078","","3172011909660002","SUROSO","19","09","1966",1,1,1,7,5,2,1,"3172015006640003","ISMAYATUN","10","06","1969",2,0,1,7,5,2,1,"3172014801900001","ANGGI DWI ARISTA","08","01","1993",3,0,1,8,10,1,1,"","","","","",null,null,null,null,null,null,null,"","","","","",null,null,null,null,null,null,null,"","","","","",null,null,null,null,null,null,null,"","","","","",null,null,null,null,null,null,null,24,24,0,1,0,1,1,"1","6",3,0,"3",null,"1",1,1,1,1,1,1,3,1,1,1,1,1,3,3,2,2,3,2,2,1,1,1,1,1,1,2,28,3]
["HAPUS","00270281","31","72","01","1001","006","014","2020","079","","1407025508900005","JUNATI","15","05","1990",1,0,5,7,5,1,4,"","","","","",null,null,null,null,null,null,null,"","","","","",null,null,null,null,null,null,null,"","","","","",null,null,null,null,null,null,null,"","","","","",null,null,null,null,null,null,null,"","","","","",null,null,null,null,null,null,null,"","","","","",null,null,null,null,null,null,null,null,null,null,null,null,null,0,null,null,null,null,null,null,null,1,1,1,1,1,1,3,1,1,1,1,1,3,3,3,3,3,2,2,1,1,1,1,1,1,2,28,1]
["HAPUS","00270282","31","72","01","1001","006","014","1010","080","","3173026504870003","ERDA MURNI","05","04","1987",1,0,5,7,5,1,4,"","","","","",null,null,null,null,null,null,null,"","","","","",null,null,null,null,null,null,null,"","","","","",null,null,null,null,null,null,null,"","","","","",null,null,null,null,null,null,null,"","","","","",null,null,null,null,null,null,null,"","","","","",null,null,null,null,null,null,null,null,null,null,null,null,null,0,null,null,null,null,null,null,null,1,1,1,1,1,1,3,1,1,2,1,2,3,3,3,3,3,2,2,1,1,1,1,1,1,2,28,1]
["HAPUS","00270283","31","72","01","1001","006","014","4007","081","","1407025710880001","MASNI","17","10","1988",1,0,5,7,5,1,1,"","","","","",null,null,null,null,null,null,null,"","","","","",null,null,null,null,null,null,null,"","","","","",null,null,null,null,null,null,null,"","","","","",null,null,null,null,null,null,null,"","","","","",null,null,null,null,null,null,null,"","","","","",null,null,null,null,null,null,null,null,null,null,null,null,null,0,null,null,null,null,null,null,null,1,1,1,1,1,1,3,1,1,2,1,2,3,3,3,3,3,2,2,1,1,1,1,1,1,2,28,1]
["HAPUS","00270284","31","72","01","1001","006","014","5007","082","","3172015047200004","TINO","15","04","1972",1,1,1,5,5,1,4,"","","","","",null,null,null,null,null,null,null,"","","","","",null,null,null,null,null,null,null,"","","","","",null,null,null,null,null,null,null,"","","","","",null,null,null,null,null,null,null,"","","","","",null,null,null,null,null,null,null,"","","","","",null,null,null,null,null,null,null,null,null,null,null,null,null,0,null,null,null,null,null,null,null,1,1,1,1,1,1,3,1,1,2,1,2,3,3,3,3,3,2,2,1,1,1,1,1,1,2,28,1]
["HAPUS","00253123","31","72","01","1001","006","015","011A","002","","3171020805810005","INDRA WIRIADI","08","05","1981",1,1,2,7,5,2,4,"3171026902840006","FENNY","29","02","1984",2,0,2,7,9,2,4,"3171026106101002","LOUSE VALLERE WIRIADI","21","06","2010",3,0,2,2,10,1,4,"3171025211141005","JOANNA ABIGAL WIRIADI","12","11","2014",3,0,2,10,10,1,4,"","","","","",null,null,null,null,null,null,null,"","","","","",null,null,null,null,null,null,null,"","","","","",null,null,null,null,null,null,null,20,17,0,2,0,2,1,"1","3",1,0,"2",null,"14",1,1,1,1,1,1,1,1,1,1,1,2,1,2,3,3,3,2,4,1,1,1,1,1,1,2,36,4]
["HAPUS","00253124","31","72","01","1001","006","015","0001","003","","3172011210690015","SAHRONI","12","10","1969",1,1,1,5,5,2,3,"3172016502800009","TAMIAH","25","02","1980",2,0,1,5,9,2,3,"3172015501010011","RANI TAMI","15","01","2001",3,0,1,4,10,1,3,"3172011070200006","ZANI FAZRIMIA","21","07","2002",3,0,1,4,10,1,3,"3172015001070004","FEBRIANI TAMIAH","10","01","2007",3,0,1,2,10,1,3,"","","","","",null,null,null,null,null,null,null,"","","","","",null,null,null,null,null,null,null,32,21,0,3,0,3,1,"1","3",8,0,"2",null,"14",1,1,1,1,1,1,1,1,1,1,1,2,3,3,2,2,3,2,4,1,1,1,1,1,1,2,36,5]
["HAPUS","00253125","31","72","01","1001","006","015","10AB","004","","3172010204750009","EK-CIU","02","04","1975",1,1,1,7,5,2,3,"3172016301780001","MULYANAH","23","01","1978",2,0,1,7,9,2,3,"3172011401990003","KAISAR FATA IBRAHIM","14","01","1999",3,1,1,6,10,1,3,"3172016102050002","MEYSIA FEDRAYAH","21","02","2005",3,0,1,2,10,1,3,"3172012309080005","BRIAN ZHUANG","23","09","2008",3,1,1,2,10,1,3,"","","","","",null,null,null,null,null,null,null,"","","","","",null,null,null,null,null,null,null,23,20,2,1,2,1,1,"1","3",0,0,"3",null,"14",1,1,1,1,1,1,1,1,1,1,1,2,3,3,2,2,3,2,4,1,1,1,1,1,1,2,36,5]
["HAPUS","00253126","31","72","01","1001","006","015","09AB","005","","3172011405520004","YANTO","14","05","1952",1,1,5,5,5,2,4,"3172014504580002","TJHAI SIUFUNG","05","04","1959",2,0,5,5,10,2,4,"3172018805850010","SRI EKAWATI","28","05","1985",3,0,2,7,5,1,4,"3172014612890006","DESRIWATI","08","12","1989",3,0,2,7,5,1,4,"3172011106910007","HENDRA PERMAHA","11","08","1991",3,1,2,7,5,1,4,"3172012505930002","HANDI PERMANA","26","03","1993",3,1,2,7,5,1,4,"3172014408941002","AGUSTINA WATI","04","08","1994",3,0,2,7,10,1,4,32,25,2,3,2,3,0,"3",null,null,null,"3","8",null,1,1,1,1,1,1,3,1,1,1,1,2,3,3,2,2,2,2,4,1,1,1,1,1,1,2,36,7]
["HAPUS","00253127","31","72","01","1001","006","015","012A","006","","3172011608720006","HARTOYO","16","08","1972",1,1,1,9,4,2,1,"3172017112760002","MAYAWATI","31","12","1976",2,0,1,5,9,2,1,"3172015307010003","ELITA MAYA PUTRI","13","07","2001",3,0,1,4,10,1,1,"3172014808040003","CINDI TAMIESHA HERAWA","08","08","2003",3,0,1,2,10,1,1,"3172015111111009","DANITA HERAWATI","11","11","2011",3,0,1,10,10,1,1,"","","","","",null,null,null,null,null,null,null,"","","","","",null,null,null,null,null,null,null,28,24,0,3,0,3,1,"1","7",4,0,"2",null,"14",1,1,1,1,1,1,1,1,1,1,1,2,1,2,2,2,3,2,4,1,1,1,1,1,1,2,36,5]
["HAPUS","00253128","31","72","01","1001","006","015","001B","007","","3312202702830001","MARYONO","27","02","1983",1,1,1,7,5,2,4,"3312205506930003","DARMI","16","06","1993",2,0,1,7,9,2,4,"3312205209100001","MEZHY NAZYA PUTRI","12","09","2010",3,0,1,10,10,1,4,"3312201209130002","GARA DAMAR SENTIAKI","12","09","2013",3,1,1,10,10,1,4,"","","","","",null,null,null,null,null,null,null,"","","","","",null,null,null,null,null,null,null,"","","","","",null,null,null,null,null,null,null,27,17,1,1,1,1,1,"1","3",1,0,"2",null,"14",1,1,1,1,1,1,1,1,1,1,1,2,1,2,3,3,3,2,4,1,1,1,1,1,1,2,36,4]
["HAPUS","00253129","31","72","01","1001","006","015","001A","008","","3172011001840009","SUIBAD","10","01","1984",1,1,1,5,5,2,4,"3172016101990006","SOBIHA","11","01","1984",2,0,1,5,9,2,4,"3172011506100002","REZA SURYA PRATAMA","15","06","2010",3,1,1,10,10,1,4,"","","","","",null,null,null,null,null,null,null,"","","","","",null,null,null,null,null,null,null,"","","","","",null,null,null,null,null,null,null,"","","","","",null,null,null,null,null,null,null,26,26,1,0,1,0,1,"3",null,null,null,"1","8",null,1,1,1,1,1,1,3,1,1,1,1,2,1,1,3,3,3,2,4,1,1,1,1,1,1,2,36,3]
["HAPUS","00270256","31","72","01","1001","006","015","107A","009","","3172012712450004","HARTONO","27","12","1945",1,1,5,5,5,2,4,"3172016607560001","BIE KIAW","26","07","1956",2,0,5,5,9,2,4,"3172015103940003","DEWI","11","03","1994",4,0,5,7,5,1,4,"","","","","",null,null,null,null,null,null,null,"","","","","",null,null,null,null,null,null,null,"","","","","",null,null,null,null,null,null,null,"","","","","",null,null,null,null,null,null,null,25,22,1,1,1,1,0,"3",null,null,null,"3","8",null,1,1,1,1,1,1,3,1,1,1,1,2,3,3,2,2,2,2,4,1,1,1,1,1,1,2,36,3]
["HAPUS","00253130","31","72","01","1001","006","015","0014","010","","3172012610770001","OKTOMI","26","10","1977",1,1,5,7,6,2,3,"3172017112800025","DIANA","31","12","1980",2,0,5,5,9,2,3,"3172014907050003","ANGELLICA","09","07","2005",3,0,5,2,10,1,3,"3172011309111005","LOUIS ANDRIAN HONG","13","09","2011",3,1,5,10,10,1,3,"","","","","",null,null,null,null,null,null,null,"","","","","",null,null,null,null,null,null,null,"","","","","",null,null,null,null,null,null,null,28,25,1,1,1,1,1,"1","3",4,0,"2",null,"14",1,1,1,1,1,1,1,1,1,1,1,2,1,2,2,2,3,2,4,1,1,1,1,1,1,2,36,4]
["HAPUS","00253131","31","72","01","1001","006","015","008A","011","","3172010502090077","PO AI","16","09","1957",1,1,5,3,5,3,1,"","","","","",null,null,null,null,null,null,null,"","","","","",null,null,null,null,null,null,null,"","","","","",null,null,null,null,null,null,null,"","","","","",null,null,null,null,null,null,null,"","","","","",null,null,null,null,null,null,null,"","","","","",null,null,null,null,null,null,null,25,null,null,null,null,null,0,"3",null,null,null,"3","8",null,1,1,1,1,1,1,3,1,1,1,1,2,3,3,3,3,3,2,4,1,1,1,1,1,1,2,36,1]
["HAPUS","00253132","31","72","01","1001","006","015","007A","012","","3172011107910007","DAVID","11","07","1991",1,1,5,7,6,1,4,"3172014510940004","SUSANTI","05","10","1994",4,0,5,5,5,1,4,"","","","","",null,null,null,null,null,null,null,"","","","","",null,null,null,null,null,null,null,"","","","","",null,null,null,null,null,null,null,"","","","","",null,null,null,null,null,null,null,"","","","","",null,null,null,null,null,null,null,null,null,null,null,null,null,0,null,null,null,null,null,null,null,1,1,1,1,1,1,3,1,1,1,1,2,3,3,2,2,3,2,4,1,1,1,1,1,1,2,36,2]
["HAPUS","00253133","31","72","01","1001","006","015","1002","013","","3172011911840005","JOE TRISANTOSA","19","11","1984",1,1,5,7,5,2,1,"3172016912800006","SIE LING","19","12","1992",2,0,5,7,5,2,1,"3172012504121002","EAGAN ADRIAN DJONG","25","04","2012",3,1,5,10,10,1,1,"3172014805500002","TAN LAI BOI","08","05","1950",4,0,5,7,9,1,4,"3172012501510002","JOE SING TEK","25","01","1951",4,1,5,3,9,1,4,"","","","","",null,null,null,null,null,null,null,"","","","","",null,null,null,null,null,null,null,25,23,1,0,1,0,1,"3",null,null,null,"1","8",null,1,1,1,1,1,1,3,1,1,1,1,2,2,2,3,3,2,2,4,1,1,1,1,1,1,2,36,5]
["HAPUS","00253134","31","72","01","1001","006","015","1003","014","","3172014103760010","JASNIATI","01","03","1976",1,0,5,7,5,1,4,"3376031606460003","BUDIONO","16","06","1946",4,1,5,3,6,1,4,"3172015505530007","MAHANI ANDIKA","15","05","1953",4,0,5,3,9,1,4,"3172012011861001","SURIANTO","20","11","1986",4,1,5,3,9,1,4,"","","","","",null,null,null,null,null,null,null,"","","","","",null,null,null,null,null,null,null,"","","","","",null,null,null,null,null,null,null,null,null,null,null,null,null,0,null,null,null,null,null,null,null,1,1,1,1,1,1,3,1,1,1,1,2,3,3,3,3,2,2,4,1,1,1,1,1,1,2,36,4]
["HAPUS","00253135","31","72","01","1001","006","015","1004","015","","3172012611931001","RUSTAM","25","11","1993",1,1,5,7,5,1,4,"","","","","",null,null,null,null,null,null,null,"","","","","",null,null,null,null,null,null,null,"","","","","",null,null,null,null,null,null,null,"","","","","",null,null,null,null,null,null,null,"","","","","",null,null,null,null,null,null,null,"","","","","",null,null,null,null,null,null,null,null,null,null,null,null,null,0,null,null,null,null,null,null,null,1,1,1,1,1,1,3,1,1,1,1,2,3,3,2,2,3,2,4,1,1,1,1,1,1,2,36,1]
["HAPUS","00253136","31","72","01","1001","006","015","1005","016","","3172012108790011","ING KHUN","21","08","1979",1,1,5,7,5,2,4,"3172014702770006","MERIE","07","02","1977",2,0,5,7,9,2,4,"3172011203010006","SUGYANTO","12","03","2001",3,1,5,4,10,1,4,"3172016903040007","JENNINFER","29","03","2004",3,0,5,2,10,1,4,"","","","","",null,null,null,null,null,null,null,"","","","","",null,null,null,null,null,null,null,"","","","","",null,null,null,null,null,null,null,22,24,1,1,1,1,1,"1","3",4,0,"3",null,"14",1,1,1,1,1,1,1,1,1,1,1,2,3,3,2,2,3,2,1,1,1,1,1,1,1,2,36,4]
["HAPUS","00253137","31","72","01","1001","006","015","1009","017","","3172011907830003","EDY","19","07","1983",1,1,5,7,5,2,3,"3172014805840013","DIANA","08","05","1984",2,0,5,7,9,2,3,"3172012910101002","KEVIN EDRIAN","29","10","2010",3,1,5,10,10,1,3,"3172010710141012","KERNANDO EDRIAN","07","10","2014",3,1,5,10,10,1,3,"","","","","",null,null,null,null,null,null,null,"","","","","",null,null,null,null,null,null,null,"","","","","",null,null,null,null,null,null,null,28,27,2,0,2,0,1,"1","7",1,0,"2",null,"14",1,1,1,1,1,1,1,1,1,1,1,2,1,1,3,3,3,2,4,1,1,1,1,1,1,2,36,4]
["HAPUS","00253138","31","72","01","1001","006","015","1010","018","","3172017112450009","WINARTI","31","12","1945",1,0,5,3,9,3,4,"3172010906780005","SALIM","09","06","1978",3,1,5,7,6,1,4,"3172014312800003","LENA","03","12","1980",3,0,5,7,5,1,4,"3172012412850003","HAMDADI","24","12","1986",3,1,5,7,5,1,4,"","","","","",null,null,null,null,null,null,null,"","","","","",null,null,null,null,null,null,null,"","","","","",null,null,null,null,null,null,null,null,32,2,1,2,1,0,"3",null,null,null,"3","8",null,1,1,1,1,1,1,3,1,1,1,1,2,3,3,3,3,2,2,4,1,1,1,1,1,1,2,36,4]
["HAPUS","00253139","31","72","01","1001","006","015","1011","019","","3172012708820010","ANDI","27","08","1982",1,1,5,7,5,2,1,"3172016610880007","TITIN","26","10","1983",2,0,5,7,5,2,1,"3172017108141002","JENNIFER KATHARINE","31","08","2014",3,0,5,10,10,1,1,"","","","","",null,null,null,null,null,null,null,"","","","","",null,null,null,null,null,null,null,"","","","","",null,null,null,null,null,null,null,"","","","","",null,null,null,null,null,null,null,31,30,0,1,0,1,1,"1","7",1,0,"2",null,"14",1,1,1,1,1,1,3,1,1,1,1,2,1,2,3,3,3,2,4,1,1,1,1,1,1,2,36,3]
["HAPUS","00253140","31","72","01","1001","006","015","1012","020","","3172011508870003","HENDI","15","09","1987",1,1,5,9,5,1,1,"3172014301650002","NURMIAH","03","01","1955",4,0,5,3,9,3,4,"3172011502881001","DALWIN","15","02","1988",4,1,5,7,5,1,1,"","","","","",null,null,null,null,null,null,null,"","","","","",null,null,null,null,null,null,null,"","","","","",null,null,null,null,null,null,null,"","","","","",null,null,null,null,null,null,null,null,null,null,null,null,null,0,null,null,null,null,null,null,null,1,1,1,1,1,1,3,1,1,1,1,2,3,3,3,3,3,2,4,1,1,1,1,1,1,2,36,3]
["HAPUS","00253141","31","72","01","1001","006","015","1014","021","","3172015004620005","IK HIANG SUSAN","10","04","1962",1,0,5,5,9,3,4,"3172011500970005","SAMARLAN","19","08","1997",3,1,5,7,5,1,4,"","","","","",null,null,null,null,null,null,null,"","","","","",null,null,null,null,null,null,null,"","","","","",null,null,null,null,null,null,null,"","","","","",null,null,null,null,null,null,null,"","","","","",null,null,null,null,null,null,null,null,25,1,1,1,1,0,"3",null,null,null,"3","8",null,1,1,1,1,1,1,3,1,1,1,1,2,3,3,2,2,3,2,4,1,1,1,1,1,1,2,36,2]
["HAPUS","00253142","31","72","01","1001","006","015","0015","022","","3172012801700004","KARMAN","28","01","1970",1,1,5,5,5,2,1,"3172014802700008","TAN JAJAN","08","02","1970",2,0,5,5,5,2,1,"3172016510041001","EMILLA ANGGREANI WU","25","10","2004",3,0,5,2,10,1,1,"3172011811091003","ERWIN WU","18","11","2009",3,1,5,2,10,1,1,"","","","","",null,null,null,null,null,null,null,"","","","","",null,null,null,null,null,null,null,"","","","","",null,null,null,null,null,null,null,25,25,1,1,1,1,1,"1","3",0,0,"3",null,"14",1,1,1,1,1,1,1,1,1,1,1,2,3,3,2,2,3,2,4,1,1,1,1,1,1,2,36,4]
["HAPUS","00253143","31","72","01","1001","006","015","1016","023","","3172012512640009","SUKIRMAN","25","12","1964",1,1,5,7,5,2,4,"3172016607600001","SANIATI","26","07","1960",2,0,5,7,9,2,4,"3172010605890002","YANGTER","06","05","1989",3,1,5,5,5,1,4,"3172016705910001","EMILIA ANGGRIANI","27","05","1991",3,0,5,7,5,1,4,"3172010408920001","STEVEN","04","08","1992",3,1,5,7,10,1,4,"3172014209940003","MELINA ANGGRIANI","02","09","1994",3,0,5,7,5,1,4,"","","","","",null,null,null,null,null,null,null,25,29,2,2,2,2,0,"3",null,null,null,"3","8",null,1,1,1,1,1,1,3,1,1,1,1,2,3,3,2,2,3,2,4,1,1,1,1,1,1,2,36,6]
["HAPUS","00253144","31","72","01","1001","006","015","1001","024","","3172015709690002","TINA RUSTIATI","17","09","1969",1,0,1,9,9,3,1,"3172011701940001","RENALDY ADITYA","17","01","1994",3,1,1,8,10,1,1,"3172010305000002","ERLANGGA SATYA NANITAMA","03","05","2000",3,1,1,6,10,1,1,"","","","","",null,null,null,null,null,null,null,"","","","","",null,null,null,null,null,null,null,"","","","","",null,null,null,null,null,null,null,"","","","","",null,null,null,null,null,null,null,null,24,2,0,2,0,0,"3",null,null,null,"3","8",null,1,1,1,1,1,1,3,1,1,1,1,1,3,3,2,2,3,2,4,1,1,1,1,1,1,2,36,3]
["HAPUS","00253145","31","72","01","1001","006","015","2001","025","","3172011711790008","YANTO","17","11","1979",1,1,5,5,5,1,4,"3172016206611002","BUNCIN","12","05","1961",4,0,5,3,9,3,4,"","","","","",null,null,null,null,null,null,null,"","","","","",null,null,null,null,null,null,null,"","","","","",null,null,null,null,null,null,null,"","","","","",null,null,null,null,null,null,null,"","","","","",null,null,null,null,null,null,null,null,null,null,null,null,null,0,null,null,null,null,null,null,null,1,1,1,1,1,1,3,1,1,1,1,2,3,3,3,3,3,2,4,1,1,1,1,1,1,2,36,2]
["HAPUS","00253146","31","72","01","1001","006","015","2002","026","","3172010508740016","LEVIN GOZALI","05","08","1974",1,1,5,7,5,2,4,"3172015008770001","BIE HONG","10","08","1977",2,0,5,7,9,2,4,"3172011006090005","WILBERT LEVIN WU","10","06","2009",3,1,5,2,10,1,4,"3172010508720001","SUPARNO SUJANTI","05","08","1972",3,1,5,5,5,1,4,"3172011002122003","FELIX LEVIN WU","10","02","2012",4,1,5,10,10,1,4,"","","","","",null,null,null,null,null,null,null,"","","","","",null,null,null,null,null,null,null,30,25,2,0,2,0,1,"1","7",3,0,"2",null,"14",1,1,1,1,1,1,1,1,1,1,1,2,1,2,3,3,3,2,4,1,1,1,1,1,1,2,36,5]
["HAPUS","00253147","31","72","01","1001","006","015","2003","027","","3172012306830012","SUWANTO","23","06","1983",1,1,5,5,5,2,4,"3172015006830021","LIM SURYANI","10","06","1983",2,0,5,5,9,2,4,"3172011105070003","MOURENO SURIANTO","11","05","2007",3,1,5,2,10,1,4,"3172010303100004","MICHAEL SURINATO","03","03","2010",3,1,5,10,10,1,4,"3172015205611002","BUNCIN","12","06","1961",4,0,5,5,9,3,4,"","","","","",null,null,null,null,null,null,null,"","","","","",null,null,null,null,null,null,null,23,23,2,0,2,0,1,"3",null,null,null,"1","8",null,1,1,1,1,1,1,1,1,1,1,1,2,1,1,3,3,3,2,4,1,1,1,1,1,1,2,36,5]
["HAPUS","00253148","31","72","01","1001","006","015","2004","028","","3172012603760003","STEPHEN","26","03","1976",1,1,5,7,5,2,3,"1407025007000002","LINDA","10","07","1976",2,0,5,7,9,2,3,"3172018812121012","TERESA DINATA","28","12","2012",3,0,5,10,10,1,3,"3172010051410002","JAMES BRADLEY","06","06","2014",3,1,5,10,10,1,3,"","","","","",null,null,null,null,null,null,null,"","","","","",null,null,null,null,null,null,null,"","","","","",null,null,null,null,null,null,null,35,35,1,1,1,1,1,"1","7",1,0,"2",null,"14",1,1,1,1,1,1,1,1,1,1,1,2,1,1,3,3,3,2,4,1,1,1,1,1,1,2,36,4]
["HAPUS","00253149","31","72","01","1001","006","015","2005","029","","3172010412510001","SUI","04","12","1951",1,1,5,3,7,2,4,"3172017008530004","TJENG HWAT","30","08","1953",2,0,5,3,9,2,4,"3172016511800003","SUIMI","25","11","1980",3,0,5,9,5,1,4,"3172016512820006","SULASTRI","25","12","1982",3,0,5,9,5,1,4,"3172014206870009","ELLY","02","06","1987",3,0,5,9,5,1,4,"3172014109470002","GIM SOEAN","01","09","1947",4,0,5,7,9,3,4,"","","","","",null,null,null,null,null,null,null,29,27,0,3,0,3,0,"3",null,null,null,"3","8",null,1,1,1,1,1,1,3,1,1,1,1,2,3,3,3,3,2,2,4,1,1,1,1,1,1,2,36,5]
["HAPUS","00253150","31","72","01","1001","006","015","2006","030","","3172015201790003","JHON","13","06","1978",1,1,5,7,5,2,4,"3172015201790003","SUATI","12","01","1979",2,0,5,7,5,2,4,"3172015410050006","JESSENIA ANGGRAINI","14","10","2005",3,0,5,2,10,1,4,"3172010802100005","JOVANNES ANGELO","08","02","2010",3,1,5,10,10,1,4,"3172011507430002","JUHADI","15","07","1943",4,1,5,5,9,3,4,"3172017103760001","NURLELA","31","03","1976",4,0,5,7,5,1,4,"","","","","",null,null,null,null,null,null,null,27,26,1,1,1,1,1,"1","3",2,0,"2",null,"14",1,1,1,1,1,1,1,1,1,1,1,2,1,1,2,2,2,2,4,1,1,1,1,1,1,2,36,6]
["HAPUS","00253151","31","72","01","1001","006","015","2007","031","","3172041910690001","SENGKIM ASTONO","19","10","1969",1,1,5,6,5,2,1,"3173046609790002","AGUSTINAH","26","08","1979",2,0,5,6,9,2,1,"3173041709050008","SAMUEL KURNIAWAN","17","09","2005",3,1,5,2,10,1,1,"3172041809141010","MATTHEW ENGAR","18","09","2014",3,1,5,10,10,1,1,"","","","","",null,null,null,null,null,null,null,"","","","","",null,null,null,null,null,null,null,"","","","","",null,null,null,null,null,null,null,35,25,2,0,2,0,1,"1","7",1,0,"2",null,"14",1,1,1,1,1,1,1,1,1,1,1,2,1,2,2,2,3,2,4,1,1,1,1,1,1,2,36,4]
["HAPUS","00253152","31","72","01","1001","006","015","2008","032","","3172010902151002","SUMARYO","25","07","1988",1,1,5,7,5,1,1,"","","","","",null,null,null,null,null,null,null,"","","","","",null,null,null,null,null,null,null,"","","","","",null,null,null,null,null,null,null,"","","","","",null,null,null,null,null,null,null,"","","","","",null,null,null,null,null,null,null,"","","","","",null,null,null,null,null,null,null,null,null,null,null,null,null,0,null,null,null,null,null,null,null,1,1,1,1,1,1,3,1,1,1,1,2,3,3,3,3,3,2,4,1,1,1,1,1,1,2,36,1]
["HAPUS","00253153","31","72","01","1001","006","015","2009","033","","3172011107780003","TIONG KIE","11","07","1978",1,1,5,7,6,2,4,"3172016105920002","FANNY MAS SIE","26","06","1982",2,0,5,7,9,2,4,"3172010701050001","JACSEN","07","01","2005",3,1,5,2,10,1,4,"3172016107070003","JESSICA","21","07","2007",3,0,5,2,10,1,4,"3172011104111001","NICHOLAS PHIE","11","04","2011",3,1,5,10,10,1,4,"3172011107910007","DAVID","11","07","1991",4,1,5,7,5,3,4,"3172014510940004","SUSANTI","05","10","1994",4,0,5,5,5,1,4,27,33,2,1,2,1,1,"1","3",4,0,"2",null,"14",1,1,1,1,1,1,1,1,1,1,1,2,1,1,2,2,3,2,4,1,1,1,1,1,1,2,36,7]
["HAPUS","00253154","31","72","01","1001","006","015","2010","034","","3603031809740002","JONI","18","09","1974",1,1,5,7,5,2,4,"3172015103740012","SIU MUI","11","03","1974",2,0,5,7,9,2,4,"3172016708971003","VERONIKA","27","08","1979",3,0,5,7,5,1,4,"3172010811981004","ANTONI","08","11","1998",3,1,5,6,10,1,4,"","","","","",null,null,null,null,null,null,null,"","","","","",null,null,null,null,null,null,null,null,"","","","",null,null,null,null,null,null,null,22,22,1,1,1,1,1,"1","3",12,0,"2",null,"14",1,1,1,1,1,1,1,1,1,1,1,2,3,3,2,2,3,2,4,1,1,1,1,1,1,2,36,4]
["HAPUS","00253155","31","72","01","1001","006","015","2011","035","","1407021308890004","TOMY","13","08","1989",1,1,5,3,5,1,4,"","","","","",null,null,null,null,null,null,null,"","","","","",null,null,null,null,null,null,null,"","","","","",null,null,null,null,null,null,null,"","","","","",null,null,null,null,null,null,null,"","","","","",null,null,null,null,null,null,null,"","","","","",null,null,null,null,null,null,null,null,null,null,null,null,null,0,null,null,null,null,null,null,null,1,1,1,1,1,1,3,1,1,1,1,2,3,3,3,3,3,2,4,1,1,1,1,1,1,2,36,1]
["HAPUS","00253156","31","72","01","1001","006","015","2012","036","","3173201087800005","TIOF ANTOSAN","01","08","1978",1,1,5,7,5,2,1,"3173026802820011","ANITA","28","02","1982",2,0,5,7,9,2,1,"3173021110070002","WILSON ANDREAS","11","10","2007",3,1,5,2,10,1,1,"3173022809101006","AGUS SUSANTO","28","09","2010",3,1,5,10,10,1,1,"","","","","",null,null,null,null,null,null,null,"","","","","",null,null,null,null,null,null,null,"","","","","",null,null,null,null,null,null,null,28,25,2,0,2,0,1,"3",null,null,null,"1","8",null,1,1,1,1,1,1,1,1,1,1,1,2,1,1,3,3,3,2,4,1,1,1,1,1,1,2,36,4]
["HAPUS","00253157","31","72","01","1001","006","015","2012","037","","3172010704860001","YUSRI","07","04","1986",1,1,5,5,6,1,4,"3172012907890001","HENDRA","29","07","1989",4,1,5,5,6,1,4,"3172016507970008","JULIATY","25","07","1997",4,0,5,7,5,1,4,"","","","","",null,null,null,null,null,null,null,"","","","","",null,null,null,null,null,null,null,"","","","","",null,null,null,null,null,null,null,"","","","","",null,null,null,null,null,null,null,null,null,null,null,null,null,0,null,null,null,null,null,null,null,1,1,1,1,1,1,3,1,1,1,1,2,3,3,2,2,3,2,4,1,1,1,1,1,1,2,36,3]
["HAPUS","00270201","31","72","01","1001","006","015","212A","038","","3172013007900005","HENDRIANTO","30","07","1990",1,1,5,7,6,2,4,"3172015012000010","HARSIH BIN WORO","10","12","1991",2,0,5,7,5,2,4,"3172016212141001","CHARISSA OLIMA","22","12","2014",3,0,5,10,10,1,4,"","","","","",null,null,null,null,null,null,null,"","","","","",null,null,null,null,null,null,null,"","","","","",null,null,null,null,null,null,null,"","","","","",null,null,null,null,null,null,null,24,23,0,1,0,1,1,"1","3",1,0,"2",null,"14",1,1,1,1,1,1,3,1,1,1,1,2,1,2,3,3,3,2,4,1,1,1,1,1,1,2,36,3]
["HAPUS","00270202","31","72","01","1001","006","015","212A","039","","3172012003830018","BUDIMAN","20","03","1983",1,1,5,7,5,2,1,"3172010002820001","NURTINA","28","02","1982",2,0,5,7,6,2,1,"3172010305111008","VINDON LORENO","03","05","2011",3,1,5,10,10,1,1,"3172014901141004","SILVANIA EVELYN","08","01","2014",3,0,5,10,10,1,1,"3172010708850020","TJHIN AGUS","07","08","1988",4,1,5,7,5,1,4,"","","","","",null,null,null,null,null,null,null,"","","","","",null,null,null,null,null,null,null,27,28,1,1,1,1,1,"1","3",1,0,"2",null,"14",1,1,1,1,1,1,1,1,1,1,1,2,1,1,3,3,3,2,4,1,1,1,1,1,1,2,36,5]
["HAPUS","00270203","31","72","01","1001","006","015","2014","040","","1407021207600001","ANG TIONG","12","07","1960",1,1,5,3,5,2,4,"1407020301030002","LEE YAN","20","01","1963",2,0,5,3,9,2,4,"1407022810830001","VITOMO","28","10","1983",3,1,5,7,5,1,4,"1407024902940001","FEBRIANY","09","02","1994",3,0,5,7,5,1,4,"1407022406950002","JULIANTO","24","06","1995",3,1,5,7,5,1,4,"1407025507320001","HONG KIAW","15","07","1932",4,0,5,3,9,3,4,"","","","","",null,null,null,null,null,null,null,23,20,2,1,2,1,0,"3",null,null,null,"3","8",null,1,1,1,1,1,1,3,1,1,1,1,2,3,3,2,2,2,2,4,1,1,1,1,1,1,2,36,6]
["HAPUS","00270204","31","72","01","1001","006","015","2015","041","","3172012809550001","SANDIMAN SANTOSA","28","09","1955",1,1,5,4,6,2,4,"3172014211520002","TJOK IE","02","11","1952",2,0,5,4,9,2,4,"3172012906800005","JOHAN","29","06","1980",3,1,5,6,5,1,1,"3172011803830001","JONI","18","03","1983",3,1,5,6,5,1,1,"","","","","",null,null,null,null,null,null,null,"","","","","",null,null,null,null,null,null,null,"","","","","",null,null,null,null,null,null,null,25,28,2,0,2,0,0,"3",null,null,null,"3","8",null,1,1,1,1,1,1,3,1,1,1,1,2,3,3,3,3,2,2,4,1,1,1,1,1,1,2,36,4]
["HAPUS","00253122","31","72","01","1001","006","015","2016","042","","3173042304700004","KHO ANDI","23","04","1970",1,1,5,3,2,2,4,"3172014807760012","SUARTI","08","07","1976",2,0,5,9,9,2,4,"3172012109070012","VINCENT ANGGREY","21","09","2007",3,1,5,2,10,1,4,"3172014204111003","ELISYA","02","04","2011",3,0,5,10,10,1,4,"","","","","",null,null,null,null,null,null,null,"","","","","",null,null,null,null,null,null,null,"","","","","",null,null,null,null,null,null,null,35,29,1,1,1,1,1,"1","3",4,0,"2",null,"14",1,1,1,1,1,1,1,1,1,1,1,2,1,1,3,3,3,2,4,1,1,1,1,1,1,2,36,4]
["HAPUS","00270205","31","72","01","1001","006","015","3001","043","","3172016107890004","IRAWATI","21","07","1989",1,0,5,7,5,1,4,"3172016006021006","MICHELLE","20","06","2002",4,0,5,4,10,1,4,"","","","","",null,null,null,null,null,null,null,"","","","","",null,null,null,null,null,null,null,"","","","","",null,null,null,null,null,null,null,"","","","","",null,null,null,null,null,null,null,"","","","","",null,null,null,null,null,null,null,null,null,null,null,null,null,0,null,null,null,null,null,null,null,1,1,1,1,1,1,3,1,1,1,1,2,3,3,2,2,3,2,4,1,1,1,1,1,1,2,36,2]
["HAPUS","00270206","31","72","01","1001","006","015","3002","044","","3172010101860013","TONY SUHARDI","01","01","1986",1,1,5,5,6,2,4,"3172015202800008","MERI","12","02","1986",2,0,5,7,9,2,4,"3172013010060006","ARMANDO FRANSISCO","30","10","2008",3,1,5,2,10,1,4,"3172011010121002","MARCO FRANSISCO HUANG","10","10","2012",3,1,5,10,10,1,4,"3172016910141006","CELINE AURELIA HUANG","20","10","2014",3,0,5,10,10,1,4,"","","","","",null,null,null,null,null,null,null,"","","","","",null,null,null,null,null,null,null,21,21,2,1,2,1,1,"1","3",1,0,"2",null,"14",1,1,1,1,1,1,1,1,1,1,1,2,1,1,3,3,3,2,4,1,1,1,1,1,1,2,36,5]
["HAPUS","00270207","31","72","01","1001","006","015","3003","045","","3172010109890006","RUDY SUSANTO","01","09","1989",1,1,5,6,6,2,3,"3671105110910004","RENNY OCTAVIANI","11","10","1991",2,0,5,6,9,2,3,"3172011906141001","KENAN SUSANTO","19","06","2014",3,1,5,10,10,1,3,"","","","","",null,null,null,null,null,null,null,"","","","","",null,null,null,null,null,null,null,"","","","","",null,null,null,null,null,null,null,"","","","","",null,null,null,null,null,null,null,25,23,1,0,1,0,1,"1","3",1,0,"2",null,"14",1,1,1,1,1,1,3,1,1,1,1,2,1,2,3,3,3,2,4,1,1,1,1,1,1,2,36,3]
["HAPUS","00270208","31","72","01","1001","006","015","3004","046","","1407024506590007","SUMIATI / BENG KAUN","05","06","1959",1,0,5,3,9,3,4,"3579310610650001","DONY","06","10","1995",3,1,5,5,6,1,4,"","","","","",null,null,null,null,null,null,null,"","","","","",null,null,null,null,null,null,null,"","","","","",null,null,null,null,null,null,null,"","","","","",null,null,null,null,null,null,null,"","","","","",null,null,null,null,null,null,null,null,22,1,0,1,0,0,"3",null,null,null,"3","8",null,1,1,1,1,1,1,3,1,1,1,1,2,3,3,2,2,3,2,4,1,1,1,1,1,1,2,36,2]
["HAPUS","00270209","31","72","01","1001","006","015","3005","047","","3172010711751002","PHING PHING","07","11","1975",1,1,5,9,5,2,1,"3173014607900003","HASNA","06","07","1980",2,0,5,7,5,2,1,"3172012312141003","STEVEN YANG","23","12","2014",3,1,5,10,10,1,1,"3172011112410001","KUSNO","11","12","1941",4,1,5,3,6,1,4,"3172015011440003","SIU LOEN","10","11","1944",4,0,5,7,9,1,4,"","","","","",null,null,null,null,null,null,null,"","","","","",null,null,null,null,null,null,null,37,32,1,0,1,0,1,"3",null,null,null,"1","8",null,1,1,1,1,1,1,3,1,1,1,1,2,1,2,3,3,2,2,4,1,1,1,1,1,1,2,36,5]
["HAPUS","00270210","31","72","01","1001","006","015","3006","048","","3172013009860014","SWEEDY TASMANO","30","09","1986",1,1,5,7,5,1,1,"3172010501891003","PELLLY SUDARNO","05","01","1989",4,1,5,7,5,1,1,"","","","","",null,null,null,null,null,null,null,"","","","","",null,null,null,null,null,null,null,"","","","","",null,null,null,null,null,null,null,"","","","","",null,null,null,null,null,null,null,"","","","","",null,null,null,null,null,null,null,null,null,null,null,null,null,0,null,null,null,null,null,null,null,1,1,1,1,1,1,3,1,1,1,1,2,3,3,3,3,3,2,4,1,1,1,1,1,1,2,36,2]
["HAPUS","00270211","31","72","01","1001","006","015","3006","049","","1407024119900006","RISMAH AKTAVIA SUBROTO","01","10","1990",1,1,5,7,5,1,1,"","","","","",null,null,null,null,null,null,null,"","","","","",null,null,null,null,null,null,null,"","","","","",null,null,null,null,null,null,null,"","","","","",null,null,null,null,null,null,null,"","","","","",null,null,null,null,null,null,null,"","","","","",null,null,null,null,null,null,null,null,null,null,null,null,null,0,null,null,null,null,null,null,null,1,1,1,1,1,1,3,1,1,1,1,2,3,3,3,3,3,2,4,1,1,1,1,1,1,2,36,1]
["HAPUS","00270212","31","72","01","1001","006","015","3007","050","","3172011205860005","RIYANTO","12","05","1986",1,1,5,7,5,2,1,"3172016407970011","SUYANTI CHEN","24","07","1987",2,0,5,7,9,2,1,"3172015810121002","CORDELIA VALERIE ONG","18","10","2012",3,0,5,10,10,1,1,"3172016904161004","CECILLIA VALERIE ONG","28","04","2015",3,0,5,10,10,1,1,"","","","","",null,null,null,null,null,null,null,"","","","","",null,null,null,null,null,null,null,"","","","","",null,null,null,null,null,null,null,26,25,0,2,0,2,1,"1","3",0,5,"2",null,"14",1,1,1,1,1,1,1,1,1,1,1,1,1,1,3,3,3,2,4,1,1,1,1,1,1,2,36,4]
["HAPUS","00270213","31","72","01","1001","006","015","3008","051","","3172012910750002","PHONG SAI","29","10","1975",1,1,5,5,5,2,4,"3172014507780002","ANI","05","07","1978",2,0,5,5,9,2,4,"3172011508080002","VINCENT JONATHAN CHANDRA","19","08","2008",3,1,5,2,10,1,4,"3172011702111004","JUSTIN VALENTINO CHANDRA","17","02","2011",3,1,5,10,10,1,4,"","","","","",null,null,null,null,null,null,null,"","","","","",null,null,null,null,null,null,null,"","","","","",null,null,null,null,null,null,null,33,30,2,0,2,0,1,"3",null,null,null,"1","8",null,1,1,1,1,1,1,1,1,1,1,1,2,1,1,3,3,3,2,4,1,1,1,1,1,1,2,36,4]
["HAPUS","00270214","31","72","01","1001","006","015","3009","052","","3172011811810005","YANTO","18","11","1981",1,1,5,7,5,2,1,"3172014902960006","RENY","09","02","1986",2,0,5,7,5,2,1,"3172014709060004","SEPTINA","07","09","2006",3,0,5,2,10,1,1,"3172011502090006","DION FEBRYAN","15","02","2009",3,1,5,2,10,1,1,"3172012209910009","AGUS JONI","22","09","1991",4,1,5,7,5,1,4,"","","","","",null,null,null,null,null,null,null,"","","","","",null,null,null,null,null,null,null,25,20,1,1,1,1,1,"3",null,null,null,"1","8",null,1,1,1,1,1,1,1,1,1,1,1,2,3,3,2,2,3,2,4,1,1,1,1,1,1,2,36,5]
["HAPUS","00270215","31","72","01","1001","006","015","3010","053","","3172012608510001","EDI SUSANTO","26","10","1985",1,1,5,7,5,2,1,"3172016806801002","JUNIANA","26","06","1989",2,0,5,7,5,2,1,"3172014612071001","JOCELNE ANGELY CIA","08","12","2007",3,0,5,2,10,1,1,"3172016007141004","CALLISTA MICHELLYN A","20","07","2014",3,0,5,10,10,1,1,"3172012812841001","ROHAN","28","12","1984",4,1,5,7,5,1,4,"","","","","",null,null,null,null,null,null,null,"","","","","",null,null,null,null,null,null,null,22,18,0,2,0,2,1,"1","7",1,0,"2",null,"14",1,1,1,1,1,1,1,1,1,1,1,1,1,2,3,3,3,2,4,1,1,1,1,1,1,2,36,5]
["HAPUS","00270216","31","72","01","1001","006","015","3011","054","","3172012607780004","SAMSUL ARIFIN","26","07","1978",1,1,1,7,5,2,1,"3172015708780013","YANTI","17","08","1978",2,0,1,7,5,2,1,"3172014301050004","HANUM EKA DIYANTI","03","01","2005",3,0,1,2,10,1,1,"3172014301050005","SEKAR NUSANTARA","03","01","2005",3,0,1,2,10,1,1,"3172012303111001","ADIYAKSA PUTRA ARYAN","23","03","2011",3,1,1,10,10,1,1,"","","","","",null,null,null,null,null,null,null,"","","","","",null,null,null,null,null,null,null,26,26,1,2,1,2,1,"1","7",4,0,"2",null,"14",1,1,1,1,1,1,1,1,1,1,1,2,1,1,2,2,3,2,4,1,1,1,1,1,1,2,36,5]
["HAPUS","00253121","31","72","01","1001","006","015","003A","001","","3172012409590001","ANDY FERY TJA","24","09","1959",1,1,1,7,5,2,4,"3172013106840004","TUTI SURYATI","21","06","1984",2,0,1,7,9,2,4,"3172012510070001","RICHARD FERY TJIN","25","10","2007",3,1,1,2,10,1,4,"3172012606111007","RICHI FERY TJIA","26","06","2011",3,1,1,10,10,1,4,"","","","","",null,null,null,null,null,null,null,"","","","","",null,null,null,null,null,null,null,"","","","","",null,null,null,null,null,null,null,25,22,2,0,2,0,1,"1","3",2,0,"2",null,"14",1,1,1,1,1,1,1,1,1,1,1,2,1,1,3,3,3,2,4,1,1,1,1,1,1,2,36,4]
["HAPUS","00270217","31","72","01","1001","006","015","3012","055","","3172010109710008","TJA LEH","01","09","1971",1,1,5,7,5,2,1,"3172015211730004","SUSAN","12","11","1973",2,0,5,7,9,2,1,"3172016407030001","STEVIE ANGELIKA CHEN","24","07","2003",3,0,5,4,10,1,1,"3172016807101007","ISABELLE ANGELINE CHEN","28","07","2010",3,0,5,10,10,1,1,"","","","","",null,null,null,null,null,null,null,"","","","","",null,null,null,null,null,null,null,"","","","","",null,null,null,null,null,null,null,32,30,0,2,0,2,1,"3",null,null,null,"1","8",null,1,1,1,1,1,1,1,1,1,1,1,2,1,1,2,2,3,2,4,1,1,1,1,1,1,2,36,4]
["HAPUS","00270218","31","72","01","1001","006","015","312A","056","","3172012801510002","HENDRIK FERY TJIA","28","01","1957",1,1,5,7,5,2,4,"3172016406680003","JONG SUSIANA","24","06","1968",2,0,5,7,9,2,4,"3172016302000002","FANY","23","02","1990",3,0,5,7,5,1,4,"3172014511920005","NOVIA","05","11","1992",3,0,5,7,5,1,4,"","","","","",null,null,null,null,null,null,null,"","","","","",null,null,null,null,null,null,null,"","","","","",null,null,null,null,null,null,null,32,23,0,2,0,2,1,"3",null,null,null,"3","8",null,1,1,1,1,1,1,1,1,1,1,1,1,3,3,2,2,3,2,4,1,1,1,1,1,1,2,36,4]
["HAPUS","00270219","31","72","01","1001","006","015","312B","057","","3172011005200004","IWAN","10","10","1952",1,1,1,3,6,2,4,"3172016303710008","MAE MUNAH","23","03","1971",2,0,1,3,5,2,4,"3172016304941001","ANIK ZUMROTUN NUAROH","23","04","1994",3,0,1,7,10,1,4,"3172014801040002","NOOR MUTMAINAH","08","01","2004",3,0,1,2,10,1,4,"","","","","",null,null,null,null,null,null,null,"","","","","",null,null,null,null,null,null,null,"","","","","",null,null,null,null,null,null,null,30,23,0,2,0,2,1,"1","3",10,0,"3",null,"14",1,1,1,1,1,1,1,1,1,1,1,2,3,3,2,2,2,2,4,1,1,1,1,1,1,2,36,4]
["HAPUS","00270220","31","72","01","1001","006","015","3014","058","","3172014707580009","KHO GIOK JAN","07","07","1958",1,1,5,7,9,3,4,"","","","","",null,null,null,null,null,null,null,"","","","","",null,null,null,null,null,null,null,"","","","","",null,null,null,null,null,null,null,"","","","","",null,null,null,null,null,null,null,"","","","","",null,null,null,null,null,null,null,"","","","","",null,null,null,null,null,null,null,21,null,null,null,null,null,0,"3",null,null,null,"3","8",null,1,1,1,1,1,1,3,1,1,1,1,2,3,3,3,3,3,2,4,1,1,1,1,1,1,2,36,1]
["HAPUS","00270221","31","72","01","1001","006","015","3015","059","","3172012511640002","LIM TJAN KOK","25","11","1964",1,1,5,3,5,2,4,"3172017105670002","AJAN","31","06","1967",2,0,5,5,9,2,4,"3172016006021005","MICHELIE","20","06","2002",4,0,5,4,10,1,4,"","","","","",null,null,null,null,null,null,null,"","","","","",null,null,null,null,null,null,null,"","","","","",null,null,null,null,null,null,null,"","","","","",null,null,null,null,null,null,null,25,23,1,1,1,1,1,"1","3",15,0,"3",null,"14",1,1,1,1,1,1,1,1,1,1,1,2,3,3,2,2,3,2,4,1,1,1,1,1,1,2,36,3]
["HAPUS","00270222","31","72","01","1001","006","015","015A","060","","3172011001810007","AGUS","10","01","1981",1,1,5,7,5,2,4,"3172015106000010","YENNY","11","06","1980",2,0,5,7,9,2,4,"3172010401081002","ALVING KETARO","04","01","2008",3,1,5,2,10,1,4,"3172016504121004","LETICIA ANGELICA","26","04","2012",3,0,5,10,10,1,4,"","","","","",null,null,null,null,null,null,null,"","","","","",null,null,null,null,null,null,null,"","","","","",null,null,null,null,null,null,null,27,28,1,1,1,1,1,"1","3",3,0,"2",null,"14",1,1,1,1,1,1,1,1,1,1,1,2,1,2,3,3,3,2,4,1,1,1,1,1,1,2,36,4]
["HAPUS","00270223","31","72","01","1001","006","015","3016","061","","3172010602810002","ROSTIAN SUKIMAN","06","02","1961",1,1,5,7,5,2,1,"3172016006510005","TIU A HIONG","20","06","1961",2,0,5,3,9,2,1,"3172013009880006","EFENOY","30","08","1988",3,1,5,7,5,1,1,"","","","","",null,null,null,null,null,null,null,"","","","","",null,null,null,null,null,null,null,"","","","","",null,null,null,null,null,null,null,"","","","","",null,null,null,null,null,null,null,23,23,1,1,1,1,0,"3",null,null,null,"3","8",null,1,1,1,1,1,1,3,1,1,1,1,2,3,3,3,3,3,2,4,1,1,1,1,1,1,2,36,3]
["HAPUS","00270224","31","72","01","1001","006","015","4001","062","","3172011004660003","ANG HUDIONO","10","04","1966",1,1,5,7,5,2,4,"3172010047100010","KHO HERYANTI","10","04","1971",2,0,5,3,9,2,4,"3172011401920004","TOMY GUNAWAN","14","01","1992",3,1,5,7,6,1,4,"3172012105930002","IWAN WIJAYA","26","06","1993",3,1,5,7,5,1,4,"3172016208030006","SHEREN AGUSTINE","22","08","2003",3,0,5,2,10,1,4,"","","","","",null,null,null,null,null,null,null,"","","","","",null,null,null,null,null,null,null,26,21,2,1,2,1,1,"1","3",10,0,"3",null,"14",1,1,1,1,1,1,1,1,1,1,1,2,3,3,2,2,3,2,4,1,1,1,1,1,1,2,36,5]
["HAPUS","00270225","31","72","01","1001","006","015","4002","063","","3172010110681001","JAN LOI","01","10","1968",1,1,2,7,5,2,4,"3173045504750003","SUMAYANI LIM","15","04","1975",2,0,2,7,9,2,4,"3172016012111003","ZANETA MADELINE","20","12","2011",3,0,2,10,10,1,4,"","","","","",null,null,null,null,null,null,null,"","","","","",null,null,null,null,null,null,null,"","","","","",null,null,null,null,null,null,null,"","","","","",null,null,null,null,null,null,null,25,32,0,1,0,1,1,"3",null,null,null,"1","8",null,1,1,1,1,1,1,3,1,1,1,1,2,1,1,3,3,3,2,4,1,1,1,1,1,1,2,36,3]
["HAPUS","00270226","31","72","01","1001","006","015","4003","064","","1407021810600005","SIONG KHEN","19","10","1970",1,1,5,5,6,2,4,"1407024004000003","THI TJU","08","04","1976",2,0,5,5,9,2,4,"3172013001900011","JONI","30","01","1990",3,1,5,9,5,1,4,"1407025611910004","NOVIANA","16","11","1991",3,0,5,7,5,1,4,"1407020202940007","ANDI","02","02","1994",3,1,5,7,5,1,4,"3172011000814109","KENCI CHEN","10","08","2014",4,1,5,10,10,1,4,"","","","","",null,null,null,null,null,null,null,20,17,2,1,2,1,1,"3",null,null,null,"3","8",null,1,1,1,1,1,1,1,1,1,1,1,2,2,2,2,2,3,2,4,1,1,1,1,1,1,2,36,6]
["HAPUS","00270227","31","72","01","1001","006","015","4004","065","","3172011804901001","ERY","18","04","1990",1,1,5,7,5,2,4,"3172016403910002","CHERLY","24","03","1991",2,0,5,7,9,2,4,"","","","","",null,null,null,null,null,null,null,"","","","","",null,null,null,null,null,null,null,"","","","","",null,null,null,null,null,null,null,"","","","","",null,null,null,null,null,null,null,"","","","","",null,null,null,null,null,null,null,24,23,0,0,0,0,1,"3",null,null,null,"1","8",null,1,1,1,1,1,1,3,1,1,1,1,2,3,3,3,3,3,2,4,1,1,1,1,1,1,2,36,2]
["HAPUS","00270228","31","72","01","1001","006","015","4006","066","","3172012107100046","SUGITO","10","12","1983",1,1,5,7,5,1,4,"","","","","",null,null,null,null,null,null,null,"","","","","",null,null,null,null,null,null,null,"","","","","",null,null,null,null,null,null,null,"","","","","",null,null,null,null,null,null,null,"","","","","",null,null,null,null,null,null,null,"","","","","",null,null,null,null,null,null,null,null,null,null,null,null,null,0,null,null,null,null,null,null,null,1,1,1,1,1,1,3,1,1,1,1,1,3,3,3,3,3,2,4,1,1,1,1,1,1,2,36,1]
["HAPUS","00270229","31","72","01","1001","006","015","4007","067","","3172012501820010","SUWANDI","25","01","1982",1,1,2,7,5,2,1,"3172014109830004","NANCY ANGGELINE","01","09","1983",2,0,2,7,6,2,1,"3172010201100001","GABRIL ROOSEVELT HUNE","02","01","2010",3,1,2,10,10,1,1,"3172012611121005","GENNIO RAPHIEL HUNG","28","11","2012",3,1,2,10,10,1,1,"","","","","",null,null,null,null,null,null,null,"","","","","",null,null,null,null,null,null,null,"","","","","",null,null,null,null,null,null,null,28,27,2,0,2,0,1,"3",null,null,null,"3","8",null,1,1,1,1,1,1,1,1,1,1,1,2,1,1,3,3,3,2,4,1,1,1,1,1,1,2,36,4]
["HAPUS","00270230","31","72","01","1001","006","015","4008","068","","3172015809780007","NURHAYATI","18","09","1978",1,0,5,3,9,3,4,"3172011609700015","TONG HU","15","06","1972",4,1,5,5,5,3,4,"","","","","",null,null,null,null,null,null,null,"","","","","",null,null,null,null,null,null,null,"","","","","",null,null,null,null,null,null,null,"","","","","",null,null,null,null,null,null,null,"","","","","",null,null,null,null,null,null,null,null,27,1,2,1,1,0,"1","3",2,0,"3",null,"14",1,1,1,1,1,1,3,1,1,1,1,2,3,3,3,3,3,2,4,1,1,1,1,1,1,2,36,2]
["HAPUS","00270231","31","72","01","1001","006","015","4009","069","","3172012805660003","SARTONO","28","05","1966",1,1,1,7,5,2,4,"3172015010710009","SUPARTI","10","10","1971",2,0,1,5,9,2,4,"3172015410900003","RETNO OCTAVIANI","14","10","1990",3,0,1,7,5,1,4,"3172014103940001","RATNA ANGGI PRATIWI","01","03","1994",3,0,1,7,5,1,4,"3172011705990005","RENALDY AGUNG PRASETYO","17","05","1999",3,1,1,6,10,1,4,"","","","","",null,null,null,null,null,null,null,"","","","","",null,null,null,null,null,null,null,24,19,1,2,1,2,1,"1","3",10,0,"3",null,"14",1,1,1,1,1,1,1,1,1,1,1,2,3,3,2,2,3,2,4,1,1,1,1,1,1,2,36,5]
["HAPUS","00270232","31","72","01","1001","006","015","4010","070","","3172012704820014","DEDY MAULANA","27","04","1982",1,1,1,7,5,2,1,"3172014818800010","LINA MARLINA","09","11","1988",2,0,1,5,5,2,1,"3172010805100003","RAHMAT RAFI YUDIN","08","05","2010",3,1,1,10,10,1,1,"3172012809131005","MAULANA SYARIFUDIN","28","09","2013",3,1,1,10,10,1,1,"","","","","",null,null,null,null,null,null,null,"","","","","",null,null,null,null,null,null,null,"","","","","",null,null,null,null,null,null,null,27,23,2,0,2,0,1,"1","7",2,0,"2",null,"14",1,1,1,1,1,1,1,1,1,1,1,2,1,1,3,3,3,2,4,1,1,1,1,1,1,2,36,4]
["HAPUS","00270233","31","72","01","1001","006","015","4012","071","","3172016103590001","INDATI","21","03","1959",1,0,5,3,9,3,4,"3172014906900003","LUCIANA","09","06","1990",3,0,5,7,5,1,4,"3172012302951001","LUKITO","23","02","1995",3,1,5,7,5,1,4,"","","","","",null,null,null,null,null,null,null,"","","","","",null,null,null,null,null,null,null,"","","","","",null,null,null,null,null,null,null,"","","","","",null,null,null,null,null,null,null,null,28,1,1,1,1,0,"3",null,null,null,"3","8",null,1,1,1,1,1,1,3,1,1,1,1,2,3,3,2,2,3,2,4,1,1,1,1,1,1,2,36,3]
["HAPUS","00270234","31","72","01","1001","006","015","4013","072","","3173022704690002","PRAMAYATI","20","10","1976",1,0,5,3,9,3,4,"3172018010760009","FRUDY DENIS KHANG","25","05","2004",3,1,5,2,10,1,4,"3172016501131002","GRACELYN KHANG","25","01","2013",3,0,5,10,10,1,4,"","","","","",null,null,null,null,null,null,null,"","","","","",null,null,null,null,null,null,null,"","","","","",null,null,null,null,null,null,null,"","","","","",null,null,null,null,null,null,null,null,22,2,1,2,1,0,"3",null,null,null,"3","8",null,1,1,1,1,1,1,3,1,1,1,1,2,1,2,2,2,3,2,4,1,1,1,1,1,1,2,36,3]
["HAPUS","00270235","31","72","01","1001","006","015","4014","073","","3172010904770010","CHANDRA","09","04","1977",1,1,5,7,5,2,1,"3172016811810013","DWI ERVINA","28","11","1981",2,0,5,7,9,2,1,"3172011802100001","WILBERT CHANDRA","18","02","2012",3,1,5,10,10,1,1,"","","","","",null,null,null,null,null,null,null,"","","","","",null,null,null,null,null,null,null,"","","","","",null,null,null,null,null,null,null,"","","","","",null,null,null,null,null,null,null,34,30,1,0,1,0,1,"3",null,null,null,"1","8",null,1,1,1,1,1,1,3,1,1,1,1,2,1,1,3,3,3,2,4,1,1,1,1,1,1,2,36,3]
["HAPUS","00270236","31","72","01","1001","006","015","4015","074","","3172010201570003","TIAN JAN","02","01","1957",1,1,5,3,5,2,4,"3172058095500001","KAMSIANI TAMBRIN","18","09","1955",2,0,5,3,9,2,4,"3172012503840003","IRAWAN","25","03","1984",3,1,5,7,5,1,4,"3172011208860008","SUHERMAN","12","08","1986",3,1,5,7,5,1,4,"","","","","",null,null,null,null,null,null,null,"","","","","",null,null,null,null,null,null,null,"","","","","",null,null,null,null,null,null,null,26,28,2,0,2,0,0,"3",null,null,null,"3","8",null,1,1,1,1,1,1,3,1,1,1,1,2,3,3,3,3,3,2,4,1,1,1,1,1,1,2,36,4]
["HAPUS","00270237","31","72","01","1001","006","015","4016","075","","3172017010730012","BIE JAN","30","10","1973",1,0,5,5,9,3,4,"3172018802960005","LIDIA","26","02","1996",3,0,5,5,6,1,4,"3172012512050008","ROY","25","12","1995",3,1,5,5,5,1,4,"3172014806000010","JUNIA","08","06","2000",3,0,5,4,10,1,4,"3172012510040004","STEVEN","25","10","2004",3,1,5,10,10,1,4,"","","","","",null,null,null,null,null,null,null,"","","","","",null,null,null,null,null,null,null,null,20,2,2,2,2,0,"3",null,null,null,"3","8",null,1,1,1,1,1,1,3,1,1,1,1,2,3,3,2,2,3,2,4,1,1,1,1,1,1,2,36,5]
["HAPUS","00270238","31","72","01","1001","006","015","5001","076","","3172014305470002","OH KOEI HOEN","03","05","1947",4,0,5,5,9,3,4,"3172010501820019","JUNAIDI JOE","06","01","1982",1,1,2,9,5,2,1,"3275036507870013","FRENZESKA RANI YULIYANTI","25","07","1987",2,0,2,7,5,2,1,"","","","","",null,null,null,null,null,null,null,"","","","","",null,null,null,null,null,null,null,"","","","","",null,null,null,null,null,null,null,"","","","","",null,null,null,null,null,null,null,29,24,1,1,1,1,1,"3",null,null,null,"3","8",null,1,1,1,1,1,1,1,1,1,1,1,2,3,3,3,3,2,2,4,1,1,1,1,1,1,2,36,3]
["HAPUS","00270239","31","72","01","1001","006","015","5002","077","","3328165110840002","SUGIARTO NUR HARTATI","11","10","1984",1,0,1,7,5,3,4,"3172017006081006","MELINDA NUR HIKMA","30","05","2008",3,0,1,2,10,1,4,"","","","","",null,null,null,null,null,null,null,"","","","","",null,null,null,null,null,null,null,"","","","","",null,null,null,null,null,null,null,"","","","","",null,null,null,null,null,null,null,"","","","","",null,null,null,null,null,null,null,null,23,0,1,0,1,0,"3",null,null,null,"3","8",null,1,1,1,1,1,1,3,1,1,1,1,2,3,3,3,3,3,2,4,1,1,1,1,1,1,2,36,2]
["HAPUS","00270240","31","72","01","1001","006","015","5003","078","","3173066810570001","GIEK HIOK","24","10","1957",1,0,5,5,9,3,4,"3173086205880012","MARGARETHA AS","22","05","1988",3,0,5,7,5,1,4,"","","","","",null,null,null,null,null,null,null,"","","","","",null,null,null,null,null,null,null,"","","","","",null,null,null,null,null,null,null,"","","","","",null,null,null,null,null,null,null,"","","","","",null,null,null,null,null,null,null,null,30,0,1,0,1,0,"3",null,null,null,"3","8",null,1,1,1,1,1,1,3,1,1,1,1,1,3,3,3,3,3,2,4,1,1,1,1,1,1,2,36,2]
["HAPUS","00270241","31","72","01","1001","006","015","5004","079","","3172011304700001","AGUS SAPAAT","13","04","1970",1,1,1,5,6,2,4,"3172016211690005","SURNAYATI","22","11","1969",2,0,1,5,9,2,4,"3172015509960010","UMA DILAWATI","15","09","1996",3,0,1,7,5,1,4,"3172010503030006","ADAM SURALANA","05","03","2003",3,1,1,2,9,1,4,"3172016211080004","REGITA CAHYA NINGSIH","22","11","2008",3,0,1,10,10,1,4,"","","","","",null,null,null,null,null,null,null,null,"","","","",null,null,null,null,null,null,null,25,26,1,2,1,2,1,"1","7",7,0,"3",null,"14",1,1,1,1,1,1,1,1,1,1,1,2,3,3,2,2,3,2,4,1,1,1,1,1,1,2,36,5]
["HAPUS","00270242","31","72","01","1001","006","015","5005","080","","3172011206600002","KASBI","12","06","1960",1,1,5,3,9,2,4,"3172015804600002","KWAK PEK HONG","18","04","1960",2,0,5,3,9,2,4,"3172011304830010","ANDI BUDIARTO","13","04","1983",3,1,5,7,5,1,4,"","","","","",null,null,null,null,null,null,null,"","","","","",null,null,null,null,null,null,null,"","","","","",null,null,null,null,null,null,null,"","","","","",null,null,null,null,null,null,null,23,23,1,0,1,0,0,"3",null,null,null,"3","8",null,1,1,1,1,1,1,3,1,1,1,1,2,3,3,3,3,3,2,4,1,1,1,1,1,1,2,36,3]
["HAPUS","00270243","31","72","01","1001","006","015","5006","081","","3172012510690010","KHO TJIE HOK","25","10","1969",1,1,5,7,5,2,1,"3204046308750007","LEE YEN","23","08","1975",2,0,5,7,5,2,1,"","","","","",null,null,null,null,null,null,null,"","","","","",null,null,null,null,null,null,null,"","","","","",null,null,null,null,null,null,null,"","","","","",null,null,null,null,null,null,null,"","","","","",null,null,null,null,null,null,null,36,30,0,0,0,0,1,"3",null,null,null,"3","8",null,1,1,1,1,1,1,3,1,1,1,1,2,3,3,3,3,3,2,4,1,1,1,1,1,1,2,36,2]
["HAPUS","00270244","31","72","01","1001","006","015","5007","082","","3172012612770009","AGUS PRASETYO","25","12","1977",1,1,5,7,5,2,4,"3172014707881003","JAU YAN","07","07","1988",2,0,5,7,5,2,4,"3172015207141001","JOCELYN ONG","12","07","2014",3,0,5,10,10,1,4,"3172014651000001","GOEI SIONG ONG","06","05","1951",4,0,5,3,9,3,4,"","","","","",null,null,null,null,null,null,null,"","","","","",null,null,null,null,null,null,null,"","","","","",null,null,null,null,null,null,null,36,25,0,1,0,1,1,"1","3",1,0,"2",null,"14",1,1,1,1,1,1,3,1,1,1,1,2,1,2,3,3,2,2,4,1,1,1,1,1,1,2,36,4]
["HAPUS","00270245","31","72","01","1001","006","015","5008","083","","3172011208730007","MUSA","12","08","1973",1,1,5,5,5,2,4,"1271004102750004","RATNA","01","02","1975",2,0,5,7,9,2,4,"3172012505121003","DICKY CHEN","25","05","2012",3,1,5,10,10,1,4,"","","","","",null,null,null,null,null,null,null,"","","","","",null,null,null,null,null,null,null,"","","","","",null,null,null,null,null,null,null,"","","","","",null,null,null,null,null,null,null,36,34,1,0,1,0,1,"1","7",3,0,"3",null,"14",1,1,1,1,1,1,3,1,1,1,1,2,2,2,3,3,3,2,4,1,1,1,1,1,1,2,36,3]
["HAPUS","00270246","31","72","01","1001","006","015","5009","084","","3172010310760013","MICHAEL ANG","03","10","1975",1,1,5,7,5,2,4,"3172017004770006","SUANITA DWIANA","30","04","1977",2,0,5,7,5,2,4,"3172010107010008","JACK SON","01","07","2001",3,1,5,4,10,1,4,"3172016508070006","JENNIFER ANG","25","06","2007",3,0,5,2,10,1,4,"","","","","",null,null,null,null,null,null,null,"","","","","",null,null,null,null,null,null,null,"","","","","",null,null,null,null,null,null,null,27,24,1,1,1,1,1,"1","3",8,0,"2",null,"14",1,1,1,1,1,1,1,1,1,1,1,1,3,3,2,2,3,2,4,1,1,1,1,1,1,2,36,4]
["HAPUS","00270247","31","72","01","1001","006","015","5010","085","","3172010109790010","KARTIMIN ANG","01","09","1979",1,1,5,7,5,2,1,"3172015005900001","INGRID","10","06","1980",2,0,5,7,5,2,1,"3172010808860011","KASIN","08","06","1986",4,1,5,7,5,1,1,"","","","","",null,null,null,null,null,null,null,"","","","","",null,null,null,null,null,null,null,"","","","","",null,null,null,null,null,null,null,"","","","","",null,null,null,null,null,null,null,34,33,0,0,0,0,1,"3",null,null,null,"1","8",null,1,1,1,1,1,1,3,1,1,1,1,2,3,3,3,3,3,2,4,1,1,1,1,1,1,2,36,3]
["HAPUS","00270248","31","72","01","1001","006","015","5011","086","","3172010102690015","ROBERT HASLIM","01","02","1969",1,1,5,7,5,2,4,"3172015412700004","LINA","12","12","1970",2,0,5,7,9,2,4,"3172015501980005","WENNY","15","01","1998",3,0,5,6,10,1,4,"3172011709000003","STEVEN","17","09","2000",3,1,5,4,10,1,4,"","","","","",null,null,null,null,null,null,null,"","","","","",null,null,null,null,null,null,null,"","","","","",null,null,null,null,null,null,null,29,26,1,1,1,1,1,"1","3",5,0,"3",null,"14",1,1,1,1,1,1,1,1,1,1,1,2,3,3,2,2,3,2,4,1,1,1,1,1,1,2,36,4]
["HAPUS","00270249","31","72","01","1001","006","015","5012","087","","3172012506710005","ABDUL KARIM","25","06","1971",1,1,1,7,5,2,4,"3172016804751001","TIAS LIKAH","29","04","1975",2,0,1,7,9,2,4,"3172016911041002","ALFINA NURUL KAMILA","29","11","2004",3,0,1,2,10,1,4,"3172016209121005","SAFILA KAMELIA RAHMAN","22","09","2012",3,0,1,10,10,1,4,"","","","","",null,null,null,null,null,null,null,"","","","","",null,null,null,null,null,null,null,"","","","","",null,null,null,null,null,null,null,32,28,0,2,0,2,1,"1","7",3,0,"3",null,"14",1,1,1,1,1,1,1,1,1,1,1,1,2,2,2,2,3,2,4,1,1,1,1,1,1,2,36,4]
["HAPUS","00270250","31","72","01","1001","006","015","5013","088","","3172010204841002","SUSANTO","02","04","1984",1,1,5,5,6,1,4,"","","","","",null,null,null,null,null,null,null,"","","","","",null,null,null,null,null,null,null,"","","","","",null,null,null,null,null,null,null,"","","","","",null,null,null,null,null,null,null,"","","","","",null,null,null,null,null,null,null,"","","","","",null,null,null,null,null,null,null,null,null,null,null,null,null,0,null,null,null,null,null,null,null,1,1,1,1,1,1,3,1,1,1,1,2,3,3,3,3,3,2,4,1,1,1,1,2,2,2,36,1]
["HAPUS","00270251","31","72","01","1001","006","015","5014","089","","3301212809920002","PERWIRA","28","09","1992",1,1,5,7,5,2,1,"1407025012900003","RATNA WATI","10","12","1990",2,0,5,7,5,2,1,"3172016807151002","BRIGITA KIMBERLY","28","07","2015",3,0,5,10,10,1,4,"","","","","",null,null,null,null,null,null,null,"","","","","",null,null,null,null,null,null,null,"","","","","",null,null,null,null,null,null,null,"","","","","",null,null,null,null,null,null,null,22,24,0,1,0,1,1,"1","3",0,2,"3",null,"14",1,1,1,1,1,1,3,1,1,1,1,1,1,2,3,3,3,2,4,1,1,1,1,1,1,2,36,3]
["HAPUS","00270252","31","72","01","1001","006","015","5015","090","","3172010209830003","ARISMAN","02","09","1983",1,1,5,5,5,1,4,"3172015406580006","LEGUAT","14","06","1958",4,0,5,3,9,3,4,"3172010102860011","SARIMAN","01","02","1986",4,1,5,5,5,1,4,"3172015502880001","RUSTINA","15","02","1988",4,0,5,5,5,1,4,"","","","","",null,null,null,null,null,null,null,"","","","","",null,null,null,null,null,null,null,"","","","","",null,null,null,null,null,null,null,null,null,null,null,null,null,0,null,null,null,null,null,null,null,1,1,1,1,1,1,3,1,1,1,1,2,3,3,3,3,3,2,4,1,1,1,1,1,1,2,36,4]
["HAPUS","00270253","31","72","01","1001","006","015","5016","091","","1407022205880004","JONI","22","05","1988",1,1,5,7,5,2,1,"3172015606921001","JUNITA","16","06","1992",2,0,5,7,5,2,1,"3172011108141006","ELBERT LEONARDO","11","08","2014",3,1,5,10,10,1,1,"","","","","",null,null,null,null,null,null,null,"","","","","",null,null,null,null,null,null,null,"","","","","",null,null,null,null,null,null,null,"","","","","",null,null,null,null,null,null,null,22,18,1,0,1,0,1,"1","7",1,0,"2",null,"14",1,1,1,1,1,1,3,1,1,1,1,2,1,2,3,3,3,2,4,1,1,1,1,1,1,2,36,3]
["HAPUS","00270255","31","72","01","1001","006","015","1007","092","","3172012307870004","JONI","23","07","1987",1,1,5,7,5,2,1,"3172016110851002","OKTAVIA","21","10","1985",2,0,5,7,5,2,1,"3172011209121004","JASON ADRIAN CHEN","12","09","2012",3,1,5,10,10,1,1,"3172014112141002","JESSIE ANDRIENNE CHEN","01","12","2014",3,0,5,10,10,1,1,"","","","","",null,null,null,null,null,null,null,"","","","","",null,null,null,null,null,null,null,"","","","","",null,null,null,null,null,null,null,25,27,1,1,1,1,1,"1","7",1,0,"2",null,"14",1,1,1,1,1,1,1,1,1,1,1,1,1,1,3,3,3,2,4,1,1,1,1,1,1,2,36,4]
["HAPUS","00270254","31","72","01","1001","006","015","1008","093","","3172011512861003","HERMAN","15","12","1986",1,1,5,7,5,2,4,"3172015310930006","TINI","13","10","1993",2,0,5,7,9,2,4,"3172016604121003","STEPANI AURYN","26","04","2012",3,0,5,10,10,1,4,"3172016910141002","TIIFANNY ACELIN","29","10","2014",3,0,5,10,10,1,4,"","","","","",null,null,null,null,null,null,null,"","","","","",null,null,null,null,null,null,null,"","","","","",null,null,null,null,null,null,null,26,19,0,2,0,2,1,"3",null,null,null,"1","8",null,1,1,1,1,1,1,1,1,1,1,1,1,1,1,3,3,3,2,4,1,1,1,1,1,1,2,36,4]

{"sheet":"MASTER","index":3,"n_rows":117,"n_cols":7,"rows_kept":117,"cut":false,"hidden":true,"merged":[]}
["TAHUN","TANGGAL","BULAN","TANDA X","PERIODE INI","TingkatWilayah","WilayahID"]
["1900","01","01","x",2015,4,2415]
["1901","02","02"]
["1902","03","03"]
["1903","04","04"]
["1904","05","05"]
["1905","06","06"]
["1906","07","07"]
["1907","08","08"]
["1908","09","09"]
["1909","10","10"]
["1910","11","11"]
["1911","12","12"]
["1912","13"]
["1913","14"]
["1914","15"]
["1915","16"]
["1916","17"]
["1917","18"]
["1918","19"]
["1919","20"]
["1920","21"]
["1921","22"]
["1922","23"]
["1923","24"]
["1924","25"]
["1925","26"]
["1926","27"]
["1927","28"]
["1928","29"]
["1929","30"]
["1930","31"]
["1931"]
["1932"]
["1933"]
["1934"]
["1935"]
["1936"]
["1937"]
["1938"]
["1939"]
["1940"]
["1941"]
["1942"]
["1943"]
["1944"]
["1945"]
["1946"]
["1947"]
["1948"]
["1949"]
["1950"]
["1951"]
["1952"]
["1953"]
["1954"]
["1955"]
["1956"]
["1957"]
["1958"]
["1959"]
["1960"]
["1961"]
["1962"]
["1963"]
["1964"]
["1965"]
["1966"]
["1967"]
["1968"]
["1969"]
["1970"]
["1971"]
["1972"]
["1973"]
["1974"]
["1975"]
["1976"]
["1977"]
["1978"]
["1979"]
["1980"]
["1981"]
["1982"]
["1983"]
["1984"]
["1985"]
["1986"]
["1987"]
["1988"]
["1989"]
["1990"]
["1991"]
["1992"]
["1993"]
["1994"]
["1995"]
["1996"]
["1997"]
["1998"]
["1999"]
["2000"]
["2001"]
["2002"]
["2003"]
["2004"]
["2005"]
["2006"]
["2007"]
["2008"]
["2009"]
["2010"]
["2011"]
["2012"]
["2013"]
["2014"]
["2015"]